INSERT INTO `invoice_services` (`id`, `invoice_id`, `service_id`, `name`, `description`, `price`, `qty`, `total`, `created_at`, `updated_at`) VALUES
(11761, 626, 15, 'Fabrication de gabinetes con puertas cde acrilico', '<div>&nbsp;&nbsp;&nbsp;&nbsp; Fabricacion e instalacion de gabinetes para vanity de plywood prefinish 3/4 con puertas de acrilico</div><div>&nbsp;&nbsp;&nbsp; PD:si el plywood que se usara para el interior de los gabinetes es, blanco o gris se sumara 320 $ al total del invoice<br></div>', 2750.00, 1.00, 2750.00, '2024-12-12 13:02:01', '2024-12-12 13:02:01'),
(11762, 626, 31, 'Counter Top', 'Fabricacion e instalacion del counter top&nbsp; de los vanity incluye el material , no incluye los sinks<br>', 1980.00, 1.00, 1980.00, '2024-12-12 13:02:01', '2024-12-12 13:02:01'),
(11763, 626, 20, 'Extra', 'Cobro  adicional por el extra del plywoo gris de todo el trabajo<br>', 650.00, 1.00, 650.00, '2024-12-12 13:02:01', '2024-12-12 13:02:01'),
(11764, 626, 20, 'Extra', 'Cobro  adicional por el harware blum<br>', 445.00, 1.00, 445.00, '2024-12-12 13:02:01', '2024-12-12 13:02:01'),
(11765, 626, 20, 'Extra', 'Cobro  adicional por el cesto de basura doble richelieu<br>', 175.00, 1.00, 175.00, '2024-12-12 13:02:01', '2024-12-12 13:02:01'),
(11766, 626, 20, 'Extra', 'Cobro  adicional por&nbsp; el track y los paneles de las luces de los gabinetes de cocina<br>', 450.00, 1.00, 450.00, '2024-12-12 13:02:01', '2024-12-12 13:02:01'),
(11767, 626, 20, 'Extra', 'Cobro  adicional por el extra del pantry en el londry $1100<br>', 0.00, 1.00, 0.00, '2024-12-12 13:02:01', '2024-12-12 13:02:01'),
(11782, 763, 15, 'Fabrication de gabinetes con puertas cde acrilico', '<div>&nbsp;&nbsp;&nbsp;&nbsp; Fabricacion e instalacion de gabinetes de cocina de plywood prefinish 3/4 con puertas de melamina texturizada de color nocce 01y el diseño plane.</div><div>&nbsp;&nbsp;&nbsp;&nbsp; Incluye:</div><div>&nbsp;&nbsp;&nbsp;&nbsp; -Todas las puertas y gabetas cierran suave (soft close regular)</div><div>&nbsp;&nbsp;&nbsp;&nbsp; <br></div><div><br></div><div>PD:si los gabinetes en su interior son blancos o grices se lo sumara 600 $ al total del invoice<br></div>', 10850.00, 1.00, 10850.00, '2024-12-29 02:26:07', '2024-12-29 02:26:07'),
(11783, 763, 20, 'Extra', 'Cobro  adicional por los gabinetes de arriba&nbsp; a 24\" de&nbsp; profundidad<br>', 620.00, 1.00, 620.00, '2024-12-29 02:26:07', '2024-12-29 02:26:07'),
(11784, 763, 20, 'Extra', 'Cobro  adicional por el plywood blanco del interior de los gabinetes<br>', 600.00, 1.00, 600.00, '2024-12-29 02:26:07', '2024-12-29 02:26:07'),
(11785, 763, 20, 'Extra', 'Cobro  adicional por el hardware richelieu de las gavetas<br>', 21.00, 22.00, 462.00, '2024-12-29 02:26:07', '2024-12-29 02:26:07'),
(11786, 763, 20, 'Extra', 'Cobro  adicional por las visagras blum de las puertas que van hacia arriba<br>', 75.00, 4.00, 300.00, '2024-12-29 02:26:07', '2024-12-29 02:26:07'),
(11787, 763, 20, 'Extra', 'Cobro  adicional por la fabricacion e intalacion del closet del cuarto master<br>', 3300.00, 1.00, 3300.00, '2024-12-29 02:26:07', '2024-12-29 02:26:07'),
(11788, 763, 26, 'Puertas', 'Fabricacion de puertas de acrilico de corredera<br>', 1468.00, 1.00, 1468.00, '2024-12-29 02:26:07', '2024-12-29 02:26:07'),
(11789, 763, 20, 'Extra', '<div>Cobro  adicional por la fabricacion de 4 closets todo como se muestra en los planos<br></div>', 3700.00, 1.00, 3700.00, '2024-12-29 02:26:07', '2024-12-29 02:26:07'),
(11790, 814, 15, 'Fabrication de gabinetes con puertas cde acrilico', '<div>&nbsp;&nbsp;&nbsp;&nbsp; Fabricacion e instalacion de gabinetes de plywood prefinish 3/4 con puertas de acrilico blanco de brillo plane.</div><div>&nbsp;&nbsp;&nbsp;&nbsp; Incluye:</div><div>&nbsp;&nbsp;&nbsp;&nbsp; -Todas las puertas y gabetas cierran suave (soft close)</div><div>&nbsp;&nbsp;&nbsp;&nbsp; -Las agarraderas seran de platina</div><div><br></div><div><br></div><div><br></div><div><br></div>', 3700.00, 1.00, 3700.00, '2024-12-29 02:48:55', '2024-12-29 02:48:55'),
(11791, 815, 20, 'Extra', 'Uninstallation and installation of the laundry room cabinets and counter top, in case of any damage, is not included in the price.<br>', 1000.00, 1.00, 1000.00, '2025-01-02 23:21:55', '2025-01-02 23:21:55'),
(11792, 782, 11, 'Fabricacion de gabinetes con puertas de madera', '<div>&nbsp;&nbsp; Manufacture and installation of 3/4 American plywood cabinets, all cabinets and doors will be painted a solid color, the design of the doors would be havana, with the regular solid reverse interior panel. For the 887 Heron house.</div><div>&nbsp;&nbsp; Includes:</div><div>&nbsp;&nbsp; -All doors and drawers soft clouse, from the blum brand.</div><div>&nbsp;&nbsp; -All top cabinets against the ceiling with approximately 3\'\' plane molding.</div><div>&nbsp;&nbsp; -Manufacture of doors for the refrigerator, dishwasher and ice chest.</div><div>&nbsp;&nbsp; -The cabinets on the outside of the kitchen, in the sitting area.<br></div>', 26565.00, 1.00, 26565.00, '2025-01-04 04:39:27', '2025-01-04 04:39:27'),
(11793, 782, 20, 'Extra', 'Manufacture and installation of cabinets for the bar area, these cabinets would be painted on the inside, either a solid color or a wood color, everything according to the design they gave us, adjusting to the measurements in place.<br>', 8200.00, 1.00, 8200.00, '2025-01-04 04:39:27', '2025-01-04 04:39:27'),
(11797, 816, 29, 'Closet Blanco.', 'Fabricacion e instalacion de closets de melamina&nbsp; 3/4 de color (Blanco ) todo como se muestra en los planos<br>', 2300.00, 1.00, 2300.00, '2025-01-05 18:07:32', '2025-01-05 18:07:32'),
(11798, 816, 20, 'Extra', 'Cobro  adicional por unn shelf de 34.25 x 12 para poner en el bano<br>', 150.00, 1.00, 150.00, '2025-01-05 18:07:32', '2025-01-05 18:07:32'),
(11799, 816, 20, 'Extra', 'Cobro  adicional por los esquineros en el WC<br>', 1000.00, 1.00, 1000.00, '2025-01-05 18:07:32', '2025-01-05 18:07:32'),
(11800, 816, 20, 'Extra', 'Cobro  adicional por camviar el pvc a los paneles de los sides de los closets<br>', 150.00, 1.00, 150.00, '2025-01-05 18:07:32', '2025-01-05 18:07:32'),
(11809, 817, 11, 'Fabricacion de gabinetes con puertas de madera', '<div>&nbsp;&nbsp;&nbsp;&nbsp; Fabricacion e intalacion de gabinetes de plywood prefinish 3/4 con puertas de madera para pintar color blanco.</div><div>&nbsp;&nbsp;&nbsp; &nbsp; &nbsp; Incluye:</div><div>&nbsp;&nbsp; &nbsp; &nbsp;&nbsp;&nbsp; -El hardware tanto de puertas y gabetas es soft close regular</div><div>&nbsp;&nbsp;&nbsp; &nbsp; &nbsp;&nbsp; <br></div><div><br></div><div><br></div><div>PD: si el plywood es de color blanco o gris para&nbsp; el interior de los gabinetes se&nbsp; cobrara 200 dolares al total del invoice<br></div><div><br></div>', 2200.00, 1.00, 2200.00, '2025-01-07 12:02:36', '2025-01-07 12:02:36'),
(11810, 817, 20, 'Extra', 'Cobro  adicional por la fabricacion e intalacion de 3 shelves <br>', 450.00, 1.00, 450.00, '2025-01-07 12:02:36', '2025-01-07 12:02:36'),
(11811, 817, 31, 'Counter Top', 'Fabricacion e instalacion del counter top no incluye el material<br>', 950.00, 1.00, 950.00, '2025-01-07 12:02:36', '2025-01-07 12:02:36'),
(11812, 817, 20, 'Extra', 'Cobro  adicional por el material de quartzide <br>', 600.00, 1.00, 600.00, '2025-01-07 12:02:36', '2025-01-07 12:02:36'),
(11813, 809, 15, 'Fabrication de gabinetes con puertas cde acrilico', '<div>&nbsp;&nbsp;&nbsp;&nbsp; Fabricacion e instalacion de gabinetes de playwood prefinish 3/4 con puertas de acrilico gris.</div><div>&nbsp;&nbsp;&nbsp;&nbsp; Incluye:</div><div>&nbsp;&nbsp;&nbsp;&nbsp; -Todas las puertas y gabetas cierran suave (soft close)</div><div>&nbsp;&nbsp;&nbsp;&nbsp; -Las agarraderas seran de platina.</div><div>&nbsp; &nbsp; &nbsp;-Serian para los tres cuartos.</div><div><br></div><div><br></div><div><br></div>', 11.00, 339.00, 3729.00, '2025-01-17 17:22:15', '2025-01-17 17:22:15'),
(11814, 809, 31, 'Counter Top', 'Fabricacion e instalacion del counter top de acrilico gris, para encima de las gabetas.<br>', 18.00, 22.30, 401.40, '2025-01-17 17:22:15', '2025-01-17 17:22:15'),
(11815, 809, 20, 'Extra', 'Cambiarle el color al front desk ya existente a negro de brillo y dorado asi como a los dos gabinetes de adentro y tiradores de platina dorado.', 2800.00, 1.00, 2800.00, '2025-01-17 17:22:15', '2025-01-17 17:22:15'),
(11816, 809, 20, 'Extra', 'fabricacion e instalacion de tres shelvs en el aire debajo de las gabetas de 2\'\' de altura.', 3.00, 168.00, 504.00, '2025-01-17 17:22:15', '2025-01-17 17:22:15'),
(11817, 818, 29, 'Closet Blanco.', 'Fabricacion e instalacion de dos closets de melamina&nbsp; 3/4 de color Blanco todo como se muestra en los planos<br>', 1550.00, 1.00, 1550.00, '2025-01-21 02:53:54', '2025-01-21 02:53:54'),
(11818, 818, 20, 'Extra', 'Cobro  adicional por una gabeta adicional en el closet de 96<br>', 50.00, 1.00, 50.00, '2025-01-21 02:53:54', '2025-01-21 02:53:54'),
(11821, 820, 15, 'Fabrication de gabinetes con puertas cde acrilico', '<div>&nbsp;&nbsp;&nbsp;&nbsp; Fabricacion e instalacion de gabinetes de cosina de playwood prefinish 3/4 con puertas de acrilico blanco de brillo plane.</div><div>&nbsp;&nbsp;&nbsp;&nbsp; Incluye:</div><div>&nbsp;&nbsp;&nbsp;&nbsp; -Todas las puertas y gabetas cierran suave (soft close)</div><div>&nbsp;&nbsp;&nbsp;&nbsp; -Las agarraderas seran de platina</div><div><br></div><div><br></div><div><br></div><div><br></div>', 11.00, 420.00, 4620.00, '2025-01-22 01:24:49', '2025-01-22 01:24:49'),
(11822, 820, 20, 'Extra', 'Cobro  adicional por un basurero doble de 10 galones pull out soft clouse.', 175.00, 1.00, 175.00, '2025-01-22 01:24:49', '2025-01-22 01:24:49'),
(11823, 820, 29, 'Closet Blanco.', 'Fabricacion e instalacion de closets de melamina&nbsp; 3/4 de color (Blanco )<br>', 120.00, 32.10, 3852.00, '2025-01-22 01:24:49', '2025-01-22 01:24:49'),
(11836, 822, 15, 'Fabrication de gabinetes con puertas cde acrilico', '<div>&nbsp;&nbsp;&nbsp;&nbsp; Fabricacion e instalacion de gabinetes de cosina de playwood prefinish 3/4 con puertas de acrilico blanco de brillo plane.</div><div>&nbsp;&nbsp;&nbsp;&nbsp; Incluye:</div><div>&nbsp;&nbsp;&nbsp;&nbsp; -Todas las puertas y gabetas cierran suave (soft close)</div><div>&nbsp;&nbsp;&nbsp;&nbsp; -Las agarraderas seran de platina.</div><div><br></div><div><br></div><div><br></div><div><br></div>', 7650.00, 1.00, 7650.00, '2025-02-05 16:19:57', '2025-02-05 16:19:57'),
(11837, 822, 29, 'Closet Blanco.', 'Fabricacion e instalacion de dos closets de melamina&nbsp; 3/4 de color (Blanco ) por dentro y con las puertas de acrilico blanco de brillo por fuera.<br>', 2430.00, 2.00, 4860.00, '2025-02-05 16:19:57', '2025-02-05 16:19:57'),
(11838, 822, 31, 'Counter Top', 'Fabricacion e instalacion del counter top con full back splash, no incluye el sink, ni el material ya sea quartz o granito.<br>', 1920.00, 1.00, 1920.00, '2025-02-05 16:19:57', '2025-02-05 16:19:57'),
(11840, 821, 28, 'Closet Colores.', 'Fabricacion e instalacion de closets de color (melamina American vertical)<br>', 2.00, 1093.50, 2187.00, '2025-02-07 01:23:28', '2025-02-07 01:23:28'),
(11841, 821, 20, 'Extra', 'Cobro  adicional por las ranuras para los tracks de las luces y cortas y poner los tracks<br>', 10.00, 28.00, 280.00, '2025-02-07 01:23:28', '2025-02-07 01:23:28'),
(11842, 821, 20, 'Extra', 'Cobro  adicional por la fabricación de los frentes de los gabeteros y las puertas del pantry de la labadora', 2.00, 47.00, 94.00, '2025-02-07 01:23:28', '2025-02-07 01:23:28'),
(11843, 821, 20, 'Extra', 'Cobro  adicional por las ranuras de los metales gola para los gabetero incluyendo los metales gola de color negro ($180)', 0.00, 1.00, 0.00, '2025-02-07 01:23:28', '2025-02-07 01:23:28'),
(11844, 824, 15, 'Fabrication de gabinetes con puertas cde acrilico', '<div>&nbsp;&nbsp;&nbsp;&nbsp; Fabricacion e instalacion de gabinetes de cocina de playwood prefinish 3/4 con puertas de acrilico (color solar white SM),el diseno plane.</div><div>&nbsp;&nbsp;&nbsp;&nbsp; Incluye:</div><div>&nbsp;&nbsp;&nbsp;&nbsp; -Todas las puertas y gabetas cierran suave (soft close regular)</div><div>&nbsp;&nbsp;&nbsp;&nbsp; -Las agarraderas seran de platina</div><div><br></div><div><br></div><div>PD: Si el plywood par el interior de los gabinetes es blanco se le sumaran 300 $ al total del invoice.<br></div><div><br></div>', 1950.00, 1.00, 1950.00, '2025-02-08 15:39:08', '2025-02-08 15:39:08'),
(11845, 824, 31, 'Counter Top', 'Fabricacion e instalacion del counter top no incluye el material<br>', 450.00, 1.00, 450.00, '2025-02-08 15:39:08', '2025-02-08 15:39:08'),
(11846, 824, 20, 'Extra', 'Cobro  adicional por el material del counter (Quartzide)<br>', 550.00, 1.00, 550.00, '2025-02-08 15:39:08', '2025-02-08 15:39:08'),
(11847, 824, 20, 'Extra', 'Cobro  adicional por el sink<br>', 140.00, 1.00, 140.00, '2025-02-08 15:39:08', '2025-02-08 15:39:08'),
(11890, 825, 15, 'Fabrication de gabinetes con puertas cde acrilico', '<div>&nbsp;&nbsp;&nbsp;&nbsp; Fabricacion e instalacion de gabinetes para dos vanitys de plywood prefinish 3/4 con puertas de melamina texturizada de color nocce 01.</div><div>&nbsp;&nbsp;&nbsp;&nbsp; Incluye:</div><div>&nbsp;&nbsp;&nbsp;&nbsp; -Todas las puertas y gabetas cierran suave (soft close regular)</div><div>&nbsp;&nbsp;&nbsp; <br></div><div><br></div>', 1850.00, 1.00, 1850.00, '2025-02-11 15:21:09', '2025-02-11 15:21:09'),
(11891, 825, 31, 'Counter Top', 'Fabricacion e instalacion del counter top de Quartz blanco no incluye el material ni los sinks<br>', 650.00, 1.00, 650.00, '2025-02-11 15:21:09', '2025-02-11 15:21:09'),
(11892, 825, 20, 'Extra', 'Cobro  adicional por 3 sinks para los vanity + tax<br>', 112.35, 1.00, 112.35, '2025-02-11 15:21:09', '2025-02-11 15:21:09'),
(11893, 825, 15, 'Fabrication de gabinetes con puertas cde acrilico', '<div>&nbsp;&nbsp;&nbsp;&nbsp; Fabricacion e instalacion de gabinetes para la sala de plywood&nbsp; 3/4 con puertas de melamina texturizada color Nocce 01,con el diseno plane.</div><br>', 3085.00, 1.00, 3085.00, '2025-02-11 15:21:09', '2025-02-11 15:21:09'),
(11894, 825, 31, 'Counter Top', 'Fabricacion e instalacion del counter top de los muebles de la sala , no incluye el material<br>', 440.00, 1.00, 440.00, '2025-02-11 15:21:09', '2025-02-11 15:21:09'),
(11895, 825, 20, 'Extra', 'Cobro  adicional por las correderas push to open y soft close<br>', 35.00, 9.00, 315.00, '2025-02-11 15:21:09', '2025-02-11 15:21:09'),
(11896, 825, 31, 'Counter Top', 'Fabricacion e instalacion del counter top del londry no incluye el material ni el sink<br>', 570.00, 1.00, 570.00, '2025-02-11 15:21:09', '2025-02-11 15:21:09'),
(11897, 825, 20, 'Extra', 'Cobro  adicional por el sink del londry + tax<br>', 219.35, 1.00, 219.35, '2025-02-11 15:21:09', '2025-02-11 15:21:09'),
(11898, 825, 20, 'Extra', 'Cobro  adicional por el material del counter top de 2 vanity, del mueble de la sala,del londry 650 +tax<br>', 695.50, 1.00, 695.50, '2025-02-11 15:21:09', '2025-02-11 15:21:09'),
(11899, 825, 20, 'Extra', 'Cobro  adicional por el plywood blanco para la fabricacion de los muebles de la sala y los vanity<br>', 200.00, 1.00, 200.00, '2025-02-11 15:21:09', '2025-02-11 15:21:09'),
(11900, 825, 20, 'Extra', 'Cobro  adicional por los handles de las puertas de los closets (costo de material)<br>', 290.00, 1.00, 290.00, '2025-02-11 15:21:09', '2025-02-11 15:21:09'),
(11901, 825, 20, 'Extra', 'Cobro  adicional por el metal gola&nbsp; y las ranuras para los vanity <br>', 90.00, 1.00, 90.00, '2025-02-11 15:21:09', '2025-02-11 15:21:09'),
(11906, 767, 40, 'Closets con puertas de correderas.', '<div>Fabricacion e instalacion de closets de melamina blanca 3/4 con puertas de corredeas, para el cuarto del niño a la derecha.</div><div>Incluye la preparacion para instalar las luces de led en la parte alta del pantry donde van las puertas de corredera.</div><div>No incluye los tiradores.<br></div>', 5216.00, 1.00, 5216.00, '2025-02-19 14:21:10', '2025-02-19 14:21:10'),
(11907, 767, 40, 'Closets con puertas de correderas.', '<div>Fabricacion e instalacion de closets de melamina blanca 3/4 con puertas de corredeas, para el cuarto del niño a la izquierda.</div><div>Incluye la preparacion para instalar las luces de led en la parte alta del pantry donde van las puertas de correderas.</div><div>No incluye los tiradores.<br></div>', 4904.00, 1.00, 4904.00, '2025-02-19 14:21:10', '2025-02-19 14:21:10'),
(11908, 767, 42, 'Loundry', '<div>Fabricacion e instalacion de gabinetes de plywood laminado en gris con las puertas de acrilico para el loundry.</div><div>Incluye:</div><div>-Todas las puertas y gabetas de cierre suave.</div><div>-Las gabetas seran de metal.</div><div>-No incluye los tiradores.<br></div>', 7514.00, 1.00, 7514.00, '2025-02-19 14:21:10', '2025-02-19 14:21:10'),
(11909, 767, 29, 'Closet Blanco.', '<div>Fabricacion e instalacion de closets de melamina&nbsp; 3/4 de color (Blanco ) sin puertas y 12\'\' de fondo para la niña.</div><div>Incluye;</div><div>-Un gabetero.</div><div>-No incluye los tiradores.<br></div>', 4810.00, 1.00, 4810.00, '2025-02-19 14:21:10', '2025-02-19 14:21:10'),
(11910, 767, 41, 'Baño de plywood americano con puertas de acrilico.', '<div>Fabricaion e instalacion de gabinetes de baño de plywood laminado en gris con puertas de acrilico, para la niña.</div><div>Incluye:</div><div>-Todas las puertas y gabetas de cierre suave.</div><div>-Gabetas de metal.</div><div>-No incluye los tiradores.<br></div>', 720.00, 1.00, 720.00, '2025-02-19 14:21:10', '2025-02-19 14:21:10'),
(11911, 767, 41, 'Baño de plywood americano con puertas de acrilico.', '<div>Fabricaion e instalacion de gabinetes de baño de plywood laminado en gris con puertas de acrilico, para los niños.</div><div>Incluye:</div><div>-Todas las puertas y gabetas de cierre suave.</div><div>-Gabetas de metal.</div><div>-No incluye los tiradores.<br></div>', 1420.00, 1.00, 1420.00, '2025-02-19 14:21:10', '2025-02-19 14:21:10'),
(11912, 767, 43, 'Cosina de plywood americano', '<div>Fabricacion e instalacion de gabinetes de cosina de plywood laminado en gris con las puertas de acrilico.</div><div>Incluye:</div><div>-Todas las puertas y gabetas de cierre suave.</div><div>-Gabetas de metal.</div><div>-No incluye los tiradores.</div><div>-Puertas de cristal para el wine cooler.<br></div>', 22910.00, 1.00, 22910.00, '2025-02-19 14:21:10', '2025-02-19 14:21:10'),
(11913, 767, 20, 'Extra', 'Cobro  adicional por hardware e instalacion para puertas flipper doors en la cocina, este seria regular, no soft clouse.<br>', 700.00, 1.00, 700.00, '2025-02-19 14:21:10', '2025-02-19 14:21:10'),
(11914, 767, 29, 'Closet Blanco.', 'Fabricacion e instalacion de closets de melamina&nbsp; 3/4 de color Blanco&nbsp; para al lado de la cosina, todos los gabinetes de arriba van a ir sobre el counter top.<br>', 5400.00, 1.00, 5400.00, '2025-02-19 14:21:10', '2025-02-19 14:21:10'),
(11915, 767, 41, 'Baño de plywood americano con puertas de acrilico.', '<div>Fabricaion e instalacion de gabinetes de baño de plywood laminado en gris con puertas de acrilico, para el baño master.</div><div>Incluye:</div><div>-Todas las puertas y gabetas de cierre suave.</div><div>-Gabetas de metal.</div><div>-No incluye los tiradores.<br></div>', 1675.00, 1.00, 1675.00, '2025-02-19 14:21:10', '2025-02-19 14:21:10'),
(11916, 767, 29, 'Closet Blanco.', '<div>Fabricacion e instalacion de closets de melamina&nbsp; 3/4 de color (Blanco ) para el closet master.</div><div>Incluye;</div><div>-Dos gabeteros.</div><div><br></div>', 6960.00, 1.00, 6960.00, '2025-02-19 14:21:10', '2025-02-19 14:21:10'),
(11917, 767, 36, 'Pantry', '<div>Fabricacion e instalacion de pantry de plywood laminado en gris con las puertas en acrilico para el garaje.</div><div><br></div><div>Incluye:</div><div>-Todas las puertas de cierre suave.</div><div>-No incluye los tiradores.<br></div><div><br></div>', 3985.00, 1.00, 3985.00, '2025-02-19 14:21:10', '2025-02-19 14:21:10'),
(11918, 767, 41, 'Baño de plywood americano con puertas de acrilico.', '<div>Fabricaion e instalacion de gabinetes de baño de plywood laminado en gris con puertas de acrilico para el baño del garaje.</div><div>Incluye:</div><div>-Todas las puertas y gabetas de cierre suave.</div><div>-No incluye los tiradores.<br></div><div><br></div>', 432.00, 1.00, 432.00, '2025-02-19 14:21:10', '2025-02-19 14:21:10'),
(11919, 767, 20, 'Extra', '<br><div>Fabricacion e instalacion de puertas y vestir paredes laterales, piso y fondo del open que esta encima del baño del garaje.</div><div>El material que se va a usar para vestir dichas paredes seria plywood laminado en blanco.<br></div>', 1150.00, 1.00, 1150.00, '2025-02-19 14:21:10', '2025-02-19 14:21:10'),
(11920, 767, 20, 'Extra', 'Fabricacion e instalacion de una&nbsp; cama estilo murphy, con el estilo de puertas de acrilico del pantry de al lado.<br>', 2200.00, 1.00, 2200.00, '2025-02-19 14:21:10', '2025-02-19 14:21:10'),
(11921, 767, 20, 'Extra', 'Cobro  adicional por sistema electrico de harware blum en las dos puertas que habren hacia arriba an la cosina encima del sink.<br>', 800.00, 2.00, 1600.00, '2025-02-19 14:21:10', '2025-02-19 14:21:10'),
(11922, 767, 20, 'Extra', 'Cobro  adicional por la instalacion de las puertas de los apliances, que serian para el frio, para el dishwasher y el wine cooler.<br>', 500.00, 1.00, 500.00, '2025-02-19 14:21:10', '2025-02-19 14:21:10'),
(11926, 819, 15, 'Fabrication de gabinetes con puertas cde acrilico', '<div>&nbsp;</div><div>Manufacture and instalation of 3/4 american plywood cabinets with flat acrylic doors for the loundry, at the address of 740 falcon.</div>', 1910.00, 1.00, 1910.00, '2025-02-20 01:05:27', '2025-02-20 01:05:27'),
(11927, 819, 15, 'Fabrication de gabinetes con puertas cde acrilico', '<div>&nbsp;Manufacture and installation of 3/4 American prefinish plywood bathroom cabinets, with blue plane doors.</div><div>Includes:</div><div>-All doors and drawers soft clouse.</div><div>-The cabinets that go above the counter will go up to the ceiling, with a 3\'\' plane molding.</div>', 2555.00, 1.00, 2555.00, '2025-02-20 01:05:27', '2025-02-20 01:05:27'),
(11961, 831, 15, 'Fabrication de gabinetes con puertas cde acrilico', '<div>&nbsp;&nbsp;&nbsp;&nbsp; Fabricacion e instalacion de gabinetes de cosina de playwood prefinish 3/4 con puertas de acrilico blanco o blanco mate.</div><div>&nbsp;&nbsp;&nbsp;&nbsp; Incluye:</div><div>&nbsp;&nbsp;&nbsp;&nbsp; -Todas las puertas y gabetas cierran suave (soft close)</div><div>&nbsp;&nbsp;&nbsp;&nbsp; -Las agarraderas seran de platina</div><div><br></div><div><br></div><div><br></div><div><br></div>', 5495.00, 1.00, 5495.00, '2025-02-26 00:07:20', '2025-02-26 00:07:20'),
(11962, 831, 20, 'Extra', 'Cobro  adicional por una plancha de sparking white.', 450.00, 1.00, 450.00, '2025-02-26 00:07:20', '2025-02-26 00:07:20'),
(11963, 831, 31, 'Counter Top', 'Fabricacion e instalacion del counter top con full back splash.<br>', 1125.00, 1.00, 1125.00, '2025-02-26 00:07:20', '2025-02-26 00:07:20'),
(11964, 831, 20, 'Extra', 'Cobro  adicional por el sink.', 90.00, 1.00, 90.00, '2025-02-26 00:07:20', '2025-02-26 00:07:20'),
(11970, 826, 20, 'Extra', 'Additional charge for the sale of 3 sparkling white slaps for 230 channel st', 588.50, 3.00, 1765.50, '2025-03-03 13:43:09', '2025-03-03 13:43:09'),
(11976, 828, 20, 'Extra', 'Cobro  adicional por sistema electrico de harware blum en dos puertas que habren hacia arriba en la cosina encima del sink.', 550.00, 2.00, 1100.00, '2025-03-03 15:28:30', '2025-03-03 15:28:30'),
(11977, 828, 20, 'Extra', 'Cobro  adicional por dos hampers para el loundry.', 75.00, 2.00, 150.00, '2025-03-03 15:28:30', '2025-03-03 15:28:30'),
(11978, 828, 20, 'Extra', 'Cobro  adicional por la fabricacion e instalacion de dos pantrys con gabetas para el closet master.', 250.00, 2.00, 500.00, '2025-03-03 15:28:30', '2025-03-03 15:28:30'),
(11979, 828, 20, 'Extra', 'Cobro  adicional por la diferencia de melamina blanca a plywood de una cara gris en el closet master.', 16.95, 16.00, 271.20, '2025-03-03 15:28:30', '2025-03-03 15:28:30'),
(11980, 828, 20, 'Extra', 'Cobro adicional por la diferencia de melamina blanca a plywood de dos caras gris en el closet master', 20.95, 5.00, 104.75, '2025-03-03 15:28:30', '2025-03-03 15:28:30'),
(11981, 828, 20, 'Extra', 'Cobro adicional por la diferencia de melamina blanca a plywood de una cara por 1/4 (backing) gris en el closet master', 13.05, 14.00, 182.70, '2025-03-03 15:28:30', '2025-03-03 15:28:30'),
(11982, 828, 20, 'Extra', 'Cobro adicional por la diferencia de melamina blanca a plywood de una cara gris en el closet de la niña.', 16.95, 9.00, 152.55, '2025-03-03 15:28:30', '2025-03-03 15:28:30'),
(11983, 828, 20, 'Extra', 'Cobro adicional por la diferencia de melamina blanca a plywood de dos caras gris en el closet de la niña.', 20.95, 3.00, 62.85, '2025-03-03 15:28:30', '2025-03-03 15:28:30'),
(11984, 828, 20, 'Extra', 'Cobro adicional por la diferencia de melamina blanca a plywood de una cara por 1/4 (backing) gris en el closet de la niña.', 13.05, 6.00, 78.30, '2025-03-03 15:28:30', '2025-03-03 15:28:30'),
(11985, 828, 20, 'Extra', 'Cobro adicional por la diferencia de melamina blanca a plywood de una cara gris en el closet de los dos niños.', 16.95, 11.00, 186.45, '2025-03-03 15:28:30', '2025-03-03 15:28:30'),
(11986, 828, 20, 'Extra', 'Cobro adicional por la diferencia de melamina blanca a plywood de dos caras gris en el closet de los dos niños.', 20.95, 6.00, 125.70, '2025-03-03 15:28:30', '2025-03-03 15:28:30'),
(11987, 828, 20, 'Extra', 'Cobro adicional por la diferencia de melamina blanca a plywood de una cara por 1/4 (backing) gris en el closet de los dos niños.', 13.05, 8.00, 104.40, '2025-03-03 15:28:30', '2025-03-03 15:28:30'),
(11988, 828, 20, 'Extra', 'Cobro adicional por la diferencia de melamina blanca a plywood de una cara gris para el pantry.', 16.95, 9.00, 152.55, '2025-03-03 15:28:30', '2025-03-03 15:28:30'),
(11989, 828, 20, 'Extra', 'Cobro adicional por la diferencia de melamina blanca a plywood de dos caras gris para el pantry.', 20.95, 4.00, 83.80, '2025-03-03 15:28:30', '2025-03-03 15:28:30'),
(11990, 828, 20, 'Extra', 'Cobro adicional por la diferencia de melamina blanca a plywood de una cara por 1/4 (backing) gris para el pantry.', 13.05, 6.00, 78.30, '2025-03-03 15:28:30', '2025-03-03 15:28:30'),
(11991, 811, 15, 'Fabrication de gabinetes con puertas cde acrilico', '<div>&nbsp;&nbsp;&nbsp;&nbsp; Fabricacion e instalacion de gabinetes de playwood prefinish 3/4 con puertas de acrilico blanco mate plane, continuación del trabajo anterior, enfrente de la clínica.</div><div>&nbsp;&nbsp;&nbsp;&nbsp; Incluye:</div><div>&nbsp;&nbsp;&nbsp;&nbsp; -Todas las puertas y gabetas cierran suave (soft close)</div><div>&nbsp;&nbsp;&nbsp;&nbsp; -Las agarraderas seran de platina</div><div><br></div><div><br></div><div><br></div><div><br></div>', 2880.00, 1.00, 2880.00, '2025-03-03 15:29:36', '2025-03-03 15:29:36'),
(11992, 811, 20, 'Extra', 'Fabricación e instalación de counter top similar al resto de la clínica, que será de sparking White, incluye el material.', 970.00, 1.00, 970.00, '2025-03-03 15:29:36', '2025-03-03 15:29:36'),
(11993, 811, 20, 'Extra', 'Fabricación e instalación de dos front Desk, para Armando y para Belinda, incluye counter top de plywood con formica blanca de brillo y gabinetes, así como los tiradores de platina.', 3150.00, 2.00, 6300.00, '2025-03-03 15:29:36', '2025-03-03 15:29:36'),
(11994, 811, 20, 'Extra', 'Fabricación e instalación de un escritorio para Arturo incluye el counter top de plywood y formica blanca de brillo y los gabinetes, así como los tiradores de platina.', 2350.00, 1.00, 2350.00, '2025-03-03 15:29:36', '2025-03-03 15:29:36'),
(11995, 811, 15, 'Fabrication de gabinetes con puertas cde acrilico', '<div>&nbsp;&nbsp;&nbsp;&nbsp; Fabricacion e instalacion de gabinetes de playwood blanco 3/4 con los frentes de gaveta &nbsp;de acrilico blanco mate plane, para guardar Folders en las oficinas donde se estuvo trabajando, enfrente de la clinica.</div><div>&nbsp;&nbsp;&nbsp;&nbsp; Incluye:</div><div>&nbsp;&nbsp;&nbsp;&nbsp; -Todas las puertas y gabetas cierran suave (soft close)</div><div>&nbsp;&nbsp;&nbsp;&nbsp; -Las agarraderas seran de platina</div><div><br></div><div><br></div><div><br></div><div><br></div>', 3060.00, 1.00, 3060.00, '2025-03-03 15:29:36', '2025-03-03 15:29:36'),
(12006, 833, 29, 'Closet Blanco.', 'Fabricacion e instalacion de closets de melamina&nbsp; 3/4 de color (Blanco )<br><div>Incluye dos gabeteros.</div>', 1400.00, 1.00, 1400.00, '2025-03-05 00:47:17', '2025-03-05 00:47:17'),
(12010, 834, 29, 'Closet Blanco.', 'Fabricacion e instalacion de closets de melamina&nbsp; 3/4 de color (Blanco )<br>', 3900.00, 1.00, 3900.00, '2025-03-07 20:03:35', '2025-03-07 20:03:35'),
(12011, 834, 20, 'Extra', 'Cobro  adicional por un gavetero adicional<br>', 400.00, 1.00, 400.00, '2025-03-07 20:03:35', '2025-03-07 20:03:35'),
(12012, 813, 30, 'Demolicion', '<div>Arrancar las losas mal puestas (alrrededor de 20 losas) en el piso de la cocina y el londry para poder limpiarlas y volverlas a poner en el piso. Todo como se muestra en las fotos<br></div><div><br></div><div>PD:&nbsp; Como fui a varios lugares como Home Depot, Lowes, Flor and Decor y varias tiendas de losas en el Doral y ninguna tenia esa losa, se tomo la desicion de hacer el trabajo. (El valor de este trabajo estaría entre 600-900 $ )</div>', 350.00, 1.00, 350.00, '2025-03-09 02:04:38', '2025-03-09 02:04:38'),
(12013, 813, 20, 'Extra', 'Limpiar 20 losas para ponerlas en el piso de la cocina. Todo como se muestra en las fotos<br>', 150.00, 1.00, 150.00, '2025-03-09 02:04:38', '2025-03-09 02:04:38'),
(12014, 813, 20, 'Extra', '<div>Poner 20 losas y rrellenar con cemento toda la parte donde van los gabinetes. Todo como se muestra en las fotos </div><div><br></div><div>PD: el valor de este trabajo puede estar entre 700-1200 $ y se pidio 450 $ mucho menos y más trabajo que la persona anterior que había hechado a perder las cajas de losas nuevas que Uds tenían.</div>', 450.00, 1.00, 450.00, '2025-03-09 02:04:38', '2025-03-09 02:04:38'),
(12015, 785, 15, 'Fabrication de gabinetes con puertas cde acrilico', '<div>&nbsp;&nbsp;&nbsp;&nbsp; Fabricacion e instalacion de gabinetes de cocina de plywood prefinish 3/4 con puertas de acrilico plane (color blanco mate).</div><div>&nbsp;&nbsp;&nbsp;&nbsp; Incluye:</div><div>&nbsp;&nbsp;&nbsp;&nbsp; -Todas las puertas y gabetas cierran suave (soft close regular)</div><div>&nbsp;&nbsp;&nbsp;&nbsp; <br></div><div><br></div><div><br></div><div><br></div><div><br></div>', 9600.00, 1.00, 9600.00, '2025-03-09 02:11:06', '2025-03-09 02:11:06'),
(12016, 785, 20, 'Extra', 'Cobro  adicional por el diseno shaker de las puertas<br>', 1200.00, 1.00, 1200.00, '2025-03-09 02:11:06', '2025-03-09 02:11:06'),
(12017, 785, 20, 'Extra', 'Cobro  adicional porlas correderas undermount<br>', 180.00, 1.00, 180.00, '2025-03-09 02:11:06', '2025-03-09 02:11:06'),
(12018, 785, 20, 'Extra', 'Cobro  adicional por el cesto de basura<br>', 180.00, 1.00, 180.00, '2025-03-09 02:11:06', '2025-03-09 02:11:06'),
(12019, 785, 20, 'Extra', 'Cobro  adicional por el track y el panel de las luces con la intalacion<br>', 600.00, 1.00, 600.00, '2025-03-09 02:11:06', '2025-03-09 02:11:06'),
(12020, 785, 31, 'Counter Top', 'Fabricacion e instalacion del counter top&nbsp; no incluye ni el material ni el sink<br>', 4700.00, 1.00, 4700.00, '2025-03-09 02:11:06', '2025-03-09 02:11:06'),
(12021, 785, 20, 'Extra', 'Cobro  adicional por arrancar los gabinetes viejos y botarlos<br>', 100.00, 1.00, 100.00, '2025-03-09 02:11:06', '2025-03-09 02:11:06'),
(12022, 835, 1, 'Fabrication', 'Fabricacion e instalacion de gabinetes de cosina Incluye: los tiradores de barrita.', 15009.75, 1.00, 15009.75, '2025-03-09 02:11:06', '2025-03-09 02:11:06'),
(12023, 304, 11, 'Fabricacion', '<div>Fabricacion e intalacion de gabinetes de playwood 3/4.Todos los gabinetes van a ser de color blanco mate con mica y las puertas de madera pintada,el diseño de las puertas es shaker.</div><div>Incluye:</div><div>&nbsp;&nbsp; -Todas las puertas y gabetas sierran suave (correderas economicas)</div><div>&nbsp;&nbsp; -Las agarraderas de las puertas y gabetas(barrita)<br></div><div>&nbsp;&nbsp; -Dos lassy Susan<br></div><div><br></div><div><br></div><div>PDT: si las puertas se hacen de acrilic el precio sera 6600<br></div>', 9900.00, 1.00, 9900.00, '2025-03-09 02:18:27', '2025-03-09 02:18:27'),
(12024, 304, 11, 'Fabricacion', '<div>Fabricacion e intalacion de gabinetes para un londry los gabinetes seran mas altos y las puertas seran de acrilico blanco mate ,incluye una tapa de formica para poner arriba de las labadora y secadora ahora la tapa sera de acrilico blanco mate <br></div><div><br></div><div><br></div><div>PDT: en acrilic 990<br></div>', 995.00, 1.00, 995.00, '2025-03-09 02:18:27', '2025-03-09 02:18:27'),
(12025, 304, 11, 'Fabricacion', '<div>Fabricacion e intalacion de gabinetes para un bar con puertas de Ice 04 el WC cambio de 24\" a 10\"<br></div><div><br></div><div><br></div>', 720.00, 1.00, 720.00, '2025-03-09 02:18:27', '2025-03-09 02:18:27'),
(12026, 304, 11, 'Fabricacion', '<div>Fabricacion e intalacion&nbsp; de gabinetes con puertas de madera pintadas para tres baños</div><div><br></div><div><br></div><div>PDT: en acrilic 1120<br></div>', 1680.00, 1.00, 1680.00, '2025-03-09 02:18:27', '2025-03-09 02:18:27'),
(12027, 304, 20, 'Extra', 'Cobro  adicional por los gabinetes de plywood 3/4 blanco <br>', 750.00, 1.00, 750.00, '2025-03-09 02:18:27', '2025-03-09 02:18:27'),
(12028, 304, 20, 'Extra', 'Cobro  adicional por las correderas de metal de una y dos galerias<br>', 770.00, 1.00, 770.00, '2025-03-09 02:18:27', '2025-03-09 02:18:27'),
(12029, 304, 11, 'Fabricacion', 'Fabricacion e intalacion del gabinete del televisor de Ice 04 incluyen los brasos para las puertas <br>', 950.00, 1.00, 950.00, '2025-03-09 02:18:27', '2025-03-09 02:18:27'),
(12030, 304, 29, 'Closet Blanco.', '<div>Fabricacion e instalacion de closets de color (Blanco ) <br></div><div><br></div><div><br></div><div>PD: se agregaron dos paredes al closet del cuarto master y los dos closets pequenos del pasillo<br></div>', 1960.00, 1.00, 1960.00, '2025-03-09 02:18:27', '2025-03-09 02:18:27'),
(12031, 836, 1, 'Fabrication', 'Fabricacion e instalacion de gabinetes de cosina Incluye: los tiradores de barrita.', 7476.64, 1.00, 7476.64, '2025-03-09 02:18:27', '2025-03-09 02:18:27'),
(12032, 761, 11, 'Fabricacion de gabinetes con puertas de madera', '<div>&nbsp;&nbsp;&nbsp;&nbsp; Fabricacion e intalacion de gabinetes de plywood prefinish 3/4 con puertas de madera para pintar (diseno de las puertas es shaker), los gabinetes tendran el finish en acirlico de color (Blanco).<br></div><div>&nbsp;&nbsp;&nbsp;&nbsp; &nbsp;&nbsp; <br></div><div><br></div>', 14500.00, 1.00, 14500.00, '2025-03-09 02:19:06', '2025-03-09 02:19:06'),
(12033, 761, 20, 'Extra', 'Cobro  adicional por el hardware blum de todo el trabajo <br>', 850.00, 1.00, 850.00, '2025-03-09 02:19:06', '2025-03-09 02:19:06'),
(12034, 761, 20, 'Extra', 'Cobro  adicional por los paneles de atras de la peninsula<br>', 300.00, 1.00, 300.00, '2025-03-09 02:19:06', '2025-03-09 02:19:06'),
(12035, 761, 20, 'Extra', 'Cobro  adicional por los gabinetes hasta el techo 1600$<br>', 350.00, 1.00, 350.00, '2025-03-09 02:19:06', '2025-03-09 02:19:06'),
(12043, 613, 11, 'Fabricacion de gabinetes con puertas de madera', '<div>&nbsp;&nbsp;&nbsp;&nbsp; Fabricacion e intalacion de gabinetes de plywood prefinish 3/4 con puertas de madera para pintar.</div><div>&nbsp;&nbsp;&nbsp; &nbsp; &nbsp; Incluye:</div><div>&nbsp;&nbsp; &nbsp; &nbsp;&nbsp;&nbsp; -El hardware tanto de puertas y gabetas es soft close regular</div><div>&nbsp;&nbsp;&nbsp; &nbsp; &nbsp; <br></div><div><br></div><div><br></div><div>PD: si el plywood es de color blanco o gris para&nbsp; el interior de los gabinetes se&nbsp; cobrara 700 dolares al total del invoice<br></div><div><br></div>', 19500.00, 1.00, 19500.00, '2025-03-09 02:21:31', '2025-03-09 02:21:31'),
(12044, 613, 20, 'Extra', 'Cobro  adicional por el hadrware blum<br>', 28.00, 21.00, 588.00, '2025-03-09 02:21:31', '2025-03-09 02:21:31'),
(12045, 613, 20, 'Extra', 'Cobro  adicional por la fabricacion de los finish panels<br>', 680.00, 1.00, 680.00, '2025-03-09 02:21:31', '2025-03-09 02:21:31'),
(12046, 613, 20, 'Extra', 'Cobro  adicional por la pintura de los finish panels y shelves<br>', 1100.00, 1.00, 1100.00, '2025-03-09 02:21:31', '2025-03-09 02:21:31'),
(12047, 613, 20, 'Extra', 'Cobro  adicional por los&nbsp; 4 shelves<br>', 100.00, 4.00, 400.00, '2025-03-09 02:21:31', '2025-03-09 02:21:31'),
(12048, 613, 20, 'Extra', 'Cobro  adicional por el cesto de basura<br>', 137.00, 1.00, 137.00, '2025-03-09 02:21:31', '2025-03-09 02:21:31'),
(12049, 613, 20, 'Extra', 'Cobro  adicional por las puertas del mueble donde va la cafetera y las del mueble de esquina<br>', 180.00, 1.00, 180.00, '2025-03-09 02:21:31', '2025-03-09 02:21:31'),
(12170, 829, 15, 'Fabrication de gabinetes con puertas cde acrilico', '<div>&nbsp;&nbsp;&nbsp;&nbsp; Fabricacion e instalacion de gabinetes de cosina de playwood prefinish 3/4 con puertas de acrilico y de dos gabinetes de baño a 16.5 de fondo, para la direccion 3242 nw 87 terra.</div><div>&nbsp;&nbsp;&nbsp;&nbsp; Incluye:</div><div>&nbsp;&nbsp;&nbsp;&nbsp; -Todas las puertas y gabetas cierran suave (soft close)</div><div>&nbsp;&nbsp;&nbsp;&nbsp; -Las agarraderas seran de platina</div><div><br></div><div><br></div><div><br></div><div><br></div>', 11.00, 355.25, 3907.75, '2025-03-26 20:50:20', '2025-03-26 20:50:20'),
(12171, 829, 31, 'Counter Top', 'Fabricacion e instalacion del counter top, para la cosina y los dos baños.&nbsp;<br>', 18.00, 53.00, 954.00, '2025-03-26 20:50:20', '2025-03-26 20:50:20'),
(12172, 829, 20, 'Extra', 'Cobro  adicional por una plancha de sparking&nbsp;', 400.00, 1.00, 400.00, '2025-03-26 20:50:20', '2025-03-26 20:50:20'),
(12173, 829, 20, 'Extra', 'Cobro  adicional por un sink de 24\'\'.', 100.00, 1.00, 100.00, '2025-03-26 20:50:20', '2025-03-26 20:50:20'),
(12174, 827, 15, 'Fabrication de gabinetes con puertas cde acrilico', '<div>&nbsp;&nbsp;&nbsp;&nbsp; Fabricacion de gabinetes de cocina de plywood prefinish 3/4.</div><div>&nbsp;&nbsp;&nbsp;&nbsp; Incluye:</div><div>&nbsp;&nbsp;&nbsp;&nbsp; -Todas las puertas y gabetas cierran suave (full station soft close)</div><div>&nbsp;&nbsp;&nbsp; <br></div>', 5.00, 348.00, 1740.00, '2025-03-27 00:10:44', '2025-03-27 00:10:44'),
(12175, 827, 15, 'Fabrication de gabinetes con puertas cde acrilico', '<div>&nbsp;&nbsp;&nbsp;&nbsp; Fabricacion de gabinetes de cocina de plywood blanco 3/4.</div><div>&nbsp;&nbsp;&nbsp; <br></div>', 6.00, 58.00, 348.00, '2025-03-27 00:10:44', '2025-03-27 00:10:44'),
(12176, 823, 15, 'Fabrication de gabinetes con puertas cde acrilico', '<div>&nbsp;&nbsp;&nbsp;&nbsp; Fabricacion de gabinetes de cocina Solar White SM y de dos Vanity de color Dove Gray SM, de plywood blanco 3/4, no incluye las puertas de los gabinetes.</div><div>&nbsp;&nbsp;&nbsp;&nbsp; <br></div><div><br></div><div><br></div><div><br></div><div><br></div>', 6.00, 447.25, 2683.50, '2025-03-27 00:11:34', '2025-03-27 00:11:34'),
(12179, 832, 15, 'Fabrication de gabinetes con puertas cde acrilico', '<div>&nbsp;&nbsp;&nbsp;&nbsp; Fabricacion de gabinetes de cocina de plywood prefinish 3/4 color negro de brillo no incluye las puertas de los gabinetes.</div><div>&nbsp;&nbsp;&nbsp;&nbsp; Incluye:</div><div>&nbsp;&nbsp;&nbsp;&nbsp; -Todas las puertas y gabetas cierran suave (soft close )</div><div>&nbsp;&nbsp;&nbsp;&nbsp; <br></div><div><br></div><div><br></div><div><br></div><div><br></div>', 5.00, 747.86, 3739.30, '2025-03-27 00:31:42', '2025-03-27 00:31:42'),
(12180, 832, 15, 'Fabrication de gabinetes con puertas cde acrilico', '<div>&nbsp;&nbsp;&nbsp;&nbsp; Fabricacion de gabinetes de cocina de plywood prefinish 3/4 color blanco.</div><div>&nbsp;&nbsp;&nbsp;&nbsp; Incluye:</div><div>&nbsp;&nbsp;&nbsp;&nbsp; -Todas las puertas y gabetas cierran suave (soft close)</div><div>&nbsp;&nbsp;&nbsp;&nbsp; <br></div><div><br></div><div><br></div><div>Precio 1137.5 - 48 $ del Lesy Susan <br></div><div><br></div>', 5.00, 227.50, 1137.47, '2025-03-27 00:31:42', '2025-03-27 00:31:42'),
(12188, 840, 11, 'Fabricacion de gabinetes con puertas de madera', '<div>&nbsp;&nbsp;&nbsp;&nbsp; Fabricacion&nbsp; de un gabinete de plywood blanco 3/4 de 37.5 \" mas un escray de 4.75\".</div><div>&nbsp;&nbsp;&nbsp; &nbsp;&nbsp; <br></div>', 253.50, 1.00, 253.50, '2025-03-27 00:57:46', '2025-03-27 00:57:46'),
(12189, 840, 11, 'Fabricacion de gabinetes con puertas de madera', '<div>&nbsp;&nbsp;&nbsp;&nbsp; Fabricacion de un gabinetes de melamina blanca 3/4 a dos dolares la pulgada.</div><div>&nbsp;&nbsp;&nbsp;&nbsp; <br></div>', 92.00, 1.00, 92.00, '2025-03-27 00:57:46', '2025-03-27 00:57:46'),
(12190, 840, 20, 'Extra', '<div>Cobro  adicional por dos melaminas blancas 3/4 \".<br></div>', 31.00, 2.00, 62.00, '2025-03-27 00:57:46', '2025-03-27 00:57:46'),
(12191, 840, 20, 'Extra', 'Cobro  adicional por una mica<br>', 26.00, 1.00, 26.00, '2025-03-27 00:57:46', '2025-03-27 00:57:46'),
(12192, 840, 15, 'Fabrication de gabinetes con puertas cde acrilico', '<div>&nbsp;&nbsp;&nbsp;&nbsp; Fabricacion&nbsp; de gabinetes de plywood prefinish 3/4(la que tiene el tubo para colgar ropa).</div><div>&nbsp;&nbsp;&nbsp;&nbsp; <br></div>', 5.00, 262.00, 1310.00, '2025-03-27 00:57:46', '2025-03-27 00:57:46'),
(12193, 840, 20, 'Extra', 'Cobro  adicional por la fabricacion de dos shelves de 30\" color madera<br>', 90.00, 2.00, 180.00, '2025-03-27 00:57:46', '2025-03-27 00:57:46'),
(12194, 840, 11, 'Fabricacion de gabinetes con puertas de madera', '<div>&nbsp;&nbsp;&nbsp;&nbsp; Fabricacion de 149\"de gabinetes de plywood blanco 3/4 a 6$ la pulgada (color blanco mate ) Precio 894$.</div><div><br></div><div>PD&nbsp; precio de la cocina 894-122de dos micas y un rollo de pvc que trajo Irian total a cobrar 772<br></div>', 772.00, 1.00, 772.00, '2025-03-27 00:57:46', '2025-03-27 00:57:46'),
(12207, 842, 11, 'Fabricacion de gabinetes con puertas de madera', '<div>&nbsp;&nbsp;&nbsp;&nbsp; Fabricacion e intalacion de gabinetes de plywood prefinish 3/4 con puertas de madera para pintar.</div><div>&nbsp;&nbsp;&nbsp; &nbsp; &nbsp; Incluye:</div><div>&nbsp;&nbsp; &nbsp; &nbsp;&nbsp;&nbsp; -El hardware tanto de puertas y gabetas es soft close regular</div><div>&nbsp;&nbsp;&nbsp; &nbsp; &nbsp;&nbsp; -Los tiradores de barritas</div><div><br></div><div><br></div><div>PD: si el plywood es de color blanco o gris para&nbsp; el interior de los gabinetes se&nbsp; cobrara 500 dolares al total del invoice<br></div><div><br></div>', 1.00, 1.00, 1.00, '2025-03-29 21:33:03', '2025-03-29 21:33:03'),
(12209, 843, 11, 'Fabricacion de gabinetes con puertas de madera', '<div>&nbsp;&nbsp;&nbsp;&nbsp; Fabricacion e intalacion de gabinetes de plywood prefinish 3/4 con puertas de madera para pintar.</div><div>&nbsp;&nbsp;&nbsp; &nbsp; &nbsp; Incluye:</div><div>&nbsp;&nbsp; &nbsp; &nbsp;&nbsp;&nbsp; -El hardware tanto de puertas y gabetas es soft close regular</div><div>&nbsp;&nbsp;&nbsp; &nbsp; &nbsp;&nbsp; -Los tiradores de barritas</div><div><br></div><div><br></div><div>PD: si el plywood es de color blanco o gris para&nbsp; el interior de los gabinetes se&nbsp; cobrara 500 dolares al total del invoice<br></div><div><br></div>', 1.00, 1.00, 1.00, '2025-03-29 21:35:14', '2025-03-29 21:35:14'),
(12312, 848, 15, 'Fabrication de gabinetes con puertas cde acrilico', '<div>&nbsp;&nbsp;&nbsp;&nbsp; Fabricacion de gabinetes de cocina de plywood prefinish 3/4.</div><div>&nbsp;&nbsp;&nbsp;&nbsp; Incluye:</div><div>&nbsp;&nbsp;&nbsp;&nbsp; -Todas las puertas y gabetas cierran suave (soft close regular)</div><div>&nbsp;&nbsp;&nbsp; <br></div>', 5.00, 415.50, 2077.50, '2025-04-07 11:30:23', '2025-04-07 11:30:23'),
(12313, 848, 20, 'Extra', '<div>Cobro  adicional por la diferencia del lesy susan de metal</div><div><br></div><div>PD:en el invoice aparece un descuento 126.27por las tres micas y el PVC negro de brillo<br></div>', 27.00, 1.00, 27.00, '2025-04-07 11:30:23', '2025-04-07 11:30:23'),
(12314, 849, 15, 'Fabrication de gabinetes con puertas cde acrilico', '<div>&nbsp;&nbsp;&nbsp;&nbsp; Fabricacion e instalacion de gabinetes de cosina de playwood blanco 3/4 con puertas de acrilico blanco de brillo plane.</div><div>&nbsp;&nbsp;&nbsp;&nbsp; Incluye:</div><div>&nbsp;&nbsp;&nbsp;&nbsp; -Todas las puertas y gabetas cierran suave (soft close)</div><div>&nbsp;&nbsp;&nbsp;&nbsp; -Las agarraderas seran de platina</div><div><br></div><div><br></div><div><br></div><div><br></div>', 7980.00, 1.00, 7980.00, '2025-04-07 23:35:44', '2025-04-07 23:35:44'),
(12315, 849, 31, 'Counter Top', 'Fabricacion e instalacion del counter top con full back splash, no incluye el sink ni el material para el counter top.<br>', 2730.00, 1.00, 2730.00, '2025-04-07 23:35:44', '2025-04-07 23:35:44'),
(12325, 841, 15, 'Fabrication de gabinetes con puertas cde acrilico', '<div>&nbsp;&nbsp;&nbsp;&nbsp; Fabricacion&nbsp; de gabinetes de cocina de plywood Blanco 3/4,de color blanco de brillo.</div><div>&nbsp;&nbsp;&nbsp;&nbsp;&nbsp; <br></div><div>&nbsp;&nbsp;&nbsp;&nbsp; <br></div>', 6.00, 746.00, 4476.00, '2025-04-10 02:00:03', '2025-04-10 02:00:03'),
(12326, 841, 20, 'Extra', 'Cobro  adicional por correderas undermount soft close.<br>', 12.00, 24.00, 288.00, '2025-04-10 02:00:03', '2025-04-10 02:00:03'),
(12327, 841, 15, 'Fabrication de gabinetes con puertas cde acrilico', '<div>&nbsp;&nbsp;&nbsp;&nbsp; Fabricacion de gabinetes de cocina de plywood prefinish 3/4, blanco de brillo.</div><div>&nbsp;&nbsp;&nbsp; <br></div>', 6.00, 102.00, 612.00, '2025-04-10 02:00:03', '2025-04-10 02:00:03'),
(12328, 841, 20, 'Extra', 'Cobro  adicional por la intalacion de la cocina y el londry<br>', 1.50, 848.00, 1272.00, '2025-04-10 02:00:03', '2025-04-10 02:00:03'),
(12329, 841, 20, 'Extra', 'Cobro  adicional por la fabricacion e intalacion de cuatro shelves en el aire de color blanco de brillo<br>', 95.00, 4.00, 380.00, '2025-04-10 02:00:03', '2025-04-10 02:00:03'),
(12361, 853, 15, 'Fabrication de gabinetes con puertas cde acrilico', '<div>&nbsp;&nbsp;&nbsp;&nbsp; Fabricacion e instalacion de gabinetes de cosina de playwood prefinish 3/4 con puertas de acrilico blanco de brillo plane con pvc 2 tones.</div><div>&nbsp;&nbsp;&nbsp;&nbsp; Incluye:</div><div>&nbsp;&nbsp;&nbsp;&nbsp; -Todas las puertas y gabetas cierran suave (soft close)</div><div>&nbsp;&nbsp;&nbsp;&nbsp; -Las agarraderas seran de platina</div><div><br></div><div><br></div><div><br></div><div><br></div>', 7200.00, 1.00, 7200.00, '2025-04-14 15:02:03', '2025-04-14 15:02:03'),
(12362, 812, 39, 'Front Desk.', 'Fabricacion e instalacion de un front desk, segun los planos de la diseñadora. Estructura para un puesto de trabajo.<div>Incluye:</div><div>-gabinetes a ambos lados del puesto de trabajo.</div><div>-curvas en las cuatro esquinas.</div>', 4900.00, 1.00, 4900.00, '2025-04-15 16:53:35', '2025-04-15 16:53:35'),
(12363, 812, 15, 'Fabrication de gabinetes con puertas cde acrilico', '<div>&nbsp;&nbsp;&nbsp;&nbsp; Fabricacion e instalacion de gabinetes de playwood prefinish 3/4 con puertas de acrilico, para la parte de atras del front desk principal, entre los dos televisores.</div><div>&nbsp;&nbsp;&nbsp;&nbsp; Incluye:</div><div>&nbsp;&nbsp;&nbsp;&nbsp; -Todas las puertas y gabetas cierran suave (soft close)</div><div>&nbsp;&nbsp;&nbsp;&nbsp; -Las agarraderas seran de platina</div><div><br></div><div><br></div><div><br></div><div><br></div>', 11.00, 130.50, 1435.50, '2025-04-15 16:53:35', '2025-04-15 16:53:35'),
(12364, 812, 31, 'Counter Top', 'Fabricacion e instalacion del counter top de acrilico, para los muebles de atras del front desk.<br>', 18.00, 18.20, 327.60, '2025-04-15 16:53:35', '2025-04-15 16:53:35'),
(12365, 812, 20, 'Extra', 'Fabricacion e instalacion de un frame de plywood con mica dorada, para donde van los televisores, aproximadamente de 30 x 60.', 310.00, 2.00, 620.00, '2025-04-15 16:53:35', '2025-04-15 16:53:35'),
(12366, 812, 20, 'Extra', 'Fabricacion e instalacion de dos acientos redondes en negro de brillo a 16\'\' de altura, para recubrir las columnas.', 820.00, 2.00, 1640.00, '2025-04-15 16:53:35', '2025-04-15 16:53:35'),
(12367, 812, 39, 'Front Desk.', 'Fabricacion e instalacion de un front desk, segun los planos de la diseñadora, para la parte de la tienda.<div>No lleva puesto de trabajo.</div><div><br></div>', 2950.00, 1.00, 2950.00, '2025-04-15 16:53:35', '2025-04-15 16:53:35'),
(12389, 852, 15, 'Fabrication de gabinetes con puertas cde acrilico', '<div>&nbsp;Manufacturing and installation of cabinets for the girl\'s closet.</div><div>&nbsp;This would be made of imported plywood prefinished on the inside and the doors will be acrylic, in an indigo blue. At a height of 107 inches, it will have sliding doors and at the top, at the angle of the ceiling, they will be regular doors. Everything will be soft close.</div>', 6800.00, 1.00, 6800.00, '2025-04-16 22:42:35', '2025-04-16 22:42:35'),
(12390, 852, 15, 'Fabrication de gabinetes con puertas cde acrilico', 'Manufacture and installation of cabinets for the back of the bed in the master bedroom. This will be made of imported plywood prefinish on the inside and the doors will be acrylic, indigo blue, at a height of 107\'\'. It will have frosted glass doors on the two pieces of furniture next to the window. Everything will be soft close.', 4298.00, 1.00, 4298.00, '2025-04-16 22:42:35', '2025-04-16 22:42:35'),
(12391, 852, 15, 'Fabrication de gabinetes con puertas cde acrilico', '<div>&nbsp;Manufacture and installation of cabinets above the master bedroom door. This will be made of imported plywood prefinish on the inside, and the doors will be made of acrylic, indigo blue, at a height of 26\'\'. Everything will be soft close.</div>', 2865.00, 1.00, 2865.00, '2025-04-16 22:42:35', '2025-04-16 22:42:35');
INSERT INTO `invoice_services` (`id`, `invoice_id`, `service_id`, `name`, `description`, `price`, `qty`, `total`, `created_at`, `updated_at`) VALUES
(12392, 852, 15, 'Fabrication de gabinetes con puertas cde acrilico', 'Manufacture and installation of a cabinet under the television in the master bedroom. This cabinet will be made of imported plywood prefinished on the inside, and the doors will be made of acrylic, indigo blue, at a height of 44\'\' from the floor. Everything will be soft clouse.<div><br></div>', 1850.00, 1.00, 1850.00, '2025-04-16 22:42:35', '2025-04-16 22:42:35'),
(12393, 852, 15, 'Fabrication de gabinetes con puertas cde acrilico', '<div>&nbsp;Manufacture and installation of a cabinet under the window, for seating, in the master bedroom. This will be made of imported plywood prefinished on the inside and the doors will be made of indigo blue acrylic, 24\'\' from the floor. All will be soft cluse.</div><div><br></div>', 1310.00, 1.00, 1310.00, '2025-04-16 22:42:35', '2025-04-16 22:42:35'),
(12394, 852, 15, 'Fabrication de gabinetes con puertas cde acrilico', '<div>&nbsp;Manufacture an installation of cabinets for the hallway wall and under the window, for storing books. This would be indigo blue acrylic on the inside, without backing, up to the ceiling.</div>', 5650.00, 1.00, 5650.00, '2025-04-16 22:42:35', '2025-04-16 22:42:35'),
(12395, 852, 15, 'Fabrication de gabinetes con puertas cde acrilico', '<div>&nbsp;Manufacture and installation of a cabinet over the toilet, whith frosted glass doors made of indigo blue acrylic and prefinished american plywood inside.</div>', 850.00, 1.00, 850.00, '2025-04-16 22:42:35', '2025-04-16 22:42:35'),
(12438, 851, 29, 'Closet Blanco.', 'Fabricacion e instalacion de closets de melamina&nbsp; 3/4 de color (Blanco )<br>', 835.00, 1.00, 835.00, '2025-04-25 03:09:38', '2025-04-25 03:09:38'),
(12439, 837, 15, 'Fabrication de gabinetes con puertas cde acrilico', '<div>&nbsp;&nbsp;&nbsp;&nbsp; Fabricacion e instalacion de gabinetes de oficina de playwood prefinish 3/4 con puertas de melamina blanca&nbsp; chic soft 3 para dental 1, todas las bases seran a 18\'\' de fondo.</div><div>&nbsp;&nbsp;&nbsp;&nbsp; Incluye:</div><div>&nbsp;&nbsp;&nbsp;&nbsp; -Todas las puertas y gabetas cierran suave (soft close)</div><div>&nbsp;&nbsp;&nbsp;&nbsp; -Las agarraderas seran de platina</div><div><br></div><div><br></div><div><br></div><div><br></div>', 11.00, 198.50, 2183.50, '2025-04-28 17:00:08', '2025-04-28 17:00:08'),
(12440, 837, 31, 'Counter Top', 'Fabricacion e instalacion del counter top con back splash de 4\'\' incluyendo el sink.', 860.00, 1.00, 860.00, '2025-04-28 17:00:08', '2025-04-28 17:00:08'),
(12441, 837, 44, 'avana dental', '<div>Fabricacion e instalacion de gabinetes de oficina de plywood prefinish 3/4 con puertas de melamina blanca chic soft 3 para dental 2, todas las bases seran a 18\'\' de fondo.</div><div>Incluye:</div><div>-Todas las puertas y gabetas de cierre suave.</div><div>-Todas las agarraderas seran de platina.</div>', 11.00, 190.50, 2095.50, '2025-04-28 17:00:08', '2025-04-28 17:00:08'),
(12442, 837, 45, 'dental avana counter top', 'Fabricacion e instalacion de counter top con back splash de 4\'\' incluye el sink.', 840.00, 1.00, 840.00, '2025-04-28 17:00:08', '2025-04-28 17:00:08'),
(12443, 837, 44, 'avana dental', '<div>Fabricacion e instalacion de gabinetes de oficina de plywood prefinish 3/4 con puertas de melamina blanca chic soft 3 para dental 3, todas las bases seran a 18 de fondo.</div><div>Incluye:</div><div>-Todas las puertas y gabetas de cierre suave.</div><div>-Todas las agarraderas seran de platina.</div>', 11.00, 189.00, 2079.00, '2025-04-28 17:00:08', '2025-04-28 17:00:08'),
(12444, 837, 45, 'dental avana counter top', 'Fabricacion e instalacion de counter top con back splash de 4\'\' incluye el sink.', 830.00, 1.00, 830.00, '2025-04-28 17:00:08', '2025-04-28 17:00:08'),
(12445, 837, 44, 'avana dental', '<div>Fabricacion e instalacion de gabinetes de oficina de plywood prefinish 3/4 con puertas de melamina blanca chic soft 3 para dental 4, todas las bases seran a 18 de fondo.</div><div>Incluye:</div><div>-Todas las puertas y gabetas de cierre suave.</div><div>-Todas las agarraderas seran de platina.</div>', 11.00, 192.50, 2117.50, '2025-04-28 17:00:08', '2025-04-28 17:00:08'),
(12446, 837, 45, 'dental avana counter top', 'Fabricacion e instalacion de counter top con back splash de 4\'\' incluye el sink.', 850.00, 1.00, 850.00, '2025-04-28 17:00:08', '2025-04-28 17:00:08'),
(12447, 837, 44, 'avana dental', '<div>Fabricacion e instalacion de gabinetes de oficina de plywood prefinish 3/4 con puertas de melamina blanca chic soft 3 para el cuarto de esterilizacion.</div><div>Incluye:</div><div>-Todas las puertas y gabetas de cierre suave.</div><div>-Todas las agarraderas seran de platina.</div>', 11.00, 258.50, 2843.50, '2025-04-28 17:00:08', '2025-04-28 17:00:08'),
(12448, 837, 45, 'dental avana counter top', 'Fabricacion e instalacion de counter top con back splash de 4\'\' incluye el sink.', 850.00, 1.00, 850.00, '2025-04-28 17:00:08', '2025-04-28 17:00:08'),
(12449, 837, 44, 'avana dental', '<div>Fabricacion e instalacion de gabinetes de oficina de plywood prefinish 3/4 con puertas de melamina blanca chic soft 3 para el cuarto de CIO, todos los muebles seran a 12\'\' de fondo.</div><div>Incluye:</div><div>-Todas las puertas y gabetas de cierre suave.</div><div>-Todas las agarraderas seran de platina.</div>', 11.00, 262.50, 2887.50, '2025-04-28 17:00:08', '2025-04-28 17:00:08'),
(12450, 837, 45, 'dental avana counter top', 'Fabricacion e instalacion de counter top sin back splash.', 820.00, 1.00, 820.00, '2025-04-28 17:00:08', '2025-04-28 17:00:08'),
(12451, 837, 44, 'avana dental', '<div>Fabricacion e instalacion de gabinetes de oficina de plywood prefinish 3/4 con puertas de melamina blanca chic soft 3 para el cuarto de lunch.</div><div>Incluye:</div><div>-Todas las puertas y gabetas de cierre suave.</div><div>-Todas las agarraderas seran de platina.</div>', 11.00, 315.00, 3465.00, '2025-04-28 17:00:08', '2025-04-28 17:00:08'),
(12452, 837, 45, 'dental avana counter top', 'Fabricacion e instalacion de counter top con back splash de 4\'\' incluye el sink.', 1725.00, 1.00, 1725.00, '2025-04-28 17:00:08', '2025-04-28 17:00:08'),
(12453, 837, 39, 'Front Desk.', 'Fabricacion e instalacion de un front desk, segun los planos de la diseñadora. Estructura y uno o dos puestos para sentarse, el largo seria de 120’’<div>Incluye:</div><div>-Gabetas de cierre suave.</div><div>Tiradores de platina.</div><div><br></div>', 4900.00, 1.00, 4900.00, '2025-04-28 17:00:08', '2025-04-28 17:00:08'),
(12454, 837, 20, 'Extra', 'Cobro  adicional por 4 planchas de sparking white, para fabricar todos los counter top.', 480.00, 4.00, 1920.00, '2025-04-28 17:00:08', '2025-04-28 17:00:08'),
(12457, 858, 15, 'Fabrication de gabinetes con puertas cde acrilico', 'Manufacture and installation of cabinets under the window with shellvs and on the left side of the hallway window with drawers, made of american plywood, with blum undermount slides.<div><br></div><div><br></div><div><br></div>', 3045.00, 1.00, 3045.00, '2025-04-29 19:53:12', '2025-04-29 19:53:12'),
(12458, 858, 15, 'Fabrication de gabinetes con puertas cde acrilico', '<div>&nbsp;&nbsp; Manufacture and installation of a cabinet over the toilet, with frosted glass doors made of indigo blue acrilic and prefinished american plywood inside.</div><div><br></div><div><br></div>', 850.00, 1.00, 850.00, '2025-04-29 19:53:12', '2025-04-29 19:53:12'),
(12471, 860, 15, 'Fabrication de gabinetes con puertas cde acrilico', '<div>&nbsp;&nbsp;&nbsp;&nbsp; Fabricacion e instalacion de gabinetes de cosina de playwood prefinish 3/4 con puertas de acrilico blanco de brillo plane.</div><div>&nbsp;&nbsp;&nbsp;&nbsp; Incluye:</div><div>&nbsp;&nbsp;&nbsp;&nbsp; -Todas las puertas y gabetas cierran suave (soft close)</div><div><br></div><div><br></div><div><br></div><div><br></div><div><br></div>', 5664.00, 1.00, 5664.00, '2025-05-03 14:06:24', '2025-05-03 14:06:24'),
(12472, 860, 15, 'Fabrication de gabinetes con puertas cde acrilico', '<div>&nbsp;&nbsp;&nbsp;&nbsp; Fabricacion e instalacion de un pantry de playwood prefinish 3/4 con puertas de acrilico blanco de brillo plane.</div><div>&nbsp;&nbsp;&nbsp;&nbsp; Incluye:</div><div>&nbsp;&nbsp;&nbsp;&nbsp; -Todas las puertas y gabetas cierran suave (soft close)</div><div>&nbsp; <br></div><div><br></div><div><br></div><div><br></div><div><br></div>', 924.00, 1.00, 924.00, '2025-05-03 14:06:24', '2025-05-03 14:06:24'),
(12473, 860, 31, 'Counter Top', 'Fabricacion e instalacion del counter top, no incluye el sink, ni el material.', 3000.00, 1.00, 3000.00, '2025-05-03 14:06:24', '2025-05-03 14:06:24'),
(12474, 860, 20, 'Extra', 'Cobro  adicional por un basurero doble soft clouse.', 155.00, 1.00, 155.00, '2025-05-03 14:06:24', '2025-05-03 14:06:24'),
(12475, 860, 20, 'Extra', 'Cobro  adicional por los metales gola.', 200.00, 1.00, 200.00, '2025-05-03 14:06:24', '2025-05-03 14:06:24'),
(12479, 859, 15, 'Fabrication de gabinetes con puertas cde acrilico', '<div>&nbsp;&nbsp;&nbsp;&nbsp; Fabricacion de gabinetes para un vanity de plywood prefinish 3/4 con puertas de acrilico blanco de brillo.</div><div>&nbsp;&nbsp;&nbsp;&nbsp; Incluye:</div><div>&nbsp;&nbsp;&nbsp;&nbsp; -Todas las puertas y gabetas cierran suave (soft close)<br></div><div><br></div><div><br></div><div><br></div><div><br></div>', 460.00, 1.00, 460.00, '2025-05-05 10:35:49', '2025-05-05 10:35:49'),
(12480, 859, 20, 'Extra', 'Cobro  adicional por el sink<br>', 45.00, 1.00, 45.00, '2025-05-05 10:35:49', '2025-05-05 10:35:49'),
(12481, 859, 31, 'Counter Top', 'Fabricacion&nbsp; del counter top (labor)<br>', 280.00, 1.00, 280.00, '2025-05-05 10:35:49', '2025-05-05 10:35:49'),
(12482, 859, 20, 'Extra', 'Cobro  adicional por el material del counter<br>', 180.00, 1.00, 180.00, '2025-05-05 10:35:49', '2025-05-05 10:35:49'),
(12483, 861, 15, 'Fabrication de gabinetes con puertas cde acrilico', '<div>&nbsp;&nbsp;&nbsp;&nbsp; Fabricacion de gabinetes de cocina de plywood prefinish 3/4 acrilico blanco de brillo.</div><div><br></div><div><br></div><div><br></div><div><br></div><div><br></div>', 5.00, 79.50, 397.50, '2025-05-08 00:46:37', '2025-05-08 00:46:37'),
(12484, 861, 20, 'Extra', 'Cobro  adicional por las puertas solar white HG<br>', 6.30, 16.00, 100.80, '2025-05-08 00:46:37', '2025-05-08 00:46:37'),
(12485, 861, 20, 'Extra', 'Cobro  adicional por la intalacion<br>', 1.50, 79.50, 119.25, '2025-05-08 00:46:37', '2025-05-08 00:46:37'),
(12504, 850, 15, 'Fabrication de gabinetes con puertas cde acrilico', '<div>&nbsp;&nbsp;&nbsp;&nbsp; Fabricacion de gabinetes de cocina de plywood prefinish 3/4.</div><div>&nbsp;&nbsp;&nbsp;&nbsp; Incluye:</div><div>&nbsp;&nbsp;&nbsp;&nbsp; -Todas las puertas y gabetas cierran suave (soft close regular)</div><div><br></div><div><br></div><div><br></div><div><br></div>', 5.00, 516.00, 2580.00, '2025-05-11 00:57:57', '2025-05-11 00:57:57'),
(12505, 850, 15, 'Fabrication de gabinetes con puertas cde acrilico', '<div>&nbsp;&nbsp;&nbsp;&nbsp; Fabricacion de gabinetes de baño de plywood prefinish 3/4.</div><div>&nbsp;&nbsp;&nbsp;&nbsp; Incluye:</div><div>&nbsp;&nbsp;&nbsp;&nbsp; -Todas las puertas y gabetas cierran suave (soft close regular)</div><div>&nbsp; &nbsp; &nbsp;</div><div><br></div><div><br></div><div><br></div><div><br></div>', 5.00, 143.00, 715.00, '2025-05-11 00:57:57', '2025-05-11 00:57:57'),
(12506, 850, 20, 'Extra', 'Cobro  adicional por las correderas undermount&nbsp;', 12.00, 12.00, 144.00, '2025-05-11 00:57:57', '2025-05-11 00:57:57'),
(12507, 850, 20, 'Extra', 'Cobro  adicional por los metales gola de la cocina y los baños y 6 push para las puertas del pantry,las del mueble del refrigerador y las del microwave', 170.00, 1.00, 170.00, '2025-05-11 00:57:57', '2025-05-11 00:57:57'),
(12508, 850, 20, 'Extra', 'Cobro  adicional por la intalacion', 1.50, 659.00, 988.50, '2025-05-11 00:57:57', '2025-05-11 00:57:57'),
(12515, 839, 11, 'Fabricacion de gabinetes con puertas de madera', '<div>&nbsp;&nbsp;&nbsp;&nbsp; Fabricacion de gabinetes de plywood prefinish 3/4.</div>', 5.00, 396.00, 1980.00, '2025-05-11 01:02:08', '2025-05-11 01:02:08'),
(12516, 839, 20, 'Extra', 'Cobro  adicional por las correderas y gabetas <br>', 550.00, 1.00, 550.00, '2025-05-11 01:02:08', '2025-05-11 01:02:08'),
(12517, 839, 28, 'Closet Colores.', 'Fabricacion&nbsp; de closets de color.<br>', 1700.00, 1.00, 1700.00, '2025-05-11 01:02:08', '2025-05-11 01:02:08'),
(12518, 839, 20, 'Extra', 'Cobro  adicional por la ranura de la luz y el track<br>', 50.00, 1.00, 50.00, '2025-05-11 01:02:08', '2025-05-11 01:02:08'),
(12519, 839, 20, 'Extra', 'Cobro  adicional por la intalacion<br>', 1000.00, 1.00, 1000.00, '2025-05-11 01:02:08', '2025-05-11 01:02:08'),
(12520, 839, 20, 'Extra', 'Cobro  adicional por la melamina de los closets 3/4<br>', 1819.00, 1.00, 1819.00, '2025-05-11 01:02:08', '2025-05-11 01:02:08'),
(12521, 839, 20, 'Extra', 'Cobro  adicional por la melamina de 3/8 para el backing de los closets<br>', 487.00, 1.00, 487.00, '2025-05-11 01:02:08', '2025-05-11 01:02:08'),
(12522, 839, 20, 'Extra', 'Cobro  adicional por dos rollos de PVC Fresno Estepa<br>', 82.00, 2.00, 164.00, '2025-05-11 01:02:08', '2025-05-11 01:02:08'),
(12523, 839, 20, 'Extra', 'Cobro  adicional por la fabricacion nde las puertas de los closets<br>', 450.00, 1.00, 450.00, '2025-05-11 01:02:08', '2025-05-11 01:02:08'),
(12524, 845, 1, 'Fabrication', 'Fabricacion e instalacion de gabinetes de cosina Incluye: los tiradores de barrita.', 4859.81, 1.00, 4859.81, '2025-05-11 01:02:08', '2025-05-11 01:02:08'),
(12525, 844, 20, 'Extra', 'Cobro  adicional por la fabricacion de muebles para un londry incluyendo la intalacion y dos gabetas extra<br>', 700.00, 1.00, 700.00, '2025-05-11 01:04:36', '2025-05-11 01:04:36'),
(12526, 844, 20, 'Extra', 'Cobro  adicional por ajustar un spice rack y un cesto de basura en la cocina incluyendo cambiar dos juegos de correderas full extension y ponerle tiradores a 5 puertas (tres de A/C y dos del londry<br>', 100.00, 1.00, 100.00, '2025-05-11 01:04:36', '2025-05-11 01:04:36'),
(12527, 844, 20, 'Extra', 'Cobro  adicional por la fabricacion de 14 pull out extra para el closet y la cocina<br>', 35.00, 14.00, 490.00, '2025-05-11 01:04:36', '2025-05-11 01:04:36'),
(12528, 855, 17, 'Items', 'Fabricación de 80 cajas plasticas', 80.00, 80.00, 6400.00, '2025-05-11 01:07:14', '2025-05-11 01:07:14'),
(12542, 854, 15, 'Fabrication de gabinetes con puertas cde acrilico', '<div>&nbsp;&nbsp;&nbsp;&nbsp; Fabricacion e instalacion de gabinetes de cocina de plywood prefinish 3/4 con puertas de acrilico blanco de brillo plane (los muebles de arriba) y las bases estrobus pine.</div><div>&nbsp;&nbsp;&nbsp;&nbsp; Incluye:</div><div>&nbsp;&nbsp;&nbsp;&nbsp; -Todas las puertas y gabetas cierran suave (soft close)</div><div>&nbsp;&nbsp;&nbsp;&nbsp; -Las agarraderas seran de platina</div><div><br></div><div><br></div><div><br></div><div><br></div>', 7200.00, 1.00, 7200.00, '2025-05-13 10:51:34', '2025-05-13 10:51:34'),
(12543, 854, 20, 'Extra', 'Cobro  adicional por un LS', 56.00, 1.00, 56.00, '2025-05-13 10:51:34', '2025-05-13 10:51:34'),
(12544, 854, 20, 'Extra', 'Cobro  adicional por &nbsp;track de luces', 14.99, 3.00, 44.97, '2025-05-13 10:51:34', '2025-05-13 10:51:34'),
(12560, 866, 15, 'Fabrication de gabinetes con puertas cde acrilico', '<div>&nbsp;&nbsp;&nbsp;&nbsp; Fabricacion e instalacion de gabinetes de cosina de playwood prefinish 3/4 con puertas de acrilico ida 2.</div><div>&nbsp;&nbsp;&nbsp;&nbsp; Incluye:</div><div>&nbsp;&nbsp;&nbsp;&nbsp; -Todas las puertas y gabetas cierran suave (soft close)</div><div>&nbsp; <br></div><div><br></div><div><br></div><div><br></div><div><br></div>', 4600.00, 1.00, 4600.00, '2025-05-15 13:54:54', '2025-05-15 13:54:54'),
(12565, 867, 15, 'Fabrication de gabinetes con puertas cde acrilico', '<div>&nbsp;&nbsp;&nbsp;&nbsp; Fabricacion e instalacion de gabinetes para un londry de plywood prefinish 3/4 con puertas de melamina texturisada color olmo 03 para las bases y para los muebles de arriba color blanco mate.</div><div>&nbsp;&nbsp;&nbsp;&nbsp;&nbsp;&nbsp;&nbsp; -Las agarraderas seran de platina</div><div><br></div><div><br></div><div><br></div><div><br></div>', 1900.00, 1.00, 1900.00, '2025-05-19 10:46:34', '2025-05-19 10:46:34'),
(12566, 867, 31, 'Counter Top', 'Fabricacion e instalacion del counter top no incluye el sink ni el material<br>', 430.00, 1.00, 430.00, '2025-05-19 10:46:34', '2025-05-19 10:46:34'),
(12583, 864, 20, 'Extra', 'Cobro  adicional por la fabricación e instalación de gabinetes de plywood blanco de 44 “ con las puertas blancas de brillo', 650.00, 1.00, 650.00, '2025-05-27 12:25:37', '2025-05-27 12:25:37'),
(12584, 864, 22, 'ADD', 'Cobro adicional por el panel del Refrigerador', 180.00, 1.00, 180.00, '2025-05-27 12:25:37', '2025-05-27 12:25:37'),
(12585, 864, 20, 'Extra', 'Cobro  adicional por vestir los muebles de la derecha y la izquierda de la cocina&nbsp;', 70.00, 1.00, 70.00, '2025-05-27 12:25:37', '2025-05-27 12:25:37'),
(12586, 864, 20, 'Extra', 'Cobro  adicional por dos paneles del desayunador', 97.00, 1.00, 97.00, '2025-05-27 12:25:37', '2025-05-27 12:25:37'),
(12587, 847, 15, 'Fabrication de gabinetes con puertas cde acrilico', '<div>&nbsp;&nbsp;&nbsp;&nbsp; Fabricacion e instalacion de gabinetes de cocina de plywood prefinish 3/4 con puertas de acrilico blanco de brillo plane.</div><div>&nbsp;&nbsp;&nbsp;&nbsp; Incluye:</div><div>&nbsp;&nbsp;&nbsp;&nbsp; -Todas las puertas y gabetas cierran suave (soft close regular)</div><div>&nbsp;&nbsp;&nbsp; <br></div><div><br></div><div>PD:si el plywood para el interior de los gabinetes es blanco se le sumara $ 500 al total del invoice<br></div><div><br></div><div><br></div>', 6900.00, 1.00, 6900.00, '2025-05-27 12:33:04', '2025-05-27 12:33:04'),
(12588, 847, 20, 'Extra', 'Cobro  adicional por plywood blanco para el interior de los gabinetes<br>', 500.00, 1.00, 500.00, '2025-05-27 12:33:04', '2025-05-27 12:33:04'),
(12589, 830, 29, 'Closet Blanco.', 'Fabricacion e instalacion de closets de melamina&nbsp; 3/4 de color (Blanco )<br>', 6700.00, 1.00, 6700.00, '2025-05-28 12:00:42', '2025-05-28 12:00:42'),
(12590, 830, 15, 'Fabrication de gabinetes con puertas cde acrilico', '<div>&nbsp;&nbsp;&nbsp;&nbsp; Fabricacion e instalacion de gabinetes&nbsp; de plywood prefinish 3/4 con puertas de melamina.</div><div>&nbsp;&nbsp;&nbsp;&nbsp; Incluye:</div><div>&nbsp;&nbsp;&nbsp;&nbsp; -Las agarraderas seran de platina</div><div><br></div><div><br></div><div><br></div><div><br></div>', 22.00, 120.00, 2640.00, '2025-05-28 12:00:42', '2025-05-28 12:00:42'),
(12591, 830, 31, 'Counter Top', 'Fabricacion e instalacion del counter top&nbsp; no incluye el material<br>', 200.00, 1.00, 200.00, '2025-05-28 12:00:42', '2025-05-28 12:00:42'),
(12592, 830, 20, 'Extra', 'Cobro  adicional por el material para counter top de la Isla&nbsp; <br>', 120.00, 1.00, 120.00, '2025-05-28 12:00:42', '2025-05-28 12:00:42'),
(12594, 865, 29, 'Closet Blanco.', 'Fabricacion e instalacion de closets de melamina&nbsp; 3/4 de color Blanco, estan incluido dos closet extra el del bano y el de la cocina)<br>', 7900.00, 1.00, 7900.00, '2025-06-02 15:25:00', '2025-06-02 15:25:00'),
(12647, 870, 31, 'Counter Top', 'Manufacturing and installing stone for a jakuzzi cladding, for 740 falcon.', 3000.00, 1.00, 3000.00, '2025-06-13 11:41:58', '2025-06-13 11:41:58'),
(12648, 870, 31, 'Counter Top', 'Manufacturing and installation of the bathroom counter top.', 680.00, 1.00, 680.00, '2025-06-13 11:41:58', '2025-06-13 11:41:58'),
(12649, 870, 31, 'Counter Top', 'Manufacture and installation of the bar counter top, with a full back splash.', 920.00, 1.00, 920.00, '2025-06-13 11:41:58', '2025-06-13 11:41:58'),
(12650, 870, 31, 'Counter Top', 'Manufacture and installation of the laundry counter top, with a 4\'\' back splash.', 430.00, 1.00, 430.00, '2025-06-13 11:41:58', '2025-06-13 11:41:58'),
(12651, 870, 31, 'Counter Top', 'Manufacturing and installation of the counter top for the hallway furniture in front of the bar.', 940.00, 1.00, 940.00, '2025-06-13 11:41:58', '2025-06-13 11:41:58'),
(12656, 562, 15, 'Fabrication de gabinetes con puertas cde acrilico', '<div>&nbsp;&nbsp;&nbsp;&nbsp; Fabricacion e instalacion de gabinetes de cocina de plywood prefinish 3/4 con puertas de acrilico blanco mate los muebles de arriba y las bases olmo 03 (plane).</div><div>&nbsp;&nbsp;&nbsp;&nbsp; Incluye:</div><div>&nbsp;&nbsp;&nbsp;&nbsp; -Todas las puertas y gabetas cierran suave (soft close regular)</div><div>&nbsp;&nbsp;&nbsp;&nbsp; -Las agarraderas seran de platina</div><div><br></div><div><br></div><div><br></div><div><br></div>', 9790.00, 1.00, 9790.00, '2025-06-13 11:49:20', '2025-06-13 11:49:20'),
(12657, 562, 20, 'Extra', 'Cobro  adicional por el plywood blanco<br>', 600.00, 1.00, 600.00, '2025-06-13 11:49:20', '2025-06-13 11:49:20'),
(12658, 562, 20, 'Extra', 'Cobro  adicional por hardware blum de las gabetas<br>', 245.00, 1.00, 245.00, '2025-06-13 11:49:20', '2025-06-13 11:49:20'),
(12659, 562, 31, 'Counter Top', 'Fabricacion e instalacion del counter top no incluye el material ni el sink<br>', 2690.00, 1.00, 2690.00, '2025-06-13 11:49:20', '2025-06-13 11:49:20'),
(12660, 562, 20, 'Extra', 'Cobro  adicional por los gabinetes de arriba de la ventana <br>', 500.00, 1.00, 500.00, '2025-06-13 11:49:20', '2025-06-13 11:49:20'),
(12661, 562, 20, 'Extra', 'Cobro  adicional por cortar los muebles de la peninsula 350<br>', 0.00, 1.00, 0.00, '2025-06-13 11:49:20', '2025-06-13 11:49:20'),
(12662, 871, 31, 'Counter Top', 'Manufacturing and installation of the kitchen and coffee bar counters, all manufactured in 45 by 2-inch laminate, for 887 heron ave.', 3560.00, 1.00, 3560.00, '2025-06-13 11:59:26', '2025-06-13 11:59:26'),
(12666, 872, 15, 'Fabrication de gabinetes con puertas cde acrilico', '<div>&nbsp;&nbsp;&nbsp;&nbsp; Fabricacion e instalacion de gabinetes para tres vanitys de playwood prefinish 3/4 con puertas de melamina color Canela Rustick diseno de las puertas&nbsp; plane.</div><div>&nbsp;&nbsp;&nbsp;&nbsp; Incluye:</div><div>&nbsp;&nbsp;&nbsp;&nbsp; -Todas las puertas y gabetas cierran suave (soft close regular)</div><div>&nbsp;&nbsp;&nbsp;&nbsp; -Las agarraderas seran de platina</div><div><br></div><div><br></div><div>PD: el precio total es de 2790<br></div><div><br></div>', 2000.00, 1.00, 2000.00, '2025-06-13 12:10:10', '2025-06-13 12:10:10'),
(12667, 872, 31, 'Counter Top', '<div>Fabricacion e instalacion del counter top no incluye el material</div><div><br></div><div>PD:el precio total es de 1450<br></div>', 1000.00, 1.00, 1000.00, '2025-06-13 12:10:10', '2025-06-13 12:10:10'),
(12668, 872, 20, 'Extra', 'Cobro  adicional por el material de los banos Quartz Blanco<br>', 750.00, 1.00, 750.00, '2025-06-13 12:10:10', '2025-06-13 12:10:10'),
(12677, 873, 15, 'Fabrication de gabinetes con puertas cde acrilico', '<div>&nbsp;&nbsp;&nbsp;&nbsp; Fabricacion e instalacion de gabinetes de cosina y el bar de playwood gris 3/4 con puertas de acrilico, para el apartamento de marco island.</div><div>&nbsp;&nbsp;&nbsp;&nbsp; Incluye:</div><div>&nbsp;&nbsp;&nbsp;&nbsp; -sistema gola.</div><div><br></div><div><br></div>', 8.00, 449.00, 3592.00, '2025-06-13 14:12:31', '2025-06-13 14:12:31'),
(12678, 873, 15, 'Fabrication de gabinetes con puertas cde acrilico', '<div>&nbsp;&nbsp;&nbsp;&nbsp; Fabricacion e instalacion de 2 gabinetes de baño de playwood gris 3/4 con puertas de acrilico.</div><div>&nbsp;&nbsp;&nbsp;&nbsp; Incluye:</div><div>&nbsp;&nbsp;&nbsp;&nbsp; -sistema de gola.</div><div><br></div><div><br></div>', 8.00, 79.00, 632.00, '2025-06-13 14:12:31', '2025-06-13 14:12:31'),
(12679, 873, 15, 'Fabrication de gabinetes con puertas cde acrilico', '<div>&nbsp;&nbsp;&nbsp;&nbsp; Fabricacion e instalacion de dos pantrys para al lado de los baños de&nbsp; playwood blanco 3/4 con puertas de acrilico.</div><div>&nbsp;&nbsp;</div><div><br></div>', 8.00, 146.00, 1168.00, '2025-06-13 14:12:31', '2025-06-13 14:12:31'),
(12680, 873, 29, 'Closet Blanco.', 'Fabricacion e instalacion de closets de melamina&nbsp; 3/4 de color (Blanco ) para el cuato de las niñas.', 80.00, 5.30, 424.00, '2025-06-13 14:12:31', '2025-06-13 14:12:31'),
(12681, 873, 20, 'Extra', '<div>Cobro  adicional por el hardware de las puertas de corredera, para el closet de las niñas.</div><div><br></div>', 120.00, 1.00, 120.00, '2025-06-13 14:12:31', '2025-06-13 14:12:31'),
(12682, 873, 20, 'Extra', 'Cobro  adicional por 2 shevs para el bar.', 3.00, 73.00, 219.00, '2025-06-13 14:12:31', '2025-06-13 14:12:31'),
(12683, 873, 20, 'Extra', 'Cobro  adicional por tres shellvs para la entrada.', 3.00, 68.00, 204.00, '2025-06-13 14:12:31', '2025-06-13 14:12:31'),
(12684, 873, 15, 'Fabrication de gabinetes con puertas cde acrilico', '<div>&nbsp;&nbsp;&nbsp;&nbsp; Fabricacion e instalacion de gabinetes para el tv y para el cuarto de las niñas de&nbsp; playwood blanco 3/4 con puertas de acrilico .</div><div>&nbsp;&nbsp;&nbsp;&nbsp; Incluye:</div><div>&nbsp;&nbsp;&nbsp;&nbsp; -correderas de metal blancas de 10 \'\'.</div><div><br></div>', 8.00, 84.00, 672.00, '2025-06-13 14:12:31', '2025-06-13 14:12:31'),
(12685, 873, 20, 'Extra', 'Cobro  adicional por la elaboracion de las puertas del cuarto master y las del pasillo a la entrada.', 60.00, 6.00, 360.00, '2025-06-13 14:12:31', '2025-06-13 14:12:31'),
(12687, 874, 15, 'Fabrication de gabinetes con puertas cde acrilico', '<div>&nbsp; Manufacturing and installation of cabinets for her bathroom, made of 3/4 prefinished american plywood with matte white plane acrylic doors, for 887 heron.</div><div>Includes:</div><div>-Blum soft close drawer slides.</div><div>-One frosted glass door.</div>', 1850.00, 1.00, 1850.00, '2025-06-13 14:37:38', '2025-06-13 14:37:38'),
(12688, 874, 20, 'Extra', 'Repaint the bathroom cabinets in a solid color.', 4800.00, 1.00, 4800.00, '2025-06-13 14:37:38', '2025-06-13 14:37:38'),
(12694, 875, 15, 'Fabrication de gabinetes con puertas cde acrilico', '<div>&nbsp;&nbsp;&nbsp;&nbsp; Fabricacion e instalacion de gabinetes de vanitys de plywood prefinish 3/4&nbsp;</div><div>&nbsp; &nbsp;&nbsp;</div><div><br></div><div><br></div><div><br></div><div><br></div>', 5.00, 611.00, 3055.00, '2025-06-13 15:01:39', '2025-06-13 15:01:39'),
(12695, 875, 20, 'Extra', 'Cobro  adicional por los metales gola (5 tiras y media), las escuadras de soportey dos micas para los open shelves&nbsp;', 370.00, 1.00, 370.00, '2025-06-13 15:01:39', '2025-06-13 15:01:39'),
(12696, 875, 20, 'Extra', 'Cobro  adicional por las correderas undermount chinas', 12.00, 22.00, 264.00, '2025-06-13 15:01:39', '2025-06-13 15:01:39'),
(12697, 875, 24, 'Instalacion', 'Instalacion', 1.50, 611.00, 916.50, '2025-06-13 15:01:39', '2025-06-13 15:01:39'),
(12698, 857, 15, 'Fabrication de gabinetes con puertas cde acrilico', '<div>&nbsp;&nbsp;&nbsp;&nbsp; Fabricacion de gabinetes de cocina de plywood prefinish 3/4 .</div><div>&nbsp;&nbsp;&nbsp; <br></div><div>392.25 \" x 7 cocinas 2745.75<br></div>', 5.00, 2745.25, 13726.25, '2025-06-19 11:30:17', '2025-06-19 11:30:17'),
(12699, 857, 20, 'Extra', 'Cobro  adicional por los metales gola color negro y los push para las puertas de arriba del frio y la campana<br>', 115.00, 7.00, 805.00, '2025-06-19 11:30:17', '2025-06-19 11:30:17'),
(12700, 857, 20, 'Extra', 'Cobro  adicional por la fabricacion e intalacion de 280\" de sofy <br>', 1000.00, 7.00, 7000.00, '2025-06-19 11:30:17', '2025-06-19 11:30:17'),
(12701, 857, 20, 'Extra', '<div>Cobro  adicional por las correderas blum <br></div><div><br></div><div>5 correderas x 7 cocinas 35 <br></div>', 20.00, 35.00, 700.00, '2025-06-19 11:30:17', '2025-06-19 11:30:17'),
(12702, 857, 20, 'Extra', '<div>Cobro  adicional por las visagras blum soft close</div><div><br></div><div>32 visagras x 7 cocinas<br></div>', 2.90, 224.00, 649.60, '2025-06-19 11:30:17', '2025-06-19 11:30:17'),
(12703, 857, 24, 'Instalacion', '<div>Instalacion</div><div><br></div><div>390 \" por 7 cocinas 2730 \"<br></div>', 1.50, 2748.00, 4122.00, '2025-06-19 11:30:17', '2025-06-19 11:30:17'),
(12704, 863, 15, 'Fabrication de gabinetes con puertas cde acrilico', '<div>&nbsp;&nbsp;&nbsp;&nbsp; Fabricacion de gabinetes de cocina&nbsp; de plywood prefinish 3/4 de color blanco de brillo.</div><div>&nbsp;&nbsp;&nbsp; <br></div>', 6.00, 222.00, 1332.00, '2025-06-19 11:31:37', '2025-06-19 11:31:37'),
(12705, 863, 20, 'Extra', 'Cobro  adicional por las correderas undermount <br>', 12.00, 7.00, 84.00, '2025-06-19 11:31:37', '2025-06-19 11:31:37'),
(12706, 863, 24, 'Instalacion', 'Instalacion', 1.50, 222.00, 333.00, '2025-06-19 11:31:37', '2025-06-19 11:31:37'),
(12707, 862, 15, 'Fabrication de gabinetes con puertas cde acrilico', '<div>&nbsp;&nbsp;&nbsp;&nbsp; Fabricacion e instalacion de gabinetes de cocina de plywood prefinish 3/4 de acrilico blanco de brillo.</div><div>&nbsp;&nbsp;&nbsp; <br></div>', 3000.00, 1.00, 3000.00, '2025-06-19 11:32:24', '2025-06-19 11:32:24'),
(12708, 856, 15, 'Fabrication de gabinetes con puertas cde acrilico', '<div>&nbsp;&nbsp;&nbsp;&nbsp; Fabricacion de gabinetes de cocina&nbsp; y un vanity de plywood prefinish 3/4 color blanco de brillo.</div><div>&nbsp;&nbsp;&nbsp;&nbsp; <br></div><div><br></div><div><br></div><div><br></div><div><br></div>', 5.00, 309.00, 1545.00, '2025-06-19 11:33:41', '2025-06-19 11:33:41'),
(12709, 856, 24, 'Instalacion', 'Instalacion', 1.50, 309.00, 463.50, '2025-06-19 11:33:41', '2025-06-19 11:33:41'),
(12710, 846, 15, 'Fabrication de gabinetes con puertas cde acrilico', '<div>&nbsp;&nbsp;&nbsp;&nbsp; Fabricacion de gabinetes para bano de playwood prefinish 3/4&nbsp;</div><div><br></div><div><br></div>', 5.00, 73.50, 367.50, '2025-06-19 11:34:29', '2025-06-19 11:34:29'),
(12711, 846, 20, 'Extra', 'Cobro  adicional por las correteadas undermount&nbsp;', 18.00, 2.00, 36.00, '2025-06-19 11:34:29', '2025-06-19 11:34:29'),
(12712, 846, 20, 'Extra', 'Cobro  adicional por metales gola&nbsp;', 22.00, 1.00, 22.00, '2025-06-19 11:34:29', '2025-06-19 11:34:29'),
(12713, 846, 20, 'Extra', 'Cobro  adicional por la intalacion', 1.50, 73.50, 110.25, '2025-06-19 11:34:29', '2025-06-19 11:34:29'),
(12714, 846, 20, 'Extra', 'Cobro  adicional por desconectar y arrancar el baño existente,cambiar dos bisagras en la cocina incluyendo las visagras', 100.00, 1.00, 100.00, '2025-06-19 11:34:29', '2025-06-19 11:34:29'),
(12715, 846, 20, 'Extra', 'Cobro  adicional por dos finish panel <br>', 8.30, 6.70, 55.61, '2025-06-19 11:34:29', '2025-06-19 11:34:29'),
(12716, 869, 26, 'Puertas', 'Fabricacion de Melamina texturizada color American Vertical (cocina de Homestead)', 5.00, 212.00, 1060.00, '2025-06-19 11:36:50', '2025-06-19 11:36:50'),
(12720, 868, 15, 'Fabrication de gabinetes con puertas cde acrilico', '<div>&nbsp;&nbsp;&nbsp;&nbsp; Fabricacion e instalacion de gabinetes de tres vanity de plywood prefinish 3/4 color American vertical.</div><div>&nbsp;&nbsp; e:</div><div>&nbsp;&nbsp;&nbsp;&nbsp; -Todas las puertas y gabetas cierran suave (soft close)</div><div>&nbsp;&nbsp;&nbsp;&nbsp; -Las agarraderas seran de platina</div><div><br></div><div><br></div><div><br></div><div><br></div>', 5.00, 183.00, 915.00, '2025-06-19 11:38:22', '2025-06-19 11:38:22'),
(12721, 868, 20, 'Extra', 'Cobro  adicional por una mica rosset tropical para vestir el pantry del bano y cambiar de posicion (incluye el trabajo, mica y pvc)', 60.00, 1.00, 60.00, '2025-06-19 11:38:22', '2025-06-19 11:38:22'),
(12722, 868, 24, 'Instalacion', 'Instalacion', 1.50, 183.00, 274.50, '2025-06-19 11:38:22', '2025-06-19 11:38:22'),
(12723, 838, 15, 'Fabrication de gabinetes con puertas cde acrilico', '<div>&nbsp;&nbsp;&nbsp;&nbsp; Fabricacion de gabinetes de cocina de plywood prefinish 3/4.</div><div>&nbsp;&nbsp;&nbsp;&nbsp; Incluye:</div><div>&nbsp;&nbsp;&nbsp;&nbsp; -Todas las puertas y gabetas cierran suave (soft close regular)</div><div><br></div><div><br></div><div><br></div><div><br></div>', 5.00, 537.50, 2687.50, '2025-06-19 11:39:00', '2025-06-19 11:39:00'),
(12724, 838, 20, 'Extra', 'Cobro adicional por los metales gola.', 39.00, 3.00, 117.00, '2025-06-19 11:39:00', '2025-06-19 11:39:00'),
(12725, 838, 20, 'Extra', 'Cobro  adicional por la fabricación de 6 shelves en el aire', 95.00, 6.00, 570.00, '2025-06-19 11:39:00', '2025-06-19 11:39:00'),
(12726, 838, 20, 'Extra', 'Cobro  adicional por el cesto de basura soft close&nbsp;', 160.00, 1.00, 160.00, '2025-06-19 11:39:00', '2025-06-19 11:39:00'),
(12727, 838, 20, 'Extra', 'Cobro  adicional por las correderas chinas undermount', 15.00, 6.00, 90.00, '2025-06-19 11:39:00', '2025-06-19 11:39:00'),
(12728, 838, 20, 'Extra', 'Cobro  adicional por la instalación&nbsp;', 1000.00, 1.00, 1000.00, '2025-06-19 11:39:00', '2025-06-19 11:39:00'),
(12729, 838, 20, 'Extra', 'Cobro  adicional por los track de luces incluyen los del vanity', 15.00, 5.00, 75.00, '2025-06-19 11:39:00', '2025-06-19 11:39:00'),
(12772, 876, 15, 'Fabrication de gabinetes con puertas cde acrilico', '<div>&nbsp; Fabrication and installation of 3/4 inch American plywood kitchen cabinets, with acrylic doors in the customer\'s choice of color, for 1110 quail ave.</div><div>&nbsp;Includes:</div><div>-All blum brand soft-closing doors and drawers.</div><div>-3\'\' molding againt the celing.</div><div><br></div>', 19850.00, 1.00, 19850.00, '2025-06-23 20:36:45', '2025-06-23 20:36:45'),
(12781, 877, 46, 'gabinetes del ambulatorio', 'Fabricacion e instalacion&nbsp; de gabinetes, de melamina blanca por dentro, con las puertas en melamina o MDF laminado en acrilico, segun escojan, para el local 101 (Administracion y recepcion).<div>Incluye:</div><div>-Tiradores de platina o de barrita segun escojan, estos serian en brosh nikel.</div><div>-Todas las correderas y bisagras seran de las importadas de cierre suave.</div>', 12.00, 194.00, 2328.00, '2025-06-23 22:05:29', '2025-06-23 22:05:29'),
(12782, 877, 47, 'Counter top ambulatorio de miramar.', 'Fabricacion e instalacion de los counter top de acrilic solid surface, el color sera escojido por ustedes y existen dos compañia que&nbsp; lo producen, que serian de la marca durasein o neogen.<div>Local 101<br><div>No incluye el material.</div><div>No incluye el sinck, recomendado por encima.</div></div>', 950.00, 1.00, 950.00, '2025-06-23 22:05:29', '2025-06-23 22:05:29'),
(12783, 877, 46, 'gabinetes del ambulatorio', 'Fabricacion e instalacion&nbsp; de gabinetes, de melamina blanca por dentro, con las puertas en melamina o MDF laminado en acrilico, segun escojan, para ellocal 104 (staff lounge).<div>Incluye:</div><div>-Tiradores de platina o de barrita segun escojan, estos serian en brosh nikel.</div><div>-Todas las correderas y bisagras seran de las importadas de cierre suave.</div>', 12.00, 257.00, 3084.00, '2025-06-23 22:05:30', '2025-06-23 22:05:30'),
(12784, 877, 47, 'Counter top ambulatorio de miramar.', 'Fabricacion e instalacion de los counter top de acrilic solid surface, el color sera escojido por ustedes y existen dos compañia que&nbsp; lo producen, que serian de la marca durasein o neogen.<div>Local 104.<br><div>No incluye el material.</div><div>No incluye el sinck, recomendado por encima.</div></div>', 725.00, 1.00, 725.00, '2025-06-23 22:05:30', '2025-06-23 22:05:30'),
(12785, 877, 46, 'gabinetes del ambulatorio', 'Fabricacion e instalacion&nbsp; de gabinetes, de melamina blanca por dentro, con las puertas en melamina o MDF laminado en acrilico, segun escojan, para ellocal 137 (Clean&nbsp; wrkrm).<div>Incluye:</div><div>-Tiradores de platina o de barrita segun escojan, estos serian en brosh nikel.</div><div>-Todas las correderas y bisagras seran de las importadas de cierre suave.</div>', 12.00, 434.00, 5208.00, '2025-06-23 22:05:30', '2025-06-23 22:05:30'),
(12786, 877, 47, 'Counter top ambulatorio de miramar.', 'Fabricacion e instalacion de los counter top de acrilic solid surface, el color sera escojido por ustedes y existen dos compañia que&nbsp; lo producen, que serian de la marca durasein o neogen.<div>Local 137.<br><div>No incluye el material.</div><div>No incluye el sinck, recomendado por encima.</div></div>', 1380.00, 1.00, 1380.00, '2025-06-23 22:05:30', '2025-06-23 22:05:30'),
(12787, 877, 46, 'gabinetes del ambulatorio', 'Fabricacion e instalacion&nbsp; de gabinetes, de melamina blanca por dentro, con las puertas en melamina o MDF laminado en acrilico, segun escojan, para ellocal 125 (Anestesia).<div>Incluye:</div><div>-Tiradores de platina o de barrita segun escojan, estos serian en brosh nikel.</div><div>-Todas las correderas y bisagras seran de las importadas de cierre suave.</div>', 12.00, 405.00, 4860.00, '2025-06-23 22:05:30', '2025-06-23 22:05:30'),
(12788, 877, 47, 'Counter top ambulatorio de miramar.', 'Fabricacion e instalacion de los counter top de acrilic solid surface, el color sera escojido por ustedes y existen dos compañia que&nbsp; lo producen, que serian de la marca durasein o neogen.<div>Local 125.<br><div>No incluye el material.</div><div>No incluye el sinck, recomendado por encima.</div></div>', 1275.00, 1.00, 1275.00, '2025-06-23 22:05:30', '2025-06-23 22:05:30'),
(12790, 806, 15, 'Fabrication de gabinetes con puertas cde acrilico', '<div>&nbsp;&nbsp;&nbsp;&nbsp; Fabricacion e instalacion de gabinetes de cocina de playwood prefinish 3/4 con puertas de acrilico blanco de brillo plane con pvc 2 tones.</div><div>&nbsp;&nbsp;&nbsp;&nbsp; Incluye:</div><div>&nbsp;&nbsp;&nbsp;&nbsp; -Todas las puertas y gabetas cierran suave (soft close regular)</div><div>&nbsp; &nbsp; &nbsp;</div><div><br></div><div><br></div><div><br></div><div><br></div>', 9550.00, 1.00, 9550.00, '2025-06-24 00:55:05', '2025-06-24 00:55:05'),
(12791, 806, 31, 'Counter Top', 'Fabricacion e instalacion del counter top , no incluye el material ni el sink<br>', 4700.00, 1.00, 4700.00, '2025-06-24 00:55:05', '2025-06-24 00:55:05'),
(12792, 806, 20, 'Extra', 'Cobro  adicional por el pantry de 41’’ (si no hace la cocina el precio es &nbsp;$1500', 900.00, 1.00, 900.00, '2025-06-24 00:55:05', '2025-06-24 00:55:05'),
(12794, 878, 11, 'Fabricacion de gabinetes con puertas de madera', '<div>&nbsp;&nbsp;&nbsp;&nbsp; Fabricacion e intalacion de gabinetes de plywood prefinish 3/4 con puertas de madera para pintar.</div><div>&nbsp;&nbsp;&nbsp; &nbsp; &nbsp; Incluye:</div><div>&nbsp;&nbsp; &nbsp; &nbsp;&nbsp;&nbsp; -El hardware tanto de puertas y gabetas es soft close regular</div><div>&nbsp;&nbsp;&nbsp; &nbsp; &nbsp;&nbsp; -Los tiradores de barritas</div><div><br></div><div><br></div><div>PD: si el plywood es de color blanco o gris para&nbsp; el interior de los gabinetes se&nbsp; cobrara 500 dolares al total del invoice<br></div><div><br></div>', 100.00, 1.00, 100.00, '2025-06-24 13:00:44', '2025-06-24 13:00:44'),
(12797, 879, 15, 'Fabrication de gabinetes con puertas cde acrilico', '<div>&nbsp;&nbsp;&nbsp;&nbsp; Fabricacion e instalacion de gabinetes de cosina de playwood prefinish 3/4 con puertas de acrilico blanco de brillo plane con pvc 2 tones.</div><div>&nbsp;&nbsp;&nbsp;&nbsp; Incluye:</div><div>&nbsp;&nbsp;&nbsp;&nbsp; -Todas las puertas y gabetas cierran suave (soft close)</div><div>&nbsp;&nbsp;&nbsp;&nbsp; -Las agarraderas seran de platina</div><div><br></div><div><br></div><div><br></div><div><br></div>', 20.00, 1.00, 20.00, '2025-06-25 13:59:17', '2025-06-25 13:59:17');

-- --------------------------------------------------------

--
-- Table structure for table `migrations`
--

CREATE TABLE `migrations` (
  `id` int UNSIGNED NOT NULL,
  `migration` varchar(191) CHARACTER SET utf8mb4 COLLATE utf8mb4_unicode_ci NOT NULL,
  `batch` int NOT NULL
) ENGINE=MyISAM DEFAULT CHARSET=utf8mb4 COLLATE=utf8mb4_unicode_ci;

--
-- Dumping data for table `migrations`
--

INSERT INTO `migrations` (`id`, `migration`, `batch`) VALUES
(1, '2014_10_12_000000_create_users_table', 1),
(2, '2014_10_12_100000_create_password_resets_table', 1),
(3, '2017_11_03_023141_create_provider_table', 1),
(4, '2017_11_07_150315_create_payment_types_table', 1),
(5, '2017_11_07_150800_create_workers_table', 1),
(6, '2017_11_09_045634_create_products_table', 1),
(7, '2017_11_15_042234_create_services_table', 1),
(8, '2017_11_21_023517_create_settings_table', 1),
(9, '2017_11_24_154354_create_payment_methods_table', 1),
(10, '2017_11_26_184245_create_invoices_table', 1),
(11, '2017_11_26_184246_create_clients_table', 1),
(12, '2017_11_26_192652_create_invoice_services_table', 1),
(13, '2017_11_26_192724_create_invoice_products_table', 1),
(14, '2017_11_26_192746_create_invoice_payments_table', 1),
(15, '2017_12_04_064729_create_expenses_table', 1),
(16, '2017_12_09_164439_create_provider_bills_table', 1),
(17, '2017_12_09_170329_create_provider_bills_lines_table', 1),
(18, '2017_12_17_231751_create_images_table', 1),
(19, '2017_12_19_125554_laratrust_setup_tables', 2);

-- --------------------------------------------------------

--
-- Table structure for table `payment_methods`
--

CREATE TABLE `payment_methods` (
  `id` int UNSIGNED NOT NULL,
  `name` varchar(191) CHARACTER SET utf8mb4 COLLATE utf8mb4_unicode_ci NOT NULL,
  `description` varchar(191) CHARACTER SET utf8mb4 COLLATE utf8mb4_unicode_ci NOT NULL,
  `available` tinyint(1) NOT NULL,
  `created_at` timestamp NULL DEFAULT NULL,
  `updated_at` timestamp NULL DEFAULT NULL
) ENGINE=InnoDB DEFAULT CHARSET=utf8mb4 COLLATE=utf8mb4_unicode_ci;

--
-- Dumping data for table `payment_methods`
--

INSERT INTO `payment_methods` (`id`, `name`, `description`, `available`, `created_at`, `updated_at`) VALUES
(1, 'cash', 'cash', 1, NULL, NULL),
(2, 'check', 'check', 1, NULL, NULL),
(3, 'debit', 'debit', 1, NULL, NULL),
(4, 'cedit', 'cedit', 1, NULL, NULL);

-- --------------------------------------------------------

--
-- Table structure for table `payment_types`
--

CREATE TABLE `payment_types` (
  `id` int UNSIGNED NOT NULL,
  `descriptions` varchar(191) CHARACTER SET utf8mb4 COLLATE utf8mb4_unicode_ci NOT NULL,
  `created_at` timestamp NULL DEFAULT NULL,
  `updated_at` timestamp NULL DEFAULT NULL
) ENGINE=InnoDB DEFAULT CHARSET=utf8mb4 COLLATE=utf8mb4_unicode_ci;

--
-- Dumping data for table `payment_types`
--

INSERT INTO `payment_types` (`id`, `descriptions`, `created_at`, `updated_at`) VALUES
(1, 'Adjustment', NULL, NULL),
(2, 'Hours', NULL, NULL);

-- --------------------------------------------------------

--
-- Table structure for table `permissions`
--

CREATE TABLE `permissions` (
  `id` int UNSIGNED NOT NULL,
  `name` varchar(191) CHARACTER SET utf8mb4 COLLATE utf8mb4_unicode_ci NOT NULL,
  `display_name` varchar(191) CHARACTER SET utf8mb4 COLLATE utf8mb4_unicode_ci DEFAULT NULL,
  `description` varchar(191) CHARACTER SET utf8mb4 COLLATE utf8mb4_unicode_ci DEFAULT NULL,
  `created_at` timestamp NULL DEFAULT NULL,
  `updated_at` timestamp NULL DEFAULT NULL
) ENGINE=MyISAM DEFAULT CHARSET=utf8mb4 COLLATE=utf8mb4_unicode_ci;

-- --------------------------------------------------------

--
-- Table structure for table `permission_role`
--

CREATE TABLE `permission_role` (
  `permission_id` int UNSIGNED NOT NULL,
  `role_id` int UNSIGNED NOT NULL
) ENGINE=MyISAM DEFAULT CHARSET=utf8mb4 COLLATE=utf8mb4_unicode_ci;

-- --------------------------------------------------------

--
-- Table structure for table `permission_user`
--

CREATE TABLE `permission_user` (
  `permission_id` int UNSIGNED NOT NULL,
  `user_id` int UNSIGNED NOT NULL,
  `user_type` varchar(191) CHARACTER SET utf8mb4 COLLATE utf8mb4_unicode_ci NOT NULL
) ENGINE=MyISAM DEFAULT CHARSET=utf8mb4 COLLATE=utf8mb4_unicode_ci;

-- --------------------------------------------------------

--
-- Table structure for table `products`
--

CREATE TABLE `products` (
  `id` int UNSIGNED NOT NULL,
  `name` varchar(191) CHARACTER SET utf8mb4 COLLATE utf8mb4_unicode_ci NOT NULL,
  `description` text CHARACTER SET utf8mb4 COLLATE utf8mb4_unicode_ci NOT NULL,
  `extent` double(64,2) UNSIGNED NOT NULL,
  `price` double(64,2) UNSIGNED NOT NULL,
  `qty` int UNSIGNED NOT NULL,
  `advailable` tinyint(1) NOT NULL,
  `provider_id` int UNSIGNED NOT NULL,
  `created_at` timestamp NULL DEFAULT NULL,
  `updated_at` timestamp NULL DEFAULT NULL
) ENGINE=InnoDB DEFAULT CHARSET=utf8mb4 COLLATE=utf8mb4_unicode_ci;

--
-- Dumping data for table `products`
--

INSERT INTO `products` (`id`, `name`, `description`, `extent`, `price`, `qty`, `advailable`, `provider_id`, `created_at`, `updated_at`) VALUES
(2, 'PVC ANGELUS  NEGRO BI-COLOR', 'PVC ANGELUS  NEGRO BI-COLOR', 95.00, 0.00, 1, 1, 8, '2018-01-11 17:55:09', '2018-01-16 07:10:19'),
(3, 'PVC TEXT CANNELLA RUSTIKNG87 15/16', 'PVC TEXT CANNELLA RUSTIKNG87 15/16 1MMX500ROL', 70.00, 0.00, 1, 1, 8, '2018-01-11 23:34:47', '2018-01-11 23:34:47'),
(4, 'PVC SYNCRON FULL ROLL RUSTIK', 'PVC SYNCRON FULL ROLL RUSTIK IDA 004', 0.22, 0.00, 500, 1, 8, '2018-01-11 23:40:46', '2018-01-11 23:40:46'),
(5, 'CONTACT CEMENT 951 WILSONART 5G', 'CONTACT CEMENT 951 WILSONART 5G', 65.00, 0.00, 1, 1, 8, '2018-01-12 00:20:40', '2018-01-12 00:20:40'),
(6, 'STAPLE 18GA L17 1/4 X 1 1/2', 'STAPLE 18GA L17 1/4 X 1 1/2', 9.50, 0.00, 6, 1, 8, '2018-01-12 00:22:09', '2018-01-12 00:22:09'),
(7, 'STAPLE 18GA M10 3/8 X 5/8', 'STAPLE 18GA M10 3/8 X 5/8', 8.50, 0.00, 10, 1, 8, '2018-01-12 00:23:33', '2018-01-12 00:23:33'),
(8, 'MELA TEXT 3/4 CANNELLA RUSSTIK RAIN G87 2S 5X8', 'MELA TEXT 3/4 CANNELLA RUSSTIK RAIN G87 2S 5X8', 76.00, 0.00, 3, 1, 8, '2018-01-12 00:25:39', '2018-01-12 00:25:39'),
(9, 'PANEL SYNCRON OLMO 003 R672212', 'PANEL SYNCRON OLMO 003 R672212', 89.00, 0.00, 1, 1, 8, '2018-01-12 00:27:15', '2018-01-12 00:27:15'),
(10, 'PLY 3/4 LAM WHITE 1 SIDE 4X8', 'PLY 3/4 LAM WHITE 1 SIDE 4X8', 35.00, 0.00, 3, 1, 8, '2018-01-12 00:29:15', '2018-01-12 00:29:15'),
(11, 'PLY 1/2\" BIRCH PF 2 SIDE 4X8', 'PLY 1/2\" BIRCH PF 2 SIDE 4X8', 29.00, 0.00, 6, 1, 8, '2018-01-12 00:30:33', '2018-01-12 00:30:33'),
(12, 'Mica GL 5952-31 Black Marquina Main 4x8 Thin Gloss', 'Mica GL 5952-31 Black Marquina Main 4x8 Thin Gloss', 19.99, 0.00, 1, 1, 7, '2018-01-12 00:58:06', '2018-01-12 00:58:06'),
(13, 'Mica GL 5952-31 Black Marquina 5x12 Heavy Gloss', 'Mica GL 5952-31 Black Marquina 5x12 Heavy Gloss', 59.99, 0.00, 1, 1, 7, '2018-01-12 01:00:27', '2018-01-12 01:00:27'),
(14, 'Full Extension Soft Close 18\" Eurovinil', 'Full Extension Soft Close 18\" Eurovinil', 6.50, 0.00, 50, 1, 7, '2018-01-12 01:03:17', '2018-01-12 01:03:17'),
(15, 'Birch 3/4 Pre Finished 1Side C2', 'Birch 3/4 Pre Finished 1Side C2', 28.90, 0.00, 55, 1, 7, '2018-01-12 01:14:02', '2018-01-12 01:14:02'),
(16, 'Birch 1/4 Pre Finished 1 Side C', 'Birch 1/4 Pre Finished 1 Side C', 16.50, 0.00, 25, 1, 7, '2018-01-12 01:15:34', '2018-01-12 01:16:09'),
(17, 'Full Extention Regular 18', 'Full Extention Regular 18', 1.90, 0.00, 130, 1, 7, '2018-01-12 01:19:05', '2019-06-26 01:07:07'),
(18, 'Lazy Susan Kidney 28\" White Revisar Antes De Darlo', 'Lazy Susan Kidney 28\" White Revisar Antes De Darlo', 28.00, 0.00, 9, 1, 7, '2018-01-12 01:21:01', '2018-03-03 00:27:18'),
(19, 'Hinge 135 Degrees Adjustable Plate', 'Hinge 135 Degrees Adjustable Plate', 2.49, 0.00, 10, 1, 7, '2018-01-12 01:24:22', '2018-01-12 01:24:22'),
(20, 'Hinge 180 Degrees Adjustable Plate', 'Hinge 180 Degrees Adjustable Plate', 2.49, 0.00, 30, 1, 7, '2018-01-12 01:25:17', '2018-02-08 03:28:09'),
(22, 'Full Extention Regular 16', 'Full Extention Regular 16', 3.30, 0.00, 10, 1, 7, '2018-01-12 01:30:50', '2018-01-12 01:30:50'),
(23, 'Mica 58 Formica 4x8 Thin Matte Ordenada 12/1', 'Mica 58 Formica 4x8 Thin Matte Ordenada 12/1', 25.99, 0.00, 9, 1, 7, '2018-01-12 01:32:27', '2018-01-12 01:32:27'),
(24, 'PVC HIGH GLOSS WHITE BRUSHED ALUMNINIUM', 'PVC HIGH GLOSS WHITE BRUSHED ALUMNINIUM', 45.00, 0.00, 2, 1, 7, '2018-01-12 01:38:17', '2018-01-12 01:38:17'),
(25, 'Lam Chocolate 4x8 F', 'Lam Chocolate 4x8 F', 19.73, 0.00, 3, 1, 8, '2018-01-12 01:40:01', '2018-01-12 01:40:01'),
(26, 'MDF 3/4 White 1 Side 4/8', 'MDF 3/4 White 1 Side 4/8', 30.00, 0.00, 1, 1, 8, '2018-01-12 01:42:27', '2018-01-12 01:42:27'),
(27, 'Lam 1222 Pear Wood 4x8 F Laminati', 'Lam 1222 Pear Wood 4x8 F Laminati', 21.00, 0.00, 3, 1, 8, '2018-01-12 01:45:57', '2018-01-12 01:45:57'),
(28, 'Mela 5/8 Hard Rock Maple Domestic 4x9', 'Mela 5/8 Hard Rock Maple Domestic 4x9', 30.60, 0.00, 6, 1, 8, '2018-01-12 01:48:07', '2018-01-12 01:48:07'),
(29, 'Mel Text 3/4 Grey Echo Rain 589 2S 5X8', 'Mel Text 3/4 Grey Echo Rain 589 2S 5X8', 76.00, 0.00, 1, 1, 8, '2018-01-12 01:50:53', '2018-01-12 01:50:53'),
(30, 'PVC Text Grey Echo 589/16x1 MMX 500 FT', 'PVC Text Grey Echo 589/16x1 MMX 500 FT', 70.00, 0.00, 1, 1, 8, '2018-01-12 01:52:50', '2018-01-12 01:53:02'),
(31, 'Lam 1222 Pear Wood 4x8 F Laminati', 'Lam 1222 Pear Wood 4x8 F Laminati', 19.50, 0.00, 1, 1, 8, '2018-01-12 01:57:40', '2018-01-12 01:57:40'),
(35, 'Handle l shape 75 mm brush h-js 1020-75', 'Handle l shape 75 mm brush h-js 1020-75', 1.80, 0.00, 6, 1, 8, '2018-01-13 23:43:44', '2018-03-03 00:27:18'),
(36, 'Handle l shape 170mm brush h-js 1020-170', 'Handle l shape 170mm brush h-js 1020-170', 2.50, 0.00, 20, 1, 8, '2018-01-13 23:43:48', '2018-02-03 19:09:12'),
(37, 'Ply 3/4\" Birch PF 1side 4/8', 'Ply 3/4\" Birch PF 1side 4/8', 28.55, 0.00, 55, 1, 8, '2018-01-28 00:08:32', '2018-04-23 23:41:45'),
(38, 'SS 12-0738 BAR HANDLE 7 3/8', 'SS 12-0738 BAR HANDLE 7 3/8', 1.00, 0.00, 50, 1, 8, '2018-02-03 19:31:45', '2018-02-03 19:32:04'),
(39, 'BOX 3X21 X 60 SANDING BELT (10 X BOX)', 'BOX 3X21 X 60 SANDING BELT (10 X BOX)', 15.08, 0.00, 1, 1, 8, '2018-02-03 19:37:00', '2018-04-23 23:41:22'),
(40, 'P40 ZIRCONA OXIDE SANDING BELT 3X21', 'P40 ZIRCONA OXIDE SANDING BELT 3X21', 9.80, 0.00, 1, 1, 8, '2018-02-03 19:38:04', '2018-04-23 23:41:22'),
(41, 'Melamina  3/4  Grey Echo', 'Melamina  3/4  Grey Echo', 76.00, 0.00, 0, 1, 8, '2018-02-06 17:37:01', '2018-02-06 17:37:01'),
(42, 'Ply 3/4 white 1 side 4x8', 'Ply 3/4 white 1 side 4x8', 35.00, 0.00, 0, 1, 8, '2018-02-28 01:35:12', '2018-02-28 01:35:12'),
(43, 'SS12-0512 bar handle 5 1/2 ( dev )', 'SS12-0512 bar handle 5 1/2 ( dev )', 0.90, 0.00, 0, 1, 8, '2018-08-28 11:58:57', '2018-08-28 11:58:57'),
(44, 'Plywood 3/4\" laminate white two sides 4x8 17 MM', 'Plywood 3/4\" laminate white two sides 4x8 17 MM', 35.00, 0.00, 0, 1, 8, '2019-08-13 18:35:27', '2019-08-13 18:45:22'),
(45, 'Doors panel angelus antracita S/M', 'Doors panel angelus antracita S/M', 10.50, 0.00, 4, 1, 8, '2019-09-23 21:23:00', '2019-09-23 21:25:29');

-- --------------------------------------------------------

--
-- Table structure for table `providers`
--

CREATE TABLE `providers` (
  `id` int UNSIGNED NOT NULL,
  `name` varchar(191) CHARACTER SET utf8mb4 COLLATE utf8mb4_unicode_ci NOT NULL,
  `email` varchar(191) CHARACTER SET utf8mb4 COLLATE utf8mb4_unicode_ci DEFAULT NULL,
  `adress` varchar(191) CHARACTER SET utf8mb4 COLLATE utf8mb4_unicode_ci DEFAULT NULL,
  `phone_number` varchar(191) CHARACTER SET utf8mb4 COLLATE utf8mb4_unicode_ci NOT NULL,
  `company_name` varchar(191) CHARACTER SET utf8mb4 COLLATE utf8mb4_unicode_ci DEFAULT NULL,
  `created_at` timestamp NULL DEFAULT NULL,
  `updated_at` timestamp NULL DEFAULT NULL
) ENGINE=InnoDB DEFAULT CHARSET=utf8mb4 COLLATE=utf8mb4_unicode_ci;

--
-- Dumping data for table `providers`
--

INSERT INTO `providers` (`id`, `name`, `email`, `adress`, `phone_number`, `company_name`, `created_at`, `updated_at`) VALUES
(7, 'BEST PLY SUPPLIES', NULL, '920 W 23ST HIALEAH FL 33010', '3058831440', NULL, '2017-12-29 06:41:30', '2017-12-29 06:41:54'),
(8, 'ABC LUMBER & HARDWARE CORP.', NULL, '10010 NW 70TH AVEN, HIALEAH GARDENS, FL, 33016', '3058219991', NULL, '2017-12-29 06:43:54', '2018-01-02 01:40:53'),
(9, 'VLADIMIR', NULL, '9759 NW.80 AVE HIALEAH GARDEN , FLORIDA 33016', '3058288525', NULL, '2017-12-29 06:44:40', '2018-01-03 01:59:46'),
(10, 'LAMINATES AND THINGS', NULL, '1596 WEST 34 TH PL HIALEAH,FLORIDA 33012', '3053628080', NULL, '2018-01-03 02:06:09', '2018-01-03 02:06:09'),
(11, 'SMITH - HAMILTON SHOP,INC.', NULL, '4401 NW 37th AVE miami florida 33142', '3056336372', NULL, '2018-01-03 02:10:43', '2018-01-03 02:10:43'),
(12, 'LAMINATE GENERAL HARDWARE', NULL, '3101 W 80th STREET HIALEAH FLORIDA 33018', '3055571421', NULL, '2018-01-03 02:14:40', '2018-01-03 02:14:40'),
(13, 'LAMINATE & SUPPLY INC', NULL, '1787 WEST 32 PLACE HIALEAH, FLORIDA 33012', '3058858834', NULL, '2018-01-03 02:18:49', '2018-01-03 02:18:49'),
(14, 'BRIAN \'DOOR', NULL, '9635 NW 80 AVE, HIALEAH GARDENS, FLORIDA 33016', '3055585707', NULL, '2018-01-03 02:26:05', '2018-01-03 02:26:05'),
(15, 'Elite Closets and Doors Inc.', NULL, '9635 NW 80 AVE', '3055585707', NULL, '2018-02-03 02:12:45', '2018-02-03 02:12:45'),
(16, 'Imeca', NULL, '14830 sw 136 th street miami fl 33196', '3055048549', NULL, '2019-08-22 13:05:26', '2019-08-22 13:05:26');

-- --------------------------------------------------------

--
-- Table structure for table `provider_bills`
--

CREATE TABLE `provider_bills` (
  `id` int UNSIGNED NOT NULL,
  `provider_id` int UNSIGNED NOT NULL,
  `invoice_number` varchar(191) CHARACTER SET utf8mb4 COLLATE utf8mb4_unicode_ci NOT NULL,
  `description` text CHARACTER SET utf8mb4 COLLATE utf8mb4_unicode_ci,
  `date` date NOT NULL,
  `payment_methods_id` int UNSIGNED NOT NULL,
  `sub_total` double(64,2) NOT NULL,
  `tax` double(64,2) NOT NULL,
  `total` double(64,2) NOT NULL,
  `created_at` timestamp NULL DEFAULT NULL,
  `updated_at` timestamp NULL DEFAULT NULL,
  `status` varchar(191) CHARACTER SET utf8mb4 COLLATE utf8mb4_unicode_ci NOT NULL
) ENGINE=InnoDB DEFAULT CHARSET=utf8mb4 COLLATE=utf8mb4_unicode_ci;

--
-- Dumping data for table `provider_bills`
--

INSERT INTO `provider_bills` (`id`, `provider_id`, `invoice_number`, `description`, `date`, `payment_methods_id`, `sub_total`, `tax`, `total`, `created_at`, `updated_at`, `status`) VALUES
(13, 8, '00069000', NULL, '2017-12-16', 3, 244.00, 17.08, 261.08, '2017-12-30 04:50:02', '2018-01-02 00:17:27', 'Paid'),
(14, 8, '00068837', NULL, '2017-12-13', 3, 230.00, 16.10, 246.10, '2017-12-30 05:08:10', '2018-01-02 00:16:55', 'Paid'),
(15, 8, '00068438', NULL, '2017-12-02', 3, 66.03, 4.62, 70.65, '2017-12-30 05:14:36', '2018-01-02 00:03:46', 'Paid'),
(18, 8, '00069368', NULL, '2017-12-28', 3, 75.00, 5.25, 80.25, '2017-12-30 05:35:45', '2018-02-03 19:06:14', 'Paid'),
(19, 8, '00068737', NULL, '2017-12-11', 3, 152.00, 10.64, 162.64, '2017-12-30 05:42:32', '2018-01-02 00:02:32', 'Paid'),
(21, 8, '00068798', NULL, '2017-12-12', 3, 40.00, 2.80, 42.80, '2018-01-01 23:32:58', '2018-01-01 23:32:58', 'Paid'),
(22, 8, '00068669', NULL, '2017-12-08', 3, 20.14, 1.41, 21.55, '2018-01-01 23:42:48', '2018-01-02 00:01:29', 'Paid'),
(23, 8, '00069315', NULL, '2017-12-27', 3, 65.00, 4.55, 69.55, '2018-01-01 23:55:18', '2018-01-01 23:55:18', 'Paid'),
(24, 8, '00068659', NULL, '2017-12-08', 3, 127.00, 8.89, 135.89, '2018-01-02 00:48:21', '2018-01-02 00:48:21', 'Paid'),
(25, 8, '00068661', NULL, '2017-12-08', 3, 19.50, 1.36, 20.86, '2018-01-02 00:53:30', '2018-01-02 00:53:30', 'Paid'),
(26, 8, '00068716', NULL, '2017-12-09', 3, 70.00, 4.90, 74.90, '2018-01-02 00:58:06', '2018-01-02 00:58:06', 'Paid'),
(27, 8, '00068768', NULL, '2017-12-11', 3, 76.00, 5.32, 81.32, '2018-01-02 01:08:13', '2018-01-02 01:08:13', 'Paid'),
(28, 8, '00068570', NULL, '2017-12-06', 3, 246.60, 17.26, 263.86, '2018-01-02 01:13:08', '2018-01-02 01:13:08', 'Paid'),
(29, 8, '00069118', NULL, '2017-12-19', 3, 30.00, 2.10, 32.10, '2018-01-02 01:15:28', '2018-01-02 01:15:28', 'Paid'),
(30, 8, '00069153', NULL, '2017-12-20', 3, 19.73, 1.38, 21.11, '2018-01-02 01:17:29', '2018-01-02 01:17:29', 'Paid'),
(31, 8, '00069142', NULL, '2017-12-20', 3, 59.19, 4.14, 63.33, '2018-01-02 01:19:47', '2018-01-02 01:19:47', 'Paid'),
(32, 7, '165614', NULL, '2017-12-01', 3, 90.00, 6.30, 96.30, '2018-01-02 01:48:12', '2018-01-02 01:48:12', 'Paid'),
(33, 7, '165826', NULL, '2017-12-04', 3, 608.71, 42.61, 651.32, '2018-01-02 02:12:42', '2018-01-02 02:12:42', 'Paid'),
(34, 7, '166247', NULL, '2017-12-11', 3, 2097.00, 146.79, 2243.79, '2018-01-02 02:19:40', '2018-01-02 02:19:40', 'Paid'),
(35, 7, '167086', NULL, '2017-12-26', 3, 384.99, 26.95, 411.94, '2018-01-02 02:25:37', '2018-01-02 02:25:37', 'Paid'),
(38, 8, '00069430', NULL, '2017-12-30', 3, 61.50, 4.30, 65.80, '2018-01-05 08:04:50', '2018-02-03 19:06:45', 'Paid'),
(39, 12, '14374158', NULL, '2017-12-20', 3, 249.34, 17.45, 266.79, '2018-01-05 08:36:05', '2018-01-05 08:36:05', 'Paid'),
(40, 7, '167317', NULL, '2017-12-31', 3, 19.99, 1.40, 21.39, '2018-01-05 09:03:00', '2018-02-01 19:08:10', 'Paid'),
(41, 8, '00069699', NULL, '2018-01-10', 3, 1078.00, 75.46, 1153.46, '2018-01-11 04:13:47', '2018-02-03 19:07:32', 'Paid'),
(48, 8, '00069818', NULL, '2018-01-13', 3, 60.80, 4.26, 65.06, '2018-01-13 23:44:20', '2018-02-03 19:09:12', 'Paid'),
(51, 13, '128538', NULL, '2017-12-26', 3, 45.90, 3.21, 49.11, '2018-01-16 07:58:28', '2018-01-16 07:58:28', 'Paid'),
(52, 8, '00069765', NULL, '2018-01-11', 3, 572.10, 40.05, 612.15, '2018-01-27 23:38:27', '2018-02-03 19:08:18', 'Paid'),
(53, 8, '00069769', NULL, '2018-01-11', 3, 115.00, 8.05, 123.05, '2018-01-27 23:46:12', '2018-02-03 19:08:33', 'Paid'),
(54, 8, '00069729', NULL, '2018-01-11', 3, 70.00, 4.90, 74.90, '2018-01-27 23:52:50', '2018-02-03 19:08:02', 'Paid'),
(55, 8, '00069793', NULL, '2018-01-12', 3, 70.00, 4.90, 74.90, '2018-01-27 23:58:41', '2018-02-03 19:08:54', 'Paid'),
(56, 8, '00069886', NULL, '2018-01-16', 3, 2406.25, 168.44, 2574.69, '2018-01-28 00:23:17', '2018-02-06 21:45:32', 'Paid'),
(57, 8, '00070264', NULL, '2018-01-25', 3, 1890.25, 132.32, 2022.57, '2018-02-01 19:25:47', '2018-02-12 05:41:18', 'Paid'),
(58, 8, '00070137', NULL, '2018-01-22', 3, 174.00, 12.18, 186.18, '2018-02-01 19:30:11', '2018-02-12 05:39:36', 'Paid'),
(59, 8, '00070142', NULL, '2018-01-22', 3, 360.00, 25.20, 385.20, '2018-02-01 19:34:58', '2018-04-23 23:41:34', 'Paid'),
(60, 8, '00070060', NULL, '2018-01-19', 3, 24.00, 1.68, 25.68, '2018-02-01 19:40:24', '2018-02-12 05:38:54', 'Paid'),
(61, 8, '00070128', NULL, '2018-01-22', 3, 147.00, 10.29, 157.29, '2018-02-01 19:45:50', '2018-04-23 23:41:37', 'Paid'),
(62, 8, '00070245', NULL, '2018-01-24', 3, 425.00, 29.75, 454.75, '2018-02-02 05:29:59', '2018-02-12 05:40:50', 'Paid'),
(63, 8, '00070224', NULL, '2018-01-24', 3, 40.97, 2.87, 43.84, '2018-02-02 05:37:02', '2018-02-12 05:40:28', 'Paid'),
(64, 8, '00070528', NULL, '2018-01-31', 3, 177.00, 12.39, 189.39, '2018-02-02 05:42:35', '2018-02-12 05:43:25', 'Paid'),
(65, 8, '00069977', NULL, '2018-01-17', 3, 164.12, 11.49, 175.61, '2018-02-02 05:54:17', '2018-02-28 02:08:06', 'Paid'),
(66, 8, '00070304', NULL, '2018-01-25', 3, 1090.00, 76.30, 1166.30, '2018-02-02 06:07:59', '2018-02-12 05:41:52', 'Paid'),
(67, 7, '168398', NULL, '2018-01-18', 3, 530.00, 37.10, 567.10, '2018-02-02 06:23:05', '2018-02-02 06:23:05', 'Paid'),
(68, 7, '167616', NULL, '2018-01-08', 3, 2164.30, 151.50, 2315.80, '2018-02-02 07:00:14', '2018-02-02 07:00:14', 'Paid'),
(69, 15, '23', NULL, '2018-02-02', 2, 1727.91, 120.95, 1848.86, '2018-02-03 02:17:10', '2018-02-03 02:18:10', 'Paid'),
(70, 8, '00070599', 'materiales', '2018-02-02', 3, 1890.25, 132.32, 2022.57, '2018-02-03 02:55:27', '2018-04-23 23:41:45', 'Paid'),
(72, 8, '00069853', NULL, '2018-01-15', 3, 50.00, 3.50, 53.50, '2018-02-03 19:32:04', '2018-02-03 19:32:04', 'Paid'),
(73, 8, '00070619', NULL, '2018-02-03', 3, 24.88, 1.74, 26.62, '2018-02-03 19:40:07', '2018-04-23 23:41:22', 'Paid'),
(75, 7, '169642', NULL, '2018-02-07', 3, 317.24, 22.21, 339.45, '2018-02-08 03:28:09', '2018-02-08 03:28:09', 'Paid'),
(76, 8, '00070486', NULL, '2018-01-30', 3, 192.97, 13.51, 206.48, '2018-02-12 06:12:14', '2018-02-12 06:12:14', 'Paid'),
(77, 8, '00070455', NULL, '2018-01-30', 3, 95.00, 6.65, 101.65, '2018-02-12 06:16:44', '2018-02-12 06:16:44', 'Paid'),
(78, 8, '00070344', NULL, '2018-01-26', 3, 115.00, 8.05, 123.05, '2018-02-28 01:27:35', '2018-02-28 01:27:35', 'Paid'),
(79, 8, '00070154', NULL, '2018-01-22', 3, 147.00, 10.29, 157.29, '2018-02-28 01:33:27', '2018-02-28 01:33:27', 'Paid'),
(80, 8, '00070050', NULL, '2018-01-19', 3, 30.00, 2.10, 32.10, '2018-02-28 01:44:08', '2018-02-28 01:44:08', 'Paid'),
(81, 8, '00069980', NULL, '2018-01-17', 3, 51.52, 3.61, 55.13, '2018-02-28 01:52:34', '2018-02-28 01:52:34', 'Paid'),
(82, 8, '00069949', NULL, '2018-01-17', 3, 17.70, 1.24, 18.94, '2018-02-28 02:11:28', '2018-02-28 02:11:28', 'Paid'),
(83, 8, '00070796', NULL, '2018-02-08', 3, 54.00, 3.78, 57.78, '2018-02-28 02:27:50', '2018-04-23 23:41:15', 'Paid'),
(84, 8, '00070767', NULL, '2018-02-07', 3, 39.94, 2.80, 42.74, '2018-02-28 02:37:27', '2018-04-23 23:41:10', 'Paid'),
(85, 8, '00070669', NULL, '2018-02-05', 3, 555.00, 38.85, 593.85, '2018-02-28 02:47:02', '2018-04-23 23:41:06', 'Paid'),
(86, 8, '00082010', NULL, '2018-02-27', 3, 2267.25, 158.71, 2425.96, '2018-03-04 20:08:16', '2018-04-23 23:41:00', 'Paid'),
(87, 8, '00071560', NULL, '2018-02-28', 3, 70.00, 4.90, 74.90, '2018-03-04 20:13:40', '2018-04-08 20:54:23', 'Paid'),
(88, 8, '00071525', NULL, '2018-02-27', 3, 101.40, 7.10, 108.50, '2018-03-04 20:17:52', '2018-04-08 20:53:49', 'Paid'),
(89, 8, '00071415', NULL, '2018-02-24', 3, 70.00, 4.90, 74.90, '2018-03-04 20:23:07', '2018-04-08 20:53:23', 'Paid'),
(90, 8, '00071367', NULL, '2018-02-23', 3, 466.00, 32.62, 498.62, '2018-03-04 20:33:19', '2018-04-08 20:52:32', 'Paid'),
(91, 8, '00071142', NULL, '2018-02-16', 3, 57.00, 3.99, 60.99, '2018-03-04 21:04:00', '2018-04-23 23:40:49', 'Paid'),
(92, 8, '00071084', NULL, '2018-02-15', 3, 1773.25, 124.13, 1897.38, '2018-03-04 21:09:06', '2018-04-23 23:40:44', 'Paid'),
(93, 7, '170065', NULL, '2018-02-14', 3, 1377.49, 96.42, 1473.91, '2018-03-04 21:21:26', '2018-06-03 01:31:57', 'Paid'),
(94, 8, '00072027', NULL, '2018-03-12', 3, 29.50, 2.06, 31.56, '2018-03-30 21:59:52', '2018-04-08 20:56:53', 'Paid'),
(95, 8, '00072433', NULL, '2018-03-22', 3, 447.00, 31.29, 478.29, '2018-03-30 22:17:30', '2018-04-08 21:24:06', 'Paid'),
(96, 8, '00072330', NULL, '2018-03-20', 3, 643.50, 45.05, 688.55, '2018-03-30 22:29:13', '2018-04-08 20:58:32', 'Paid'),
(97, 8, '00072155', NULL, '2018-03-15', 3, 354.00, 24.78, 378.78, '2018-03-31 20:18:20', '2018-04-08 20:57:17', 'Paid'),
(98, 8, '00072022', NULL, '2018-03-12', 3, 434.00, 30.38, 464.38, '2018-03-31 20:25:08', '2018-04-08 20:56:29', 'Paid'),
(99, 8, '00072405', NULL, '2018-03-22', 3, 661.44, 46.30, 707.74, '2018-03-31 20:58:46', '2018-04-08 21:23:33', 'Paid'),
(100, 7, '171733', NULL, '2018-03-08', 3, 2111.75, 147.82, 2259.57, '2018-03-31 21:11:37', '2018-03-31 21:15:01', 'Paid'),
(101, 7, '171600', NULL, '2018-03-07', 3, 417.50, 29.23, 446.73, '2018-03-31 21:23:26', '2018-03-31 21:23:26', 'Paid'),
(102, 7, '169667', NULL, '2018-02-08', 3, 1629.48, 114.06, 1743.54, '2018-03-31 21:36:07', '2018-04-08 21:11:36', 'Paid'),
(103, 8, '00072938', NULL, '2018-04-05', 3, 316.00, 22.12, 338.12, '2018-04-24 22:09:16', '2018-06-03 00:35:06', 'Paid'),
(104, 8, '00072930', NULL, '2018-04-05', 3, 569.00, 39.83, 608.83, '2018-04-24 22:18:55', '2018-06-03 00:34:29', 'Paid'),
(105, 8, '00072931', NULL, '2018-04-05', 3, 396.00, 27.72, 423.72, '2018-04-24 22:26:41', '2018-06-03 00:34:02', 'Paid'),
(106, 8, '00072619', NULL, '2018-03-28', 3, 38.00, 2.66, 40.66, '2018-04-24 22:31:49', '2018-06-03 00:33:32', 'Paid'),
(107, 8, '00072568', NULL, '2018-03-26', 3, 62.40, 4.37, 66.77, '2018-04-24 22:39:01', '2018-06-03 01:31:23', 'Paid'),
(108, 8, '00071947', NULL, '2018-03-09', 3, 29.00, 2.03, 31.03, '2018-04-24 22:53:32', '2018-06-03 00:04:39', 'Paid'),
(109, 8, '00071978', NULL, '2018-03-09', 3, 11.48, 0.80, 12.28, '2018-04-24 23:00:42', '2018-06-03 00:05:21', 'Paid'),
(110, 8, '00071737', NULL, '2018-03-05', 3, 26.90, 1.88, 28.78, '2018-04-24 23:07:03', '2018-06-03 00:43:52', 'Paid'),
(111, 8, '00072542', NULL, '2018-03-26', 3, 450.00, 31.50, 481.50, '2018-04-24 23:11:53', '2018-04-24 23:17:49', 'Paid'),
(112, 8, '00072869', NULL, '2018-04-04', 3, 973.08, 68.12, 1041.20, '2018-04-24 23:29:15', '2018-06-02 23:04:50', 'Paid'),
(113, 8, '00071293', NULL, '2018-02-21', 3, 425.00, 29.75, 454.75, '2018-06-02 22:52:12', '2018-06-02 22:52:12', 'Paid'),
(114, 8, '00071878', NULL, '2018-03-07', 3, 199.00, 13.93, 212.93, '2018-06-02 23:11:44', '2018-06-02 23:11:44', 'Paid'),
(115, 8, '00072853', NULL, '2018-04-04', 3, 45.00, 3.15, 48.15, '2018-06-02 23:17:57', '2018-06-02 23:17:57', 'Paid'),
(116, 8, '00071724', NULL, '2018-03-03', 3, 2.20, 0.15, 2.35, '2018-06-02 23:21:59', '2018-06-02 23:21:59', 'Paid'),
(117, 8, '00070987', NULL, '2018-02-13', 3, 142.50, 9.97, 152.47, '2018-06-02 23:29:47', '2018-06-02 23:29:47', 'Paid'),
(118, 8, '00065354', NULL, '2017-09-19', 3, 20.00, 1.40, 21.40, '2018-06-02 23:34:38', '2018-06-02 23:34:38', 'Paid'),
(119, 8, '000711878', NULL, '2018-03-07', 3, 199.00, 13.93, 212.93, '2018-06-02 23:42:42', '2018-06-02 23:42:42', 'Paid'),
(120, 8, '00072157', NULL, '2018-03-15', 3, 12.00, 0.84, 12.84, '2018-06-02 23:46:54', '2018-06-02 23:46:54', 'Paid'),
(121, 8, '00072201', NULL, '2018-03-16', 3, 46.00, 3.22, 49.22, '2018-06-02 23:51:06', '2018-06-02 23:51:06', 'Paid'),
(122, 8, '00071719', NULL, '2018-03-03', 3, 99.00, 6.93, 105.93, '2018-06-03 00:01:34', '2018-06-03 00:01:34', 'Paid'),
(123, 8, '00073383', NULL, '2018-04-18', 3, 688.00, 48.16, 736.16, '2018-06-03 00:52:46', '2018-06-03 00:52:46', 'Paid'),
(124, 8, '00073177', NULL, '2018-04-13', 3, 128.00, 8.96, 136.96, '2018-06-03 01:05:08', '2018-06-03 01:05:08', 'Paid'),
(125, 8, '00073076', NULL, '2018-04-10', 3, 315.00, 22.05, 337.05, '2018-06-03 01:11:18', '2018-06-03 01:11:18', 'Paid'),
(126, 8, '00072726', NULL, '2018-03-31', 3, 80.10, 5.61, 85.71, '2018-06-03 01:15:57', '2018-06-03 01:15:57', 'Paid'),
(127, 8, '00072564', NULL, '2018-03-26', 3, 62.40, 4.37, 66.77, '2018-06-03 01:26:31', '2018-06-03 01:26:31', 'Paid'),
(128, 8, '00072235', NULL, '2018-03-16', 3, 236.00, 16.52, 252.52, '2018-06-07 23:47:27', '2018-06-07 23:47:27', 'Paid'),
(129, 8, '00073388', NULL, '2018-04-18', 3, 54.10, 3.79, 57.89, '2018-06-08 00:01:34', '2018-06-08 00:01:34', 'Paid'),
(130, 8, '00072774', NULL, '2018-04-02', 3, 145.89, 10.21, 156.10, '2018-06-08 00:45:42', '2018-06-08 00:45:42', 'Paid'),
(131, 8, '00072825', NULL, '2018-04-04', 3, 492.50, 34.48, 526.98, '2018-06-08 00:53:20', '2018-06-08 00:53:20', 'Paid'),
(132, 8, '00074076', NULL, '2018-05-05', 3, 52.00, 3.64, 55.64, '2018-06-08 01:05:52', '2019-10-08 00:55:32', 'Paid'),
(133, 8, '00072929', NULL, '2018-04-05', 3, 486.00, 34.02, 520.02, '2018-06-08 01:16:38', '2018-06-08 01:16:38', 'Paid'),
(134, 8, '00078378', NULL, '2018-08-21', 3, 120.00, 8.40, 128.40, '2018-08-28 11:38:51', '2018-08-28 11:38:51', 'Unpaid'),
(135, 8, '00075305', NULL, '2018-06-06', 3, 70.60, 4.94, 75.54, '2018-08-28 11:49:23', '2019-09-20 14:47:12', 'Paid'),
(136, 8, '00075224', NULL, '2018-06-05', 3, 154.00, 10.78, 164.78, '2018-08-28 12:06:26', '2019-09-20 14:45:15', 'Paid'),
(137, 8, '00072587', NULL, '2018-03-27', 3, 45.00, 3.15, 48.15, '2018-08-28 12:23:52', '2018-08-28 12:23:52', 'Paid'),
(138, 8, '00072548', NULL, '2018-03-26', 3, 80.00, 5.60, 85.60, '2018-08-28 12:27:49', '2018-08-28 12:32:42', 'Paid'),
(139, 7, '173303', NULL, '2018-03-30', 3, 2166.85, 151.68, 2318.53, '2018-08-28 12:49:55', '2018-08-28 12:52:29', 'Paid'),
(140, 7, '170041', NULL, '2018-02-13', 3, 890.00, 62.30, 952.30, '2018-08-28 13:02:48', '2019-07-03 02:54:26', 'Paid'),
(141, 7, '169245', NULL, '2018-02-02', 3, 601.00, 42.07, 643.07, '2018-08-28 13:23:13', '2019-07-03 02:50:42', 'Paid'),
(142, 8, '00080357', NULL, '2018-10-11', 3, 231.48, 16.20, 247.68, '2018-11-06 00:28:25', '2019-07-03 02:53:24', 'Paid'),
(143, 7, '186509', NULL, '2018-10-11', 3, 39.96, 2.80, 42.76, '2018-11-06 00:37:33', '2019-07-03 02:54:00', 'Paid'),
(144, 8, '00070917', NULL, '2018-02-12', 3, 643.00, 45.01, 688.01, '2018-11-06 01:02:36', '2018-11-06 01:02:36', 'Unpaid'),
(145, 8, '00067346', NULL, '2017-11-04', 3, 66.00, 4.62, 70.62, '2018-11-06 01:24:14', '2018-11-06 01:24:14', 'Paid'),
(146, 8, '00072361', NULL, '2018-03-21', 3, 1819.90, 127.39, 1947.29, '2018-11-07 13:42:05', '2019-07-03 02:52:19', 'Paid'),
(147, 7, '172574', NULL, '2018-03-20', 3, 877.00, 61.39, 938.39, '2018-11-07 14:13:49', '2019-07-03 02:49:45', 'Paid'),
(148, 7, '173608', NULL, '2018-04-04', 3, 189.80, 13.29, 203.09, '2018-11-07 14:26:58', '2018-11-07 14:26:58', 'Paid'),
(149, 7, '113677', NULL, '2018-11-05', 3, 60.00, 4.20, 64.20, '2018-11-07 14:43:35', '2018-11-07 14:43:35', 'Paid'),
(150, 8, '24068', NULL, '2018-11-01', 3, 140.00, 9.80, 149.80, '2018-11-07 15:04:11', '2019-06-26 00:57:14', 'Paid'),
(151, 8, '23640', NULL, '2018-10-20', 3, 1360.00, 95.20, 1455.20, '2018-11-07 15:09:56', '2018-11-07 15:09:56', 'Paid'),
(152, 8, '23118', NULL, '2018-10-04', 3, 865.00, 60.55, 925.55, '2018-11-07 15:20:10', '2018-11-07 15:20:10', 'Paid'),
(153, 8, '24064', NULL, '2018-11-01', 3, 1552.20, 108.65, 1660.85, '2018-11-13 14:37:26', '2019-06-26 01:00:37', 'Paid'),
(154, 8, '22887', NULL, '2018-09-27', 3, 13.05, 0.91, 13.96, '2018-11-13 14:52:04', '2018-11-13 14:52:04', 'Paid'),
(155, 8, '22837', NULL, '2018-09-26', 3, 6.50, 0.46, 6.96, '2018-11-13 15:00:18', '2018-11-13 15:00:18', 'Paid'),
(156, 8, '22810', NULL, '2018-09-26', 3, 981.00, 68.67, 1049.67, '2018-11-13 15:15:26', '2018-11-13 15:15:26', 'Paid'),
(157, 8, '22800', NULL, '2018-09-25', 3, 156.00, 10.92, 166.92, '2018-11-13 15:27:03', '2018-11-13 15:27:03', 'Paid'),
(158, 8, '22778', NULL, '2018-09-25', 3, 59.00, 4.13, 63.13, '2018-11-13 15:32:07', '2018-11-13 15:32:07', 'Paid'),
(159, 8, '22709', NULL, '2018-09-24', 3, 199.80, 13.99, 213.79, '2018-11-13 15:37:02', '2018-11-13 15:37:02', 'Paid'),
(160, 7, '22604', NULL, '2018-09-20', 3, 115.00, 8.05, 123.05, '2018-11-13 15:42:08', '2018-11-13 15:42:08', 'Paid'),
(161, 8, '22564', NULL, '2018-09-19', 3, 70.00, 4.90, 74.90, '2018-11-13 15:47:26', '2018-11-13 15:47:26', 'Paid'),
(162, 8, '22560', NULL, '2018-09-19', 3, 138.50, 9.70, 148.20, '2018-11-13 15:57:40', '2018-11-13 15:57:40', 'Paid'),
(163, 8, '22537', NULL, '2018-09-18', 3, 59.00, 4.13, 63.13, '2018-11-13 16:05:18', '2018-11-13 16:05:18', 'Paid'),
(164, 8, '22513', NULL, '2018-09-18', 3, 697.50, 48.83, 746.33, '2018-11-13 16:13:10', '2018-11-13 16:13:10', 'Paid'),
(165, 8, '22411', NULL, '2018-09-14', 3, 162.50, 11.38, 173.88, '2018-11-13 16:17:39', '2018-11-13 16:17:39', 'Paid'),
(166, 8, '22404', NULL, '2018-09-14', 3, 59.00, 4.13, 63.13, '2018-11-13 16:22:24', '2018-11-13 16:22:24', 'Paid'),
(167, 8, '22372', NULL, '2018-09-13', 3, 52.50, 3.67, 56.17, '2018-11-13 16:26:34', '2018-11-13 16:26:34', 'Paid'),
(168, 8, '22345', NULL, '2018-09-13', 3, 457.00, 31.99, 488.99, '2018-11-13 16:32:47', '2018-11-13 16:32:47', 'Paid'),
(169, 8, '22298', NULL, '2018-09-12', 3, 519.00, 36.33, 555.33, '2018-11-13 16:39:33', '2018-11-13 16:39:33', 'Paid'),
(170, 8, '21670', NULL, '2018-08-24', 3, 87.50, 6.13, 93.63, '2018-11-13 17:31:32', '2018-11-13 17:31:32', 'Paid'),
(171, 8, '21722', NULL, '2018-08-25', 3, 487.50, 34.13, 521.63, '2018-11-13 17:38:10', '2018-11-13 17:38:10', 'Paid'),
(172, 8, '21377', NULL, '2018-08-16', 3, 682.50, 47.77, 730.27, '2018-11-13 17:43:07', '2018-11-13 17:43:07', 'Paid'),
(173, 13, '147058', NULL, '2019-07-10', 3, 612.00, 42.84, 654.84, '2019-07-24 20:13:56', '2019-07-24 20:13:56', 'Paid'),
(174, 8, '30533', NULL, '2019-04-29', 3, 259.00, 18.13, 277.13, '2019-08-09 16:40:05', '2019-08-09 16:40:05', 'Unpaid'),
(175, 8, '24906', NULL, '2018-11-27', 3, 59.00, 4.13, 63.13, '2019-08-09 17:09:55', '2019-08-09 17:23:35', 'Paid'),
(176, 8, '28080', NULL, '2019-02-23', 3, 75.70, 5.30, 81.00, '2019-08-09 17:31:37', '2019-08-09 17:31:37', 'Paid'),
(177, 8, '34176', NULL, '2019-07-30', 3, 2276.00, 159.32, 2435.32, '2019-08-13 18:39:34', '2019-08-13 18:39:34', 'Unpaid'),
(178, 10, '162088', NULL, '2019-06-20', 3, 355.00, 24.85, 379.85, '2019-08-13 19:17:05', '2019-08-13 19:17:05', 'Paid'),
(179, 16, '943479', NULL, '2019-07-17', 3, 40.00, 2.80, 42.80, '2019-08-22 13:12:01', '2019-08-22 13:12:01', 'Paid'),
(180, 10, '162089', NULL, '2019-06-20', 3, 120.00, 8.40, 128.40, '2019-08-22 13:24:37', '2019-08-22 13:24:37', 'Paid'),
(181, 8, '31919', NULL, '2019-06-03', 3, 1843.75, 129.06, 1972.81, '2019-08-22 13:40:25', '2019-08-22 13:40:25', 'Unpaid'),
(182, 8, '32426', NULL, '2019-06-18', 3, 59.00, 4.13, 63.13, '2019-08-22 14:07:01', '2019-08-22 14:07:01', 'Unpaid'),
(183, 8, '32374', NULL, '2019-06-17', 3, 335.00, 23.45, 358.45, '2019-08-22 14:23:59', '2019-08-22 14:23:59', 'Unpaid'),
(184, 8, '00074813', NULL, '2018-05-24', 3, 203.00, 14.21, 217.21, '2019-09-17 20:30:21', '2019-09-17 20:30:21', 'Paid'),
(185, 8, '00073981', NULL, '2018-05-03', 3, 926.00, 64.82, 990.82, '2019-09-17 20:41:01', '2019-09-17 20:41:01', 'Paid'),
(186, 8, '00074515', NULL, '2018-05-16', 3, 504.00, 35.28, 539.28, '2019-09-17 20:47:09', '2019-09-17 20:47:09', 'Paid'),
(187, 8, '00074542', NULL, '2018-05-17', 3, 107.00, 7.49, 114.49, '2019-09-17 20:59:32', '2019-09-17 20:59:32', 'Paid'),
(188, 8, '00074558', NULL, '2018-05-17', 3, 180.00, 12.60, 192.60, '2019-09-17 21:19:28', '2019-09-17 21:19:28', 'Paid'),
(189, 8, '00074342', NULL, '2018-05-11', 3, 183.90, 12.87, 196.77, '2019-09-17 21:29:38', '2019-09-17 21:29:38', 'Paid'),
(190, 8, '00074178', NULL, '2018-05-08', 3, 232.86, 16.30, 249.16, '2019-09-17 21:41:34', '2019-09-17 21:41:34', 'Paid'),
(191, 8, '00074159', NULL, '2018-05-08', 3, 145.48, 10.18, 155.66, '2019-09-20 12:32:12', '2019-09-20 12:32:12', 'Paid'),
(192, 8, '00074246', NULL, '2018-05-09', 3, 1.82, 0.13, 1.95, '2019-09-20 12:40:29', '2019-09-20 12:40:29', 'Paid'),
(193, 8, '00074125', NULL, '2018-05-07', 3, 514.50, 36.02, 550.52, '2019-09-20 12:50:12', '2019-09-20 12:50:12', 'Paid'),
(194, 8, '00074128', NULL, '2018-05-07', 3, 1364.00, 95.48, 1459.48, '2019-09-20 12:56:51', '2019-09-20 12:56:51', 'Paid'),
(195, 8, '00073991', NULL, '2018-05-03', 3, 65.50, 4.58, 70.08, '2019-09-20 13:04:26', '2019-09-20 13:04:26', 'Paid'),
(196, 8, '00074753', NULL, '2018-05-23', 3, 764.00, 53.48, 817.48, '2019-09-20 13:13:18', '2019-09-20 13:13:18', 'Paid'),
(197, 8, '00075190', NULL, '2018-06-04', 3, 36.00, 2.52, 38.52, '2019-09-20 13:21:02', '2019-09-20 13:21:02', 'Paid'),
(198, 8, '00075208', NULL, '2018-06-04', 3, 146.00, 10.22, 156.22, '2019-09-20 13:30:02', '2019-09-20 13:30:02', 'Paid'),
(199, 8, '00075255', NULL, '2018-06-05', 3, 122.38, 8.57, 130.95, '2019-09-20 13:37:11', '2019-09-20 13:37:11', 'Paid'),
(200, 8, '00075254', NULL, '2018-06-05', 3, 125.00, 8.75, 133.75, '2019-09-20 13:41:22', '2019-09-20 13:43:56', 'Paid'),
(201, 8, '00075400', NULL, '2018-06-08', 3, 85.50, 5.99, 91.49, '2019-09-20 13:50:30', '2019-09-20 13:50:30', 'Paid'),
(202, 8, '00075687', NULL, '2018-06-14', 3, 85.00, 5.95, 90.95, '2019-09-20 13:55:48', '2019-09-20 13:55:48', 'Paid'),
(203, 8, '00075688', NULL, '2018-06-14', 3, 66.00, 4.62, 70.62, '2019-09-20 14:01:19', '2019-09-20 14:01:19', 'Paid'),
(204, 8, '00076330', NULL, '2018-06-30', 3, 240.00, 16.80, 256.80, '2019-09-20 14:06:11', '2019-09-20 14:06:11', 'Paid'),
(205, 8, '00076104', NULL, '2018-06-25', 3, 29.53, 2.07, 31.60, '2019-09-20 14:10:53', '2019-09-20 14:10:53', 'Paid'),
(206, 8, '00075978', NULL, '2018-06-21', 3, 822.83, 57.60, 880.43, '2019-09-20 14:23:28', '2019-09-20 14:23:28', 'Paid'),
(207, 8, '00075406', NULL, '2018-06-08', 3, 784.54, 54.92, 839.46, '2019-09-20 14:33:19', '2019-09-20 14:33:19', 'Paid'),
(208, 8, '00076244', NULL, '2018-06-28', 3, 1006.00, 70.42, 1076.42, '2019-09-20 14:39:18', '2019-09-20 14:39:18', 'Paid'),
(209, 8, '00075762', NULL, '2018-06-16', 3, 908.00, 63.56, 971.56, '2019-09-23 14:04:03', '2019-09-23 14:04:03', 'Paid'),
(210, 8, '00075407', NULL, '2018-06-08', 3, 79.00, 5.53, 84.53, '2019-09-23 14:16:40', '2019-09-23 14:22:52', 'Paid'),
(211, 8, '00075360', NULL, '2018-06-07', 3, 68.00, 4.76, 72.76, '2019-09-23 14:27:51', '2019-09-23 14:27:51', 'Paid'),
(212, 8, '00075541', NULL, '2018-06-11', 3, 50.75, 3.55, 54.30, '2019-09-23 14:37:52', '2019-09-23 14:37:52', 'Paid'),
(213, 8, '00075540', NULL, '2018-06-11', 3, 32.00, 2.24, 34.24, '2019-09-23 14:43:46', '2019-09-23 14:43:46', 'Paid'),
(214, 8, '00075644', NULL, '2018-06-13', 3, 293.40, 20.54, 313.94, '2019-09-23 14:50:49', '2019-09-23 14:50:49', 'Paid'),
(215, 8, '00075004', NULL, '2018-05-30', 3, 585.00, 40.95, 625.95, '2019-09-23 15:02:28', '2019-09-23 15:02:28', 'Paid'),
(216, 8, '00072942', NULL, '2018-04-05', 3, 11.10, 0.78, 11.88, '2019-09-23 15:11:23', '2019-09-23 15:11:23', 'Paid'),
(217, 8, '00075028', NULL, '2018-05-31', 3, 755.00, 52.85, 807.85, '2019-09-23 15:31:44', '2019-09-23 15:31:44', 'Paid'),
(218, 8, '00060993', NULL, '2017-06-12', 3, 93.00, 6.51, 99.51, '2019-09-23 20:23:24', '2019-09-23 20:23:24', 'Paid'),
(219, 8, '00074845', NULL, '2018-05-25', 3, 590.00, 41.30, 631.30, '2019-09-23 20:29:02', '2019-09-23 20:29:02', 'Paid'),
(220, 8, '00062458', NULL, '2017-07-18', 3, 40.23, 2.82, 43.05, '2019-09-23 20:39:02', '2019-09-23 20:39:02', 'Paid'),
(221, 8, '00062460', NULL, '2017-07-18', 3, 72.00, 5.04, 77.04, '2019-09-23 20:42:36', '2019-09-23 20:42:36', 'Paid'),
(222, 8, '00062478', NULL, '2017-07-18', 3, 778.00, 54.46, 832.46, '2019-09-23 20:48:39', '2019-09-23 20:48:39', 'Paid'),
(223, 8, '00062181', NULL, '2017-07-12', 3, 1953.40, 136.74, 2090.14, '2019-09-23 21:05:26', '2019-09-23 21:05:26', 'Paid'),
(224, 8, '00061669', NULL, '2017-06-28', 3, 46.00, 3.22, 49.22, '2019-09-23 21:10:59', '2019-09-23 21:10:59', 'Paid'),
(225, 8, '00061887', NULL, '2017-07-05', 3, 19.00, 1.33, 20.33, '2019-09-23 21:17:08', '2019-09-23 21:17:08', 'Paid'),
(226, 8, '00061798', NULL, '2017-07-03', 3, 38.32, 2.68, 41.00, '2019-09-23 21:25:29', '2019-09-23 21:25:29', 'Paid'),
(227, 8, '00062361', NULL, '2017-07-15', 3, 17.70, 1.24, 18.94, '2019-09-23 21:30:54', '2019-09-23 21:30:54', 'Paid'),
(228, 8, '00062282', NULL, '2017-07-14', 3, 62.50, 4.38, 66.88, '2019-09-23 21:36:21', '2019-09-23 21:36:21', 'Paid'),
(229, 8, '00062119', NULL, '2017-07-11', 3, 366.00, 25.62, 391.62, '2019-10-08 12:01:22', '2019-10-08 12:01:22', 'Paid'),
(230, 8, '00061886', NULL, '2017-07-05', 3, 133.40, 9.34, 142.74, '2019-10-08 12:38:32', '2019-10-08 12:38:32', 'Paid'),
(231, 8, '00076711', NULL, '2018-07-11', 3, 506.00, 35.42, 541.42, '2019-10-08 13:06:32', '2019-10-08 13:06:32', 'Paid'),
(232, 8, '00076950', NULL, '2018-07-17', 3, 205.50, 14.38, 219.88, '2019-10-08 13:15:40', '2019-10-08 13:15:40', 'Paid'),
(233, 8, '00061334', NULL, '2017-06-20', 3, 17.24, 1.21, 18.45, '2019-10-08 13:31:53', '2019-10-08 13:31:53', 'Paid'),
(234, 8, '00061340', NULL, '2017-06-20', 3, 21.78, 1.52, 23.30, '2019-10-08 13:39:22', '2019-10-08 13:39:22', 'Paid'),
(235, 8, '00061417', NULL, '2017-06-22', 3, 245.34, 17.17, 262.51, '2019-10-08 13:48:20', '2019-10-08 13:48:20', 'Paid'),
(236, 8, '00061500', NULL, '2017-06-23', 3, 26.50, 1.85, 28.35, '2019-10-08 13:56:56', '2019-10-08 13:56:56', 'Paid'),
(237, 8, '00061579', NULL, '2017-06-06', 3, 29.37, 2.06, 31.43, '2019-10-08 14:05:13', '2019-10-08 14:05:13', 'Paid'),
(238, 8, '00061575', NULL, '2017-06-27', 3, 124.00, 8.68, 132.68, '2019-10-08 14:23:43', '2019-10-08 14:23:43', 'Paid'),
(239, 8, '00061105', NULL, '2017-06-14', 3, 246.80, 17.28, 264.08, '2019-10-08 14:46:45', '2019-10-08 14:46:45', 'Paid'),
(240, 10, '165379', NULL, '2019-08-02', 3, 63.00, 4.41, 67.41, '2019-10-08 15:05:02', '2019-10-08 15:05:02', 'Paid'),
(241, 10, '151921', NULL, '2019-07-02', 3, 119.95, 8.40, 128.35, '2019-10-08 15:12:44', '2019-10-08 15:12:44', 'Paid'),
(242, 10, '161029', NULL, '2019-06-07', 3, 170.00, 11.90, 181.90, '2019-10-08 16:41:18', '2019-10-08 16:41:18', 'Paid'),
(243, 10, '163534', NULL, '2019-07-10', 3, 117.50, 8.22, 125.72, '2019-10-08 17:04:19', '2019-10-08 17:04:19', 'Paid'),
(244, 10, '162763', NULL, '2019-06-28', 3, 240.00, 16.80, 256.80, '2019-10-09 13:25:31', '2019-10-09 13:25:31', 'Paid'),
(245, 10, '167345', NULL, '2019-08-26', 3, 497.30, 34.81, 532.11, '2019-10-09 13:50:59', '2019-10-09 13:50:59', 'Paid'),
(246, 10, '155252', NULL, '2019-03-26', 3, 296.50, 20.75, 317.25, '2019-10-09 14:46:07', '2019-10-09 14:46:07', 'Paid'),
(247, 10, '165070', NULL, '2019-07-30', 3, 571.60, 40.01, 611.61, '2019-10-29 12:31:13', '2019-10-29 12:31:13', 'Paid'),
(248, 10, '155922', NULL, '2019-04-04', 3, 226.85, 15.88, 242.73, '2019-10-29 12:46:47', '2019-10-29 12:46:47', 'Paid'),
(249, 10, '157240', NULL, '2019-04-22', 3, 480.45, 33.63, 514.08, '2019-10-29 13:01:47', '2019-10-29 13:01:47', 'Paid'),
(250, 10, '161733', NULL, '2019-06-17', 3, 351.75, 24.62, 376.37, '2019-10-29 13:17:00', '2019-10-29 13:17:00', 'Paid'),
(251, 10, '163177', NULL, '2019-07-05', 3, 69.90, 4.89, 74.79, '2019-10-29 13:26:43', '2019-10-29 13:26:43', 'Paid'),
(252, 10, '163178', NULL, '2019-07-05', 3, 561.95, 39.34, 601.29, '2019-10-29 13:46:26', '2019-10-29 13:46:26', 'Paid'),
(253, 16, '1022223', NULL, '2019-10-31', 3, 223.81, 15.67, 239.48, '2019-11-01 14:17:27', '2019-11-01 14:17:27', 'Paid'),
(254, 16, '968321', NULL, '2019-08-20', 3, 110.00, 7.70, 117.70, '2019-11-01 14:28:58', '2019-11-01 14:28:58', 'Unpaid'),
(255, 16, '1002365', NULL, '2019-10-05', 3, 245.00, 17.15, 262.15, '2019-11-01 14:42:26', '2019-11-01 14:42:26', 'Paid'),
(256, 16, '992259', NULL, '2019-09-23', 3, 89.57, 6.27, 95.84, '2019-11-01 14:58:26', '2019-11-01 14:58:26', 'Paid'),
(257, 16, '992270', NULL, '2019-09-23', 3, 20.00, 1.40, 21.40, '2019-11-04 21:41:26', '2019-11-04 21:41:26', 'Paid'),
(258, 16, '753816', NULL, '2018-10-15', 3, 215.69, 15.10, 230.79, '2019-11-04 21:57:07', '2019-11-04 21:57:07', 'Paid'),
(259, 16, '812345', NULL, '2019-01-14', 3, 182.50, 12.78, 195.28, '2019-11-04 22:05:25', '2019-11-04 22:05:25', 'Paid'),
(260, 16, '774614', NULL, '2018-11-13', 3, 798.50, 55.90, 854.40, '2019-11-04 22:14:19', '2019-11-04 22:14:19', 'Paid'),
(261, 16, '799191', NULL, '2018-12-18', 3, 21.16, 1.48, 22.64, '2019-11-04 22:35:03', '2019-11-04 22:35:03', 'Paid'),
(262, 16, '799079', NULL, '2018-12-18', 3, 303.57, 21.25, 324.82, '2019-11-04 22:45:48', '2019-11-04 22:45:48', 'Paid');

-- --------------------------------------------------------

--
-- Table structure for table `provider_bills_lines`
--

CREATE TABLE `provider_bills_lines` (
  `id` int UNSIGNED NOT NULL,
  `provider_bills_id` int UNSIGNED NOT NULL,
  `qty` int NOT NULL,
  `description` text CHARACTER SET utf8mb4 COLLATE utf8mb4_unicode_ci NOT NULL,
  `price_u` double(64,2) NOT NULL,
  `amount` double(64,2) NOT NULL,
  `created_at` timestamp NULL DEFAULT NULL,
  `updated_at` timestamp NULL DEFAULT NULL,
  `product_id` int DEFAULT NULL
) ENGINE=InnoDB DEFAULT CHARSET=utf8mb4 COLLATE=utf8mb4_unicode_ci;

--
-- Dumping data for table `provider_bills_lines`
--

INSERT INTO `provider_bills_lines` (`id`, `provider_bills_id`, `qty`, `description`, `price_u`, `amount`, `created_at`, `updated_at`, `product_id`) VALUES
(51, 23, 1, 'Contact Cement 951 Wilsonart 5G', 65.00, 65.00, '2018-01-01 23:55:18', '2018-01-01 23:55:18', NULL),
(52, 22, 2, 'Dowel Drill 8x27x57.5 LH CMT', 10.07, 20.14, '2018-01-02 00:01:29', '2018-01-02 00:01:29', NULL),
(53, 19, 2, 'MELA TEXT 3/4 GREY ECHO RAIN 589 2S 5x8', 76.00, 152.00, '2018-01-02 00:02:32', '2018-01-02 00:02:32', NULL),
(54, 15, 1, 'CONTACT CEMENT 951 WILSONART 5G', 66.03, 66.03, '2018-01-02 00:03:46', '2018-01-02 00:03:46', NULL),
(55, 14, 2, 'PANEL ANGELUS ROBLE CAVIAR', 115.00, 230.00, '2018-01-02 00:16:55', '2018-01-02 00:16:55', NULL),
(56, 13, 8, 'PLY 1/22\" BIRCH PF 2 SIDE 4X8', 30.50, 244.00, '2018-01-02 00:17:27', '2018-01-02 00:17:27', NULL),
(57, 24, 1, 'Contact Cement 951 Wilsonart 5G', 66.00, 66.00, '2018-01-02 00:48:21', '2018-01-02 00:48:21', NULL),
(58, 24, 2, 'Mela 5/8 Hard Rock Maple Domestic 4x9', 30.50, 61.00, '2018-01-02 00:48:21', '2018-01-02 00:48:21', NULL),
(59, 25, 1, 'Lam 1222 Pear Wood 4x8 F Laminati', 19.50, 19.50, '2018-01-02 00:53:30', '2018-01-02 00:53:30', NULL),
(60, 26, 1, 'PVC Text Grey Echo 589/16x1 MMX 500 FT', 70.00, 70.00, '2018-01-02 00:58:07', '2018-01-02 00:58:07', NULL),
(61, 27, 1, 'Mel Text 3/4 Grey Echo Rain 589 2S 5X8', 76.00, 76.00, '2018-01-02 01:08:13', '2018-01-02 01:08:13', NULL),
(62, 28, 3, 'Lam 1222 Pear Wood 4x8 F Laminati', 21.00, 63.00, '2018-01-02 01:13:08', '2018-01-02 01:13:08', NULL),
(63, 28, 6, 'Mela 5/8 Hard Rock Maple Domestic 4x9', 30.60, 183.60, '2018-01-02 01:13:08', '2018-01-02 01:13:08', NULL),
(64, 29, 1, 'MDF 3/4 White 1 Side 4/8', 30.00, 30.00, '2018-01-02 01:15:28', '2018-01-02 01:15:28', NULL),
(65, 30, 1, 'Lam Chocolate 4x8 F', 19.73, 19.73, '2018-01-02 01:17:29', '2018-01-02 01:17:29', NULL),
(66, 31, 3, 'Lam Chocolate 4x8 F', 19.73, 59.19, '2018-01-02 01:19:47', '2018-01-02 01:19:47', NULL),
(67, 33, 5, 'Lazy Susan Kidney 28\" White Revisar Antes De Darlo', 28.00, 140.00, '2018-01-02 02:12:42', '2018-01-02 02:12:42', NULL),
(68, 33, 10, 'Hinge 135 Degrees Adjustable Plate', 2.49, 24.90, '2018-01-02 02:12:42', '2018-01-02 02:12:42', NULL),
(69, 33, 10, 'Hinge 180 Degrees Adjustable Plate', 2.49, 24.90, '2018-01-02 02:12:42', '2018-01-02 02:12:42', NULL),
(70, 33, 80, 'Full Extention Regular 18', 1.90, 152.00, '2018-01-02 02:12:42', '2018-01-02 02:12:42', NULL),
(71, 33, 10, 'Full Extention Regular 16', 3.30, 33.00, '2018-01-02 02:12:42', '2018-01-02 02:12:42', NULL),
(72, 33, 9, 'Mica 58 Formica 4x8 Thin Matte Ordenada 12/1', 25.99, 233.91, '2018-01-02 02:12:42', '2018-01-02 02:12:42', NULL),
(73, 34, 55, 'Birch 3/4 Pre Finished 1Side C2', 28.90, 1589.50, '2018-01-02 02:19:40', '2018-01-02 02:19:40', NULL),
(74, 34, 25, 'Birch 1/4 Pre Finished 1 Side C', 16.50, 412.50, '2018-01-02 02:19:40', '2018-01-02 02:19:40', NULL),
(75, 34, 50, 'Full Extention Regular 18', 1.90, 95.00, '2018-01-02 02:19:40', '2018-01-02 02:19:40', NULL),
(76, 35, 1, 'Mica GL 5952-31 Black Marquina 5x12 Heavy Gloss', 59.99, 59.99, '2018-01-02 02:25:37', '2018-01-02 02:25:37', NULL),
(77, 35, 50, 'Full Extension Soft Close 18\" Eurovinil', 6.50, 325.00, '2018-01-02 02:25:37', '2018-01-02 02:25:37', NULL),
(79, 39, 3, 'Mica - Alfa wood gray brown', 45.95, 137.85, '2018-01-05 08:36:05', '2018-01-05 08:36:05', NULL),
(80, 39, 1, 'Lanco Mineral Spirits 5 GL', 48.50, 48.50, '2018-01-05 08:36:05', '2018-01-05 08:36:05', NULL),
(81, 39, 1, 'Contact Cement Wilsonart', 62.99, 62.99, '2018-01-05 08:36:05', '2018-01-05 08:36:05', NULL),
(95, 32, 2, 'PVC HIGH GLOSS WHITE BRUSHED ALUMNINIUM', 45.00, 90.00, '2018-01-12 01:36:09', '2018-01-12 01:36:09', NULL),
(102, 51, 2, 'Mica Autum w Alnut LSI 4x8 Fina', 22.95, 45.90, '2018-01-16 07:58:28', '2018-01-16 07:58:28', NULL),
(113, 40, 1, 'Mica GL 5952-31 Black Marquina Main 4x8 Thin Gloss', 19.99, 19.99, '2018-02-01 19:08:10', '2018-02-01 19:08:10', NULL),
(136, 67, 50, 'Full Extension soft close 18\" Eurovinyl', 6.50, 325.00, '2018-02-02 06:23:05', '2018-02-02 06:23:05', NULL),
(137, 67, 5, 'Lazy Susan Kidney 28\" White Revisar antes de darlo', 28.00, 140.00, '2018-02-02 06:23:05', '2018-02-02 06:23:05', NULL),
(138, 67, 1, 'Contact Cement Wilsonart 951', 65.00, 65.00, '2018-02-02 06:23:05', '2018-02-02 06:23:05', NULL),
(139, 68, 10, 'Hinger 135 degrees adjustable plate', 2.49, 24.90, '2018-02-02 07:00:14', '2018-02-02 07:00:14', NULL),
(140, 68, 10, 'Hinger 180 degrees adjustable plate', 2.49, 24.90, '2018-02-02 07:00:14', '2018-02-02 07:00:14', NULL),
(141, 68, 55, 'Birch 3/4 Pre-Finished 1 side C2', 29.90, 1644.50, '2018-02-02 07:00:14', '2018-02-02 07:00:14', NULL),
(142, 68, 20, 'Brich 1/4 Pre-Finished 1 side C', 16.50, 330.00, '2018-02-02 07:00:14', '2018-02-02 07:00:14', NULL),
(143, 68, 5, 'Lazy Susan Kidney 28\" White revisar antes de darlo', 28.00, 140.00, '2018-02-02 07:00:14', '2018-02-02 07:00:14', NULL),
(148, 18, 1, 'hgy', 75.00, 75.00, '2018-02-03 19:06:14', '2018-02-03 19:06:14', NULL),
(149, 38, 3, 'Lam Chocolate 4x8 F', 20.50, 61.50, '2018-02-03 19:06:45', '2018-02-03 19:06:45', NULL),
(150, 41, 1, 'CONTACT CEMENT 951 WILSONART 5G', 65.00, 65.00, '2018-02-03 19:07:32', '2018-02-03 19:07:32', NULL),
(151, 41, 6, 'STAPLE 18GA L17 1/4 X1 1/2', 9.50, 57.00, '2018-02-03 19:07:32', '2018-02-03 19:07:32', NULL),
(152, 41, 10, 'STAPLE 18GA M10 3/8 X 5/8', 8.50, 85.00, '2018-02-03 19:07:32', '2018-02-03 19:07:32', NULL),
(153, 41, 3, 'MELA TEXT 3/4 CANNELLA RUSTIK RAIN G87 2S 5X8', 76.00, 228.00, '2018-02-03 19:07:32', '2018-02-03 19:07:32', NULL),
(154, 41, 1, 'PANEL SYNCRON OLMO 003 R672212', 89.00, 89.00, '2018-02-03 19:07:32', '2018-02-03 19:07:32', NULL),
(155, 41, 3, 'PLY 3/4 \" LAM WHITE 1SIDE 4X8', 35.00, 105.00, '2018-02-03 19:07:32', '2018-02-03 19:07:32', NULL),
(156, 41, 6, 'PLY 1/2\" BIRCH PF 2 SIDE 4X8', 29.00, 174.00, '2018-02-03 19:07:32', '2018-02-03 19:07:32', NULL),
(157, 41, 1, 'PVC ANGELUS NEGRO BI-COLOR', 95.00, 95.00, '2018-02-03 19:07:32', '2018-02-03 19:07:32', NULL),
(158, 41, 1, 'PVC TEXT CANNELLA RUSTIKNG87 15/16 1MMX500ROL', 70.00, 70.00, '2018-02-03 19:07:32', '2018-02-03 19:07:32', NULL),
(159, 41, 500, 'PVC SYNCRON FULL ROLL RUSTIK IDA 004', 0.22, 110.00, '2018-02-03 19:07:32', '2018-02-03 19:07:32', NULL),
(160, 54, 1, 'Lam Text G87 Cannella Rustik Rain 1/32 4/8', 70.00, 70.00, '2018-02-03 19:08:02', '2018-02-03 19:08:02', NULL),
(161, 52, 3, 'PVC BI Color White gloss brus /alumi (LG)', 115.00, 345.00, '2018-02-03 19:08:18', '2018-02-03 19:08:18', NULL),
(162, 52, 38, 'Leg 01 cabinet PP H95-125 Black/Clip / top', 0.45, 17.10, '2018-02-03 19:08:18', '2018-02-03 19:08:18', NULL),
(163, 52, 1, 'Panel Angelus aluminio 4/9', 115.00, 115.00, '2018-02-03 19:08:18', '2018-02-03 19:08:18', NULL),
(164, 52, 1, 'PVC Angelus Negro BI-Color', 95.00, 95.00, '2018-02-03 19:08:18', '2018-02-03 19:08:18', NULL),
(165, 53, 1, 'Panel Angelus Aluminio 4/9', 115.00, 115.00, '2018-02-03 19:08:33', '2018-02-03 19:08:33', NULL),
(166, 55, 1, 'Lam Text G87 cannella rustik rain 1/32 4/8', 70.00, 70.00, '2018-02-03 19:08:54', '2018-02-03 19:08:54', NULL),
(167, 48, 6, 'Handle l shape 75 mm brush h-js 1020-75', 1.80, 10.80, '2018-02-03 19:09:12', '2018-02-03 19:09:12', 35),
(168, 48, 20, 'Handle l shape 170mm brush h-js 1020-170', 2.50, 50.00, '2018-02-03 19:09:12', '2018-02-03 19:09:12', 36),
(171, 72, 50, 'SS 12-0738 BAR HANDLE 7 3/8', 1.00, 50.00, '2018-02-03 19:32:04', '2018-02-03 19:32:04', 38),
(179, 56, 6, 'Panel Angelus White Gloss 4x9', 86.00, 516.00, '2018-02-06 21:45:32', '2018-02-06 21:45:32', NULL),
(180, 56, 55, 'Ply 3/4\" Birch PF 1side 4x8', 28.55, 1570.25, '2018-02-06 21:45:32', '2018-02-06 21:45:32', NULL),
(181, 56, 20, 'Ply 1/4\" Birch PF 1 side 4x8', 16.00, 320.00, '2018-02-06 21:45:32', '2018-02-06 21:45:32', NULL),
(182, 75, 6, 'Mica EVP Wengue Poro 8008 4x8 thin', 19.99, 119.94, '2018-02-08 03:28:09', '2018-02-08 03:28:09', 0),
(183, 75, 5, 'Lazy Susan Kidney 28” White Revisar Antes de Darlo', 29.50, 147.50, '2018-02-08 03:28:09', '2018-02-08 03:28:09', 18),
(184, 75, 10, 'Hinge 180 Degrees Adjustable Plate', 2.49, 24.90, '2018-02-08 03:28:09', '2018-02-08 03:28:09', 20),
(185, 75, 10, 'Jiggle 180 Degree Adjustable Plate', 2.49, 24.90, '2018-02-08 03:28:09', '2018-02-08 03:28:09', 20),
(186, 60, 1, 'PVC Antique White 7/8 x 600 N/G 7112TX', 24.00, 24.00, '2018-02-12 05:38:54', '2018-02-12 05:38:54', NULL),
(187, 58, 6, 'Ply 1/2\" Birch PF 2 side 4x8', 29.00, 174.00, '2018-02-12 05:39:36', '2018-02-12 05:39:36', NULL),
(188, 63, 1, '836.130.11 Chamfer Bit CMT', 20.57, 20.57, '2018-02-12 05:40:28', '2018-02-12 05:40:28', NULL),
(189, 63, 1, '836.190.11 Chamfert Bit CMT', 20.40, 20.40, '2018-02-12 05:40:28', '2018-02-12 05:40:28', NULL),
(190, 62, 3, 'Panel Angelus Gris suave 124 4x9', 115.00, 345.00, '2018-02-12 05:40:50', '2018-02-12 05:40:50', NULL),
(191, 62, 1, 'PVC Angelus Gris suave unicolor', 80.00, 80.00, '2018-02-12 05:40:50', '2018-02-12 05:40:50', NULL),
(192, 57, 55, 'Ply 3/4\" Birch PF 1 side 4x8', 28.55, 1570.25, '2018-02-12 05:41:18', '2018-02-12 05:41:18', NULL),
(193, 57, 20, 'Ply 1/4\" Birch PF 1 side 4x8', 16.00, 320.00, '2018-02-12 05:41:18', '2018-02-12 05:41:18', NULL),
(194, 66, 2, 'Lam Aecore 1005 HG', 60.00, 120.00, '2018-02-12 05:41:52', '2018-02-12 05:41:52', NULL),
(195, 66, 3, 'Panel Angelus Gris GU HG 113', 115.00, 345.00, '2018-02-12 05:41:52', '2018-02-12 05:41:52', NULL),
(196, 66, 5, 'Panel Angelus White Gloss 4x9', 86.00, 430.00, '2018-02-12 05:41:52', '2018-02-12 05:41:52', NULL),
(197, 66, 1, 'PVC Angelus HG Antracita Unicolor', 80.00, 80.00, '2018-02-12 05:41:52', '2018-02-12 05:41:52', NULL),
(198, 66, 1, 'PVC HG Optix Cristal Metal (Acero) 3974 (50FT)', 115.00, 115.00, '2018-02-12 05:41:52', '2018-02-12 05:41:52', NULL),
(199, 64, 6, 'Ply 1/2\" Birch PF 2 side  4x8', 29.50, 177.00, '2018-02-12 05:43:25', '2018-02-12 05:43:25', NULL),
(200, 76, 1, 'JW288.6144 Jowat glue granulada 44 LB White', 112.97, 112.97, '2018-02-12 06:12:14', '2018-02-12 06:12:14', NULL),
(201, 76, 1, 'PVC Angelus roble renovable full roll', 80.00, 80.00, '2018-02-12 06:12:14', '2018-02-12 06:12:14', NULL),
(202, 77, 1, 'PVC Angelus gris GU BI color', 95.00, 95.00, '2018-02-12 06:16:44', '2018-02-12 06:16:44', NULL),
(203, 78, 1, 'Panel angelus gris suave 124 4x9', 115.00, 115.00, '2018-02-28 01:27:35', '2018-02-28 01:27:35', NULL),
(206, 79, 4, 'MDF 3/4 white 1 side 4x8', 28.00, 112.00, '2018-02-28 01:39:07', '2018-02-28 01:39:07', NULL),
(207, 79, 1, 'Ply 3/4\" lam white 1 side 4x8', 35.00, 35.00, '2018-02-28 01:39:07', '2018-02-28 01:39:07', NULL),
(208, 80, 1, 'Sample angelus new HG book', 30.00, 30.00, '2018-02-28 01:44:08', '2018-02-28 01:44:08', NULL),
(209, 81, 46, '173H7100 plate blum (OMM) adjustable clip on', 0.40, 18.40, '2018-02-28 01:52:34', '2018-02-28 01:52:34', NULL),
(210, 81, 46, '71M255180 hinge blum F/O no dowel 100DEG', 0.72, 33.12, '2018-02-28 01:52:34', '2018-02-28 01:52:34', NULL),
(211, 65, 2, 'Hinger 135 pie cut clip-on', 1.48, 2.96, '2018-02-28 02:08:06', '2018-02-28 02:08:06', NULL),
(212, 65, 2, 'Hinger 180 clip-on', 1.99, 3.98, '2018-02-28 02:08:06', '2018-02-28 02:08:06', NULL),
(213, 65, 6, 'Lam 932-58 antique white 4x8 fina', 21.00, 126.00, '2018-02-28 02:08:06', '2018-02-28 02:08:06', NULL),
(214, 65, 1, '28\" Kidney White lazy susan  LD247228111', 29.50, 29.50, '2018-02-28 02:08:06', '2018-02-28 02:08:06', NULL),
(215, 65, 4, 'Plate OMM Adjustable', 0.42, 1.68, '2018-02-28 02:08:06', '2018-02-28 02:08:06', NULL),
(216, 82, 1, '98207 2P-10 solokit adhesive activator thick', 17.70, 17.70, '2018-02-28 02:11:28', '2018-02-28 02:11:28', NULL),
(262, 100, 10, 'Hinge 135 degrees adjustable plate', 2.49, 24.90, '2018-03-31 21:15:01', '2018-03-31 21:15:01', NULL),
(263, 100, 10, 'Hinge 180 degrees adjustable plate', 2.49, 24.90, '2018-03-31 21:15:01', '2018-03-31 21:15:01', NULL),
(264, 100, 25, 'Birch 1/4 pre-finished 1 side c', 16.50, 412.50, '2018-03-31 21:15:02', '2018-03-31 21:15:02', NULL),
(265, 100, 55, 'Birch 3/4 pre-finished 1 side C2', 29.99, 1649.45, '2018-03-31 21:15:02', '2018-03-31 21:15:02', NULL),
(266, 101, 10, 'Mica GL frosty white matte 1113-30 greenlam main', 9.25, 92.50, '2018-03-31 21:23:26', '2018-03-31 21:23:26', NULL),
(267, 101, 50, 'Full extencion soft close 18\" eurovinyl', 6.50, 325.00, '2018-03-31 21:23:26', '2018-03-31 21:23:26', NULL),
(270, 90, 1, 'Mela text 3/4 cannella rustik rain G87 2S 5x8', 76.00, 76.00, '2018-04-08 20:52:32', '2018-04-08 20:52:32', NULL),
(271, 90, 1, 'Panel angelus paper collage', 115.00, 115.00, '2018-04-08 20:52:32', '2018-04-08 20:52:32', NULL),
(272, 90, 2, 'Panel angelus blanco mate 4x9', 115.00, 230.00, '2018-04-08 20:52:32', '2018-04-08 20:52:32', NULL),
(273, 90, 1, 'PVC angelus blanco matte 1MM', 45.00, 45.00, '2018-04-08 20:52:32', '2018-04-08 20:52:32', NULL),
(274, 89, 1, 'PVC text cannela rustik G87 15/16 1MMX500ROL', 70.00, 70.00, '2018-04-08 20:53:23', '2018-04-08 20:53:23', NULL),
(275, 88, 3, '28\" Kidney white lazy susan LD247228111', 33.80, 101.40, '2018-04-08 20:53:49', '2018-04-08 20:53:49', NULL),
(276, 87, 1, 'Lam text G87 CANNELLA RUSTIK RAIN 1/32 4X8', 70.00, 70.00, '2018-04-08 20:54:23', '2018-04-08 20:54:23', NULL),
(277, 98, 1, 'Panel angelus roble caviar', 118.00, 118.00, '2018-04-08 20:56:29', '2018-04-08 20:56:29', NULL),
(278, 98, 2, 'Panel angelus roble sinatra 4x9', 118.00, 236.00, '2018-04-08 20:56:29', '2018-04-08 20:56:29', NULL),
(279, 98, 1, 'PVC unicolor roble sinatra angelus', 80.00, 80.00, '2018-04-08 20:56:29', '2018-04-08 20:56:29', NULL),
(280, 94, 1, '28\" Kidney white lazy susan LD247228111', 29.50, 29.50, '2018-04-08 20:56:53', '2018-04-08 20:56:53', NULL),
(281, 97, 3, 'Panel angelus gris azulado HG 4X9', 118.00, 354.00, '2018-04-08 20:57:17', '2018-04-08 20:57:17', NULL),
(282, 96, 7, 'Ply 1/4 lam grey 4x8', 18.00, 126.00, '2018-04-08 20:58:32', '2018-04-08 20:58:32', NULL),
(283, 96, 15, 'Ply 3/4 lam grey 1 side 4x8', 34.50, 517.50, '2018-04-08 20:58:32', '2018-04-08 20:58:32', NULL),
(284, 102, 55, 'Birch 3/4 pre-finished 1 side C2', 28.90, 1589.50, '2018-04-08 21:11:36', '2018-04-08 21:11:36', NULL),
(285, 102, 2, 'Mica GL 5946-31 ritzy marvel main WH B-2 4X8 thin gloss', 19.99, 39.98, '2018-04-08 21:11:36', '2018-04-08 21:11:36', NULL),
(286, 99, 3, '9047171 INNO slide under (20) 520 MM LH', 8.10, 24.30, '2018-04-08 21:23:33', '2018-04-08 21:23:33', NULL),
(287, 99, 3, '9047172 INNO slide under (20) 520 MM RH', 8.10, 24.30, '2018-04-08 21:23:33', '2018-04-08 21:23:33', NULL),
(288, 99, 7, '9117871 QV6 520 MM slide LH push-to- open metal', 10.95, 76.65, '2018-04-08 21:23:33', '2018-04-08 21:23:33', NULL),
(289, 99, 7, '9117872 QV6 520 MM slide RH push-to-open metal', 10.95, 76.65, '2018-04-08 21:23:33', '2018-04-08 21:23:33', NULL),
(290, 99, 3, '9218601 INNOTECH silver-pack/stand 520 zcuare', 18.20, 54.60, '2018-04-08 21:23:33', '2018-04-08 21:23:33', NULL),
(291, 99, 4, '9218603 INNOTECH silve-pot/pand 520M (zcuare)', 22.80, 91.20, '2018-04-08 21:23:33', '2018-04-08 21:23:33', NULL),
(292, 99, 3, '922566400 INNO tech silver pot and pan 520 mm7', 24.58, 73.74, '2018-04-08 21:23:33', '2018-04-08 21:23:33', NULL),
(293, 99, 2, 'Panel luxe HG blanco 4x9 R111A11', 120.00, 240.00, '2018-04-08 21:23:33', '2018-04-08 21:23:33', NULL),
(294, 95, 5, 'Panel angelus blanco gloss medida espec 4x8', 75.00, 375.00, '2018-04-08 21:24:06', '2018-04-08 21:24:06', NULL),
(295, 95, 4, 'Play 1/4 lam grey 4x8', 18.00, 72.00, '2018-04-08 21:24:06', '2018-04-08 21:24:06', NULL),
(296, 92, 55, 'Ply 3/4\" birch PF 1 side 4x8', 28.55, 1570.25, '2018-04-23 23:40:44', '2018-04-23 23:40:44', NULL),
(297, 92, 7, 'Ply 1/2\" birch PF 2 side 4x8', 29.00, 203.00, '2018-04-23 23:40:44', '2018-04-23 23:40:44', NULL),
(298, 91, 3, 'Lam 1222 pear wood 4x8 F laminati', 19.00, 57.00, '2018-04-23 23:40:49', '2018-04-23 23:40:49', NULL),
(299, 86, 1, 'Contact cement 951 wilsonart 5G', 65.00, 65.00, '2018-04-23 23:41:00', '2018-04-23 23:41:00', NULL),
(300, 86, 55, 'Ply 3/4\" birch PF 1 side 4x8', 28.55, 1570.25, '2018-04-23 23:41:00', '2018-04-23 23:41:00', NULL),
(301, 86, 25, 'Ply 1/4\" birch PF 1 side 4x8', 16.00, 400.00, '2018-04-23 23:41:00', '2018-04-23 23:41:00', NULL),
(302, 86, 8, 'ply 1/2\" birch PF 2 side 4x8', 29.00, 232.00, '2018-04-23 23:41:00', '2018-04-23 23:41:00', NULL),
(303, 85, 4, 'PVC BI color white gloss brus /alumi (LG)', 115.00, 460.00, '2018-04-23 23:41:06', '2018-04-23 23:41:06', NULL),
(304, 85, 1, 'PVC angelus negro BI-color', 95.00, 95.00, '2018-04-23 23:41:06', '2018-04-23 23:41:06', NULL),
(305, 84, 2, 'Hinge 135 pie cut clip-on', 1.48, 2.96, '2018-04-23 23:41:10', '2018-04-23 23:41:10', NULL),
(306, 84, 2, 'Hinge 180 clip-on', 1.99, 3.98, '2018-04-23 23:41:10', '2018-04-23 23:41:10', NULL),
(307, 84, 1, '28\" Kidney white lazy susan LD247228111', 33.00, 33.00, '2018-04-23 23:41:10', '2018-04-23 23:41:10', NULL),
(308, 83, 20, 'Film-3   x 1000 FT (nylon)', 2.70, 54.00, '2018-04-23 23:41:15', '2018-04-23 23:41:15', NULL),
(309, 73, 1, 'BOX 3X21 X 60 SANDING BELT (10 X BOX)', 15.08, 15.08, '2018-04-23 23:41:22', '2018-04-23 23:41:22', 39),
(310, 73, 1, 'P40 ZIRCONA OXIDE SANDING BELT 3X21', 9.80, 9.80, '2018-04-23 23:41:22', '2018-04-23 23:41:22', 40),
(311, 59, 20, 'Mela 5/8 White 2 sides domestic 49x97', 18.00, 360.00, '2018-04-23 23:41:34', '2018-04-23 23:41:34', NULL),
(312, 61, 4, 'MDF 3/4 White 1 side 4x8', 28.00, 112.00, '2018-04-23 23:41:37', '2018-04-23 23:41:37', NULL),
(313, 61, 1, 'Ply 3/4\" Lam White 1 side 4x8', 35.00, 35.00, '2018-04-23 23:41:37', '2018-04-23 23:41:37', NULL),
(314, 70, 55, 'PLY 3/4 \" birch PF 1 side 4x8', 28.55, 1570.25, '2018-04-23 23:41:45', '2018-04-23 23:41:45', 37),
(315, 70, 20, 'PLY 1/4 \" birch PF 1 side 4x8', 16.00, 320.00, '2018-04-23 23:41:45', '2018-04-23 23:41:45', NULL),
(330, 111, 6, 'Panel angelus blanco gloss medida espec 4x8', 75.00, 450.00, '2018-04-24 23:17:49', '2018-04-24 23:17:49', NULL),
(333, 113, 3, 'Panel angelus roble caviar', 115.00, 345.00, '2018-06-02 22:52:12', '2018-06-02 22:52:12', NULL),
(334, 113, 1, 'PVC angelus roble caviar HG unicolor', 80.00, 80.00, '2018-06-02 22:52:12', '2018-06-02 22:52:12', NULL),
(335, 112, 1, 'JW288.6144 jowat glue granulada 44LB white', 113.08, 113.08, '2018-06-02 23:04:50', '2018-06-02 23:04:50', NULL),
(336, 112, 10, 'Panel angelus white gloss 4x9', 86.00, 860.00, '2018-06-02 23:04:50', '2018-06-02 23:04:50', NULL),
(337, 114, 1, 'Panel angelus roble caviar', 119.00, 119.00, '2018-06-02 23:11:44', '2018-06-02 23:11:44', NULL),
(338, 114, 1, 'PVC angelus roble caviar HG unicolor', 80.00, 80.00, '2018-06-02 23:11:44', '2018-06-02 23:11:44', NULL),
(339, 115, 1, 'Lam #18 brush aluminum 4x8 laminati', 45.00, 45.00, '2018-06-02 23:17:57', '2018-06-02 23:17:57', NULL),
(340, 116, 1, 'WS2177 wax stick white', 2.20, 2.20, '2018-06-02 23:21:59', '2018-06-02 23:21:59', NULL),
(341, 117, 60, 'SS12-0738 bar handle 7 3/8', 1.00, 60.00, '2018-06-02 23:29:47', '2018-06-02 23:29:47', NULL),
(342, 117, 50, 'SS12-0912 bar handle 9 1/2', 1.65, 82.50, '2018-06-02 23:29:47', '2018-06-02 23:29:47', NULL),
(343, 118, 1, 'Lam 7911-60 manitoba maple f 4x8', 20.00, 20.00, '2018-06-02 23:34:38', '2018-06-02 23:34:38', NULL),
(344, 119, 1, 'Panel angelus roble cavir', 119.00, 119.00, '2018-06-02 23:42:42', '2018-06-02 23:42:42', NULL),
(345, 119, 1, 'PVC angelus roble caviar HG unicolor', 80.00, 80.00, '2018-06-02 23:42:42', '2018-06-02 23:42:42', NULL),
(346, 120, 2, 'Full 10 soft close', 6.00, 12.00, '2018-06-02 23:46:54', '2018-06-02 23:46:54', NULL),
(347, 121, 1, 'Ply 3/4 maple natural B 4x8', 46.00, 46.00, '2018-06-02 23:51:06', '2018-06-02 23:51:06', NULL),
(348, 122, 50, 'SS12-0912 bar handle 9 1/2', 1.98, 99.00, '2018-06-03 00:01:34', '2018-06-03 00:01:34', NULL),
(349, 108, 1, '28\" Kidney white lazy susan LD247228111', 29.00, 29.00, '2018-06-03 00:04:39', '2018-06-03 00:04:39', NULL),
(350, 109, 1, 'Double face tape 3/4 x 1/16 x 36 YD sto3416', 11.48, 11.48, '2018-06-03 00:05:21', '2018-06-03 00:05:21', NULL),
(351, 106, 2, 'Lam chocolate 4x8 F', 19.00, 38.00, '2018-06-03 00:33:32', '2018-06-03 00:33:32', NULL),
(352, 105, 2, 'Panel angelus roble sinatra 4x9', 118.00, 236.00, '2018-06-03 00:34:02', '2018-06-03 00:34:02', NULL),
(353, 105, 1, 'PVC unicolor roble sinatra angelus', 80.00, 80.00, '2018-06-03 00:34:02', '2018-06-03 00:34:02', NULL),
(354, 105, 2, 'Servicio de cortes', 40.00, 80.00, '2018-06-03 00:34:02', '2018-06-03 00:34:02', NULL),
(355, 104, 3, 'Panel angelus gris gu HG 113', 118.00, 354.00, '2018-06-03 00:34:29', '2018-06-03 00:34:29', NULL),
(356, 104, 1, 'PVC angelus gris gu BI color', 95.00, 95.00, '2018-06-03 00:34:29', '2018-06-03 00:34:29', NULL),
(357, 104, 3, 'Servicio de cortes', 40.00, 120.00, '2018-06-03 00:34:29', '2018-06-03 00:34:29', NULL),
(358, 103, 2, 'Panel angelus blanco mate 4x9', 118.00, 236.00, '2018-06-03 00:35:06', '2018-06-03 00:35:06', NULL),
(359, 103, 2, 'Servicio de cortes', 40.00, 80.00, '2018-06-03 00:35:06', '2018-06-03 00:35:06', NULL),
(360, 110, 2, 'Lam HQL designer white wilsonart 3154 65 184', 13.45, 26.90, '2018-06-03 00:43:52', '2018-06-03 00:43:52', NULL),
(361, 123, 8, 'Panel angelus white gloss 4x9', 86.00, 688.00, '2018-06-03 00:52:46', '2018-06-03 00:52:46', NULL),
(362, 124, 10, 'Full ext soft close G- slide 18', 8.30, 83.00, '2018-06-03 01:05:08', '2018-06-03 01:05:08', NULL),
(363, 124, 1, 'Lam # 18 brush aluminum 4x8 laminati', 45.00, 45.00, '2018-06-03 01:05:08', '2018-06-03 01:05:08', NULL),
(364, 125, 1, 'PVC BI color white gloss brus /alumi (LG)', 115.00, 115.00, '2018-06-03 01:11:18', '2018-06-03 01:11:18', NULL),
(365, 125, 5, 'Servicio de cortes', 40.00, 200.00, '2018-06-03 01:11:18', '2018-06-03 01:11:18', NULL),
(366, 126, 3, '833.72.865 Aluminum profile, for recess mount', 26.70, 80.10, '2018-06-03 01:15:57', '2018-06-03 01:15:57', NULL),
(367, 127, 120, 'PVC Pannellis primo fiore maya bronze 28 MM', 0.52, 62.40, '2018-06-03 01:26:31', '2018-06-03 01:26:31', NULL),
(368, 107, 120, 'PVC pannellis primo fiore maya bronze 28MM', 0.52, 62.40, '2018-06-03 01:31:23', '2018-06-03 01:31:23', NULL),
(369, 93, 25, 'Birch 3/4 laminated white 1 side', 29.90, 747.50, '2018-06-03 01:31:57', '2018-06-03 01:31:57', NULL),
(370, 93, 15, 'Birch 1/4 laminated  white 1 side', 16.00, 240.00, '2018-06-03 01:31:57', '2018-06-03 01:31:57', NULL),
(371, 93, 10, 'Birch 3/4 laminated white 2 sides', 37.00, 370.00, '2018-06-03 01:31:57', '2018-06-03 01:31:57', NULL),
(372, 93, 1, 'Mica GL 5946-31 Ritzy marvel main WH-2 4X8 thin gloss', 19.99, 19.99, '2018-06-03 01:31:57', '2018-06-03 01:31:57', NULL),
(373, 128, 2, 'Panel angelus gris azulado HG 4x9', 118.00, 236.00, '2018-06-07 23:47:27', '2018-06-07 23:47:27', NULL),
(374, 129, 10, '51193-150-CH handle finger tip O/A 1500 MM chro', 3.13, 31.30, '2018-06-08 00:01:34', '2018-06-08 00:01:34', NULL),
(375, 129, 4, '51193-230-CH handle finger tip O/A230 MM chro', 5.00, 20.00, '2018-06-08 00:01:34', '2018-06-08 00:01:34', NULL),
(376, 129, 1, '51193-75-CH handle finger tip O/A 75 MM chromo', 2.80, 2.80, '2018-06-08 00:01:34', '2018-06-08 00:01:34', NULL),
(377, 130, 2, 'Caulking white poliseam', 2.66, 5.32, '2018-06-08 00:45:42', '2018-06-08 00:45:42', NULL),
(378, 130, 20, 'Handle L shape 75 MM brush H-JS 1020-075', 1.80, 36.00, '2018-06-08 00:45:42', '2018-06-08 00:45:42', NULL),
(379, 130, 20, 'Handle L shape 170 MM brush H-JS 1020 170', 3.25, 65.00, '2018-06-08 00:45:42', '2018-06-08 00:45:42', NULL),
(380, 130, 1, 'Lam chocolate 4x8 F', 20.50, 20.50, '2018-06-08 00:45:42', '2018-06-08 00:45:42', NULL),
(381, 130, 1, 'Double face tape 1/2 x 1/16 x 36 YD sto 1216', 7.59, 7.59, '2018-06-08 00:45:42', '2018-06-08 00:45:42', NULL),
(382, 130, 1, 'Double face tape 3/4 x 1/16 x 36 YD sto 3416', 11.48, 11.48, '2018-06-08 00:45:42', '2018-06-08 00:45:42', NULL),
(383, 131, 6, 'Ply 1/4 lam grey 4x8', 18.00, 108.00, '2018-06-08 00:53:20', '2018-06-08 00:53:20', NULL),
(384, 131, 1, 'Ply 3/4 lam grey 2 side 4x8', 39.50, 39.50, '2018-06-08 00:53:20', '2018-06-08 00:53:20', NULL),
(385, 131, 10, 'Ply 3/4 lam grey 1 side 4x8', 34.50, 345.00, '2018-06-08 00:53:20', '2018-06-08 00:53:20', NULL),
(388, 133, 2, 'Panel angelus rojo HG 4x9', 118.00, 236.00, '2018-06-08 01:16:38', '2018-06-08 01:16:38', NULL),
(389, 133, 1, 'PVC angelus HG rojo BI color', 95.00, 95.00, '2018-06-08 01:16:38', '2018-06-08 01:16:38', NULL),
(390, 133, 1, 'PVC angelus rojo unicolor full roll', 75.00, 75.00, '2018-06-08 01:16:38', '2018-06-08 01:16:38', NULL),
(391, 133, 2, 'Servicio de cortes', 40.00, 80.00, '2018-06-08 01:16:38', '2018-06-08 01:16:38', NULL),
(392, 134, 1, 'JW288.6144 jowat glue granulada 44LB white', 120.00, 120.00, '2018-08-28 11:38:51', '2018-08-28 11:38:51', NULL),
(397, 137, 1, 'Lam #18 brush aluminum 4x8 laminati', 45.00, 45.00, '2018-08-28 12:23:52', '2018-08-28 12:23:52', NULL),
(399, 138, 2, 'Servicio de cortes', 40.00, 80.00, '2018-08-28 12:32:42', '2018-08-28 12:32:42', NULL),
(403, 139, 55, 'Birch 3/4 pre-finished 1 side c2', 29.99, 1649.45, '2018-08-28 12:52:29', '2018-08-28 12:52:29', NULL),
(404, 139, 20, 'Birch 1/4 pre-finished 1 side c', 16.99, 339.80, '2018-08-28 12:52:29', '2018-08-28 12:52:29', NULL),
(405, 139, 6, 'Birch 1/2 pre-finished 2 sides EE', 29.60, 177.60, '2018-08-28 12:52:29', '2018-08-28 12:52:29', NULL),
(438, 144, 20, 'Film-3  x 1000 FT (Nylon)', 2.00, 40.00, '2018-11-06 01:02:36', '2018-11-06 01:02:36', NULL),
(439, 144, 25, 'Ply 1/4\" birch pf 1side 4x8', 16.00, 400.00, '2018-11-06 01:02:36', '2018-11-06 01:02:36', NULL),
(440, 144, 7, 'Ply 1/2\" birch pf 2 side 4x8', 29.00, 203.00, '2018-11-06 01:02:36', '2018-11-06 01:02:36', NULL),
(441, 145, 1, '98207 2p-10 solokit adhesive activator thick', 16.50, 16.50, '2018-11-06 01:24:14', '2018-11-06 01:24:14', NULL),
(442, 145, 1, 'RV12KD11CS24 waste single white/chrome 35 qt', 24.00, 24.00, '2018-11-06 01:24:14', '2018-11-06 01:24:14', NULL),
(443, 145, 6, 'SS12-1200 bar handle 12', 2.95, 17.70, '2018-11-06 01:24:14', '2018-11-06 01:24:14', NULL),
(444, 145, 1, 'Double face tape 1/2 x 1/16 x 36 yd sto1216', 7.80, 7.80, '2018-11-06 01:24:14', '2018-11-06 01:24:14', NULL),
(456, 148, 5, 'Lazy susan kidney 28\" white revisar antes de darlo', 28.00, 140.00, '2018-11-07 14:26:58', '2018-11-07 14:26:58', NULL),
(457, 148, 10, 'Hinge 135 degrees adjustable plate', 2.49, 24.90, '2018-11-07 14:26:58', '2018-11-07 14:26:58', NULL),
(458, 148, 10, 'Hinge 180 degrees adjustable plate', 2.49, 24.90, '2018-11-07 14:26:58', '2018-11-07 14:26:58', NULL),
(459, 149, 6, 'Mica 1113-30 frosty white 4x8 thin matte B-2', 10.00, 60.00, '2018-11-07 14:43:35', '2018-11-07 14:43:35', NULL),
(462, 151, 40, 'Plywood 3/4\" birch pre finish one side c 2 4x8', 34.00, 1360.00, '2018-11-07 15:09:56', '2018-11-07 15:09:56', NULL),
(463, 152, 20, 'Plywood 3/4\" birch pre finish one side C2 4x8', 34.00, 680.00, '2018-11-07 15:20:10', '2018-11-07 15:20:10', NULL),
(464, 152, 10, 'Plywood 1/4\" birch pre finish one side 4x8', 18.50, 185.00, '2018-11-07 15:20:10', '2018-11-07 15:20:10', NULL),
(471, 154, 4, 'Full ext 18\' slide A3', 2.75, 11.00, '2018-11-13 14:52:04', '2018-11-13 14:52:04', NULL),
(472, 154, 1, 'Full ext 12\' slide A3', 2.05, 2.05, '2018-11-13 14:52:04', '2018-11-13 14:52:04', NULL),
(473, 155, 1, 'Zinc handle 128 mm brushed nickel', 6.50, 6.50, '2018-11-13 15:00:18', '2018-11-13 15:00:18', NULL),
(474, 156, 20, 'Plywood 3/4\" birch pre finish one side 4x8', 32.50, 650.00, '2018-11-13 15:15:26', '2018-11-13 15:15:26', NULL),
(475, 156, 8, 'Plywood 1/4\" birch pre finish one side 4x8', 18.50, 148.00, '2018-11-13 15:15:26', '2018-11-13 15:15:26', NULL),
(476, 156, 6, 'Ply 1/2\" birch P/F 2/S 4x8', 30.50, 183.00, '2018-11-13 15:15:26', '2018-11-13 15:15:26', NULL),
(477, 157, 4, '9218601 Atira innotech D-Pack 20.5\"  520 MM silver hettich N2', 18.00, 72.00, '2018-11-13 15:27:03', '2018-11-13 15:27:03', NULL),
(478, 157, 4, '9117871/72 Quadro v6 22 SFP/520 Righ and left push to open 20 1/2\" M6 back', 21.00, 84.00, '2018-11-13 15:27:03', '2018-11-13 15:27:03', NULL),
(479, 158, 1, 'Lam 1809 stainless steel 4x8 mica back laminati', 59.00, 59.00, '2018-11-13 15:32:07', '2018-11-13 15:32:07', NULL),
(480, 159, 20, 'G-Slide 18\" full ext soft close B3', 9.99, 199.80, '2018-11-13 15:37:02', '2018-11-13 15:37:02', NULL),
(481, 160, 1, 'Twin frosty white code 2310C 7/8\" x 492\' 1 MM', 115.00, 115.00, '2018-11-13 15:42:08', '2018-11-13 15:42:08', NULL),
(482, 161, 20, 'Film 3\" x 1000 FT stretch wrap clear markwell', 3.50, 70.00, '2018-11-13 15:47:26', '2018-11-13 15:47:26', NULL),
(483, 162, 4, 'Full ext 20\' slide A3', 3.00, 12.00, '2018-11-13 15:57:40', '2018-11-13 15:57:40', NULL),
(484, 162, 10, 'G- Slide 20\" Full ext soft close B3', 10.50, 105.00, '2018-11-13 15:57:40', '2018-11-13 15:57:40', NULL),
(485, 162, 1, 'Lam 86992-2058 Hard rock maple 4x8 fina suncrest', 21.50, 21.50, '2018-11-13 15:57:40', '2018-11-13 15:57:40', NULL),
(486, 163, 1, 'Lam 1809 stainless steel 4x8 mica back laminati', 59.00, 59.00, '2018-11-13 16:05:18', '2018-11-13 16:05:18', NULL),
(487, 164, 4, 'Angelus blanco hight gloss MDF 3/4\" laqueado 101 4x9', 97.50, 390.00, '2018-11-13 16:13:10', '2018-11-13 16:13:10', NULL),
(488, 164, 7, 'Ply 3/4\" lam grey 1/s 4x8', 36.00, 252.00, '2018-11-13 16:13:10', '2018-11-13 16:13:10', NULL),
(489, 164, 3, 'Ply 1/4 grey 1/s 4x8', 18.50, 55.50, '2018-11-13 16:13:10', '2018-11-13 16:13:10', NULL),
(490, 165, 5, 'Ply 3/4\" birch P/F 1/S EE 4X8', 32.50, 162.50, '2018-11-13 16:17:39', '2018-11-13 16:17:39', NULL),
(491, 166, 1, 'Lam 1809 stainless steel 4x8 mica back laminati', 59.00, 59.00, '2018-11-13 16:22:24', '2018-11-13 16:22:24', NULL),
(492, 167, 3, 'Ply 1/4\" lam white 1/s 4x8', 17.50, 52.50, '2018-11-13 16:26:34', '2018-11-13 16:26:34', NULL),
(493, 168, 10, 'Ply 3/4\" birch p/f 1/s EE 4X8', 32.50, 325.00, '2018-11-13 16:32:47', '2018-11-13 16:32:47', NULL),
(494, 168, 8, 'Ply 1/4\" birch p/f 1/s 4x8', 16.50, 132.00, '2018-11-13 16:32:47', '2018-11-13 16:32:47', NULL),
(495, 169, 9, 'Ply 3/4\" lam white 1/s 4x8', 36.00, 324.00, '2018-11-13 16:39:33', '2018-11-13 16:39:33', NULL),
(496, 169, 2, 'Angelus blanco hight gloss MDF 3/4\" laqueado 101 4x9', 97.50, 195.00, '2018-11-13 16:39:33', '2018-11-13 16:39:33', NULL),
(497, 170, 1, 'Lam 1809 stainless steel 4x8 mica back laminati', 59.00, 59.00, '2018-11-13 17:31:32', '2018-11-13 17:31:32', NULL),
(498, 170, 2, 'Tube oval 0V3015 wat 30 mm x 15 mm chrome 8 et long', 6.00, 12.00, '2018-11-13 17:31:32', '2018-11-13 17:31:32', NULL),
(499, 170, 10, 'Oval tube support no pin', 0.45, 4.50, '2018-11-13 17:31:32', '2018-11-13 17:31:32', NULL),
(500, 170, 4, 'Full ext 20\' slide A3', 3.00, 12.00, '2018-11-13 17:31:32', '2018-11-13 17:31:32', NULL),
(501, 171, 5, 'Angelus blanco hight gloss MDF 3/4\" laqueado 101 4x9', 97.50, 487.50, '2018-11-13 17:38:10', '2018-11-13 17:38:10', NULL),
(502, 172, 7, 'Angelus blanco hight gloss MDF 3/4\" laqueado 101 4x9', 97.50, 682.50, '2018-11-13 17:43:07', '2018-11-13 17:43:07', NULL),
(503, 150, 40, 'SS12-0738 Bar handle 7 3/8\" stainless steel', 1.00, 40.00, '2019-06-26 00:57:14', '2019-06-26 00:57:14', NULL),
(504, 150, 50, 'SS12-0912 Handle bar 9 1/2\" stainless steel', 2.00, 100.00, '2019-06-26 00:57:14', '2019-06-26 00:57:14', NULL),
(505, 153, 30, 'Plywood 3/4\" birch pre finish one side C2 4x8', 38.00, 1140.00, '2019-06-26 01:00:37', '2019-06-26 01:00:37', NULL),
(506, 153, 6, 'Ply 1/2\" birch P/F 2/S 4X8', 30.50, 183.00, '2019-06-26 01:00:37', '2019-06-26 01:00:37', NULL),
(507, 153, 10, 'Plywood 1/4\" birch pre finish one side 4x8', 19.00, 190.00, '2019-06-26 01:00:37', '2019-06-26 01:00:37', NULL),
(508, 153, 8, 'HP05A Hinger 135 pie cut clip-on lazy susan A2', 1.65, 13.20, '2019-06-26 01:00:37', '2019-06-26 01:00:37', NULL),
(509, 153, 8, '1076819 165 Degree hinge self closing to screw on base 12.5 full overlay hettich B2', 2.25, 18.00, '2019-06-26 01:00:37', '2019-06-26 01:00:37', NULL),
(510, 153, 16, '9071670 0 MM Plate ADJ screw-on cross mount hettich C2', 0.50, 8.00, '2019-06-26 01:00:37', '2019-06-26 01:00:37', NULL),
(511, 147, 5, 'Birch 1/2 pre-finished 2 sides EE', 29.60, 148.00, '2019-07-03 02:49:45', '2019-07-03 02:49:45', NULL),
(512, 147, 5, 'Birch 1/4 laminated white 1 side', 18.50, 92.50, '2019-07-03 02:49:45', '2019-07-03 02:49:45', NULL),
(513, 147, 15, 'Birch 3/4 laminated white 1 side', 30.50, 457.50, '2019-07-03 02:49:45', '2019-07-03 02:49:45', NULL),
(514, 147, 3, 'Lazy susan kidney 28\" white revisar antes de darlo', 28.00, 84.00, '2019-07-03 02:49:45', '2019-07-03 02:49:45', NULL),
(515, 147, 50, 'Full extention regular 18', 1.90, 95.00, '2019-07-03 02:49:45', '2019-07-03 02:49:45', NULL),
(516, 141, 10, 'Mica GL frosty white matte 1113-30 greenlam main', 9.99, 99.90, '2019-07-03 02:50:42', '2019-07-03 02:50:42', NULL),
(517, 141, 50, 'Full extension soft close 18\" eurovinyl', 6.50, 325.00, '2019-07-03 02:50:42', '2019-07-03 02:50:42', NULL),
(518, 141, 50, 'Full extention regular 18', 1.90, 95.00, '2019-07-03 02:50:42', '2019-07-03 02:50:42', NULL),
(519, 141, 2, 'CMT809.025.11', 16.63, 33.26, '2019-07-03 02:50:42', '2019-07-03 02:50:42', NULL),
(520, 141, 2, 'CMT806.128.11', 11.67, 23.34, '2019-07-03 02:50:42', '2019-07-03 02:50:42', NULL),
(521, 141, 10, 'Full extention regular 12', 2.45, 24.50, '2019-07-03 02:50:42', '2019-07-03 02:50:42', NULL),
(522, 146, 1, 'MK - silicone markwell light duty economy', 8.90, 8.90, '2019-07-03 02:52:19', '2019-07-03 02:52:19', NULL),
(523, 146, 5, 'Panel pannellis primo maya bronze 7x9', 150.00, 750.00, '2019-07-03 02:52:19', '2019-07-03 02:52:19', NULL),
(524, 146, 5, 'Ply 3/4 lam grey 2 side 4x8', 39.50, 197.50, '2019-07-03 02:52:19', '2019-07-03 02:52:19', NULL),
(525, 146, 6, 'Ply 3/4 lam grey 1 side 4x8', 34.50, 207.00, '2019-07-03 02:52:19', '2019-07-03 02:52:19', NULL),
(526, 146, 990, 'PVC pannellis primo fiore maya bronze', 0.35, 346.50, '2019-07-03 02:52:19', '2019-07-03 02:52:19', NULL),
(527, 146, 5, 'Servicio de cortes', 62.00, 310.00, '2019-07-03 02:52:19', '2019-07-03 02:52:19', NULL),
(528, 142, 120, 'SS12-0738 Bar handle 7 3/8', 1.00, 120.00, '2019-07-03 02:53:24', '2019-07-03 02:53:24', NULL),
(529, 142, 50, 'SS12-0912 Bar handle 9 1/2', 2.00, 100.00, '2019-07-03 02:53:24', '2019-07-03 02:53:24', NULL),
(530, 142, 1, 'Double face tape 3/4 x 1/16 x 36 yd sto3416', 11.48, 11.48, '2019-07-03 02:53:24', '2019-07-03 02:53:24', NULL),
(531, 143, 4, 'Mica GL frosty white matte 1113-30 greenlam main \nA-1 4X8 THIN', 9.99, 39.96, '2019-07-03 02:54:00', '2019-07-03 02:54:00', NULL),
(532, 140, 100, 'Handle bar pull 7096 (6 3/4) RS 9524', 0.65, 65.00, '2019-07-03 02:54:26', '2019-07-03 02:54:26', NULL),
(533, 140, 50, 'Full extention regular 14', 1.60, 80.00, '2019-07-03 02:54:26', '2019-07-03 02:54:26', NULL),
(534, 140, 100, 'Full extention regular 18', 1.65, 165.00, '2019-07-03 02:54:26', '2019-07-03 02:54:26', NULL),
(535, 140, 1, 'Contact cement wilsonart 951', 65.00, 65.00, '2019-07-03 02:54:26', '2019-07-03 02:54:26', NULL),
(536, 140, 500, 'Hinge blum with dowels', 1.03, 515.00, '2019-07-03 02:54:26', '2019-07-03 02:54:26', NULL),
(537, 173, 6, 'Panel MDF 3/4 white lamigloss 4x9', 102.00, 612.00, '2019-07-24 20:13:56', '2019-07-24 20:13:56', NULL),
(538, 174, 2, '310.080.12 Dowel Drill 8x27x57.5 LH CMT', 12.00, 24.00, '2019-08-09 16:40:05', '2019-08-09 16:40:05', NULL),
(539, 174, 1, 'PVC ABS ultra hight gloss twin frosty white 7/8\"x492\' FT 1 MM no glue code 2310C L2 LG', 115.00, 115.00, '2019-08-09 16:40:05', '2019-08-09 16:40:05', NULL),
(540, 174, 120, 'SS12-0738 Bar Handle 7 3/8 \" stainless steel', 1.00, 120.00, '2019-08-09 16:40:05', '2019-08-09 16:40:05', NULL),
(542, 175, 1, 'Lam 1818 brush aluminum mica back 4x8 laminati', 59.00, 59.00, '2019-08-09 17:23:35', '2019-08-09 17:23:35', NULL),
(543, 176, 3, 'Lam 7284-2058 figured annigre 4 x 8 fina suncrest', 22.50, 67.50, '2019-08-09 17:31:37', '2019-08-09 17:31:37', NULL),
(544, 176, 4, 'Full ext 14\' slide A3', 2.05, 8.20, '2019-08-09 17:31:37', '2019-08-09 17:31:37', NULL),
(550, 177, 8, 'Angelus blanco  artico high gloss 119 MDF 3/4 4x9', 125.00, 1000.00, '2019-08-13 18:45:22', '2019-08-13 18:45:22', NULL),
(551, 177, 1, 'PVC abs ultra hight gloss twin frosty white 7/8\" x 492\' FT 1 MM no glue code 2310C L2 LG', 120.00, 120.00, '2019-08-13 18:45:22', '2019-08-13 18:45:22', NULL),
(552, 177, 3, 'Plywood 3/4\" laminate white two sides 4x8 17 MM', 39.00, 117.00, '2019-08-13 18:45:22', '2019-08-13 18:45:22', NULL),
(553, 177, 8, 'Plywood 1/4\" laminate white one side 4x8 SFL', 20.50, 164.00, '2019-08-13 18:45:22', '2019-08-13 18:45:22', NULL),
(554, 177, 25, 'Plywood 3/4\" laminate white one side 4x8 17MM', 35.00, 875.00, '2019-08-13 18:45:22', '2019-08-13 18:45:22', NULL),
(555, 178, 3, 'Mica solar white 4x8 1/32 super matte', 60.00, 180.00, '2019-08-13 19:17:05', '2019-08-13 19:17:05', NULL),
(556, 178, 2, 'PVCmatte meister solar white 1MM X 328 FT. super matte', 65.00, 130.00, '2019-08-13 19:17:05', '2019-08-13 19:17:05', NULL),
(557, 178, 1, 'UNI-COLOR gloss solar white 1MM X 323\'', 45.00, 45.00, '2019-08-13 19:17:05', '2019-08-13 19:17:05', NULL),
(558, 179, 20, 'Handle finger tip o/a 75 MM nickel', 2.00, 40.00, '2019-08-22 13:12:01', '2019-08-22 13:12:01', NULL),
(559, 180, 2, 'Mica solar white 4x8 1/32 super matte', 60.00, 120.00, '2019-08-22 13:24:37', '2019-08-22 13:24:37', NULL),
(560, 181, 55, 'Plywood 3/4\" birch pre finish one side 4x8 17 MM econom', 28.75, 1581.25, '2019-08-22 13:40:25', '2019-08-22 13:40:25', NULL),
(561, 181, 15, 'Plywood 1/4\" birch pre finish one side 4x8', 17.50, 262.50, '2019-08-22 13:40:25', '2019-08-22 13:40:25', NULL),
(562, 182, 1, 'Lam 1818 brush aluminum mica back 4x8 laminati', 59.00, 59.00, '2019-08-22 14:07:01', '2019-08-22 14:07:01', NULL),
(563, 183, 2, 'Angelus gris azulado 121 MDF 3/4\" laqueado 4x9', 120.00, 240.00, '2019-08-22 14:23:59', '2019-08-22 14:23:59', NULL),
(564, 183, 1, 'PVC angelus gris azulado 492\"', 95.00, 95.00, '2019-08-22 14:23:59', '2019-08-22 14:23:59', NULL),
(565, 184, 1, 'PVC angelus negro matte 1MM', 78.00, 78.00, '2019-09-17 20:30:21', '2019-09-17 20:30:21', NULL),
(566, 184, 1, 'Panel angelus negro matte 4x9', 125.00, 125.00, '2019-09-17 20:30:21', '2019-09-17 20:30:21', NULL),
(567, 185, 1, 'PVC BI color white gloss brus /alumi ( LG)', 115.00, 115.00, '2019-09-17 20:41:01', '2019-09-17 20:41:01', NULL),
(568, 185, 6, 'Panel angelus white gloss 4x9', 86.00, 516.00, '2019-09-17 20:41:01', '2019-09-17 20:41:01', NULL),
(569, 185, 1, 'PVC D150 high gloss designer white 1 MM LG', 55.00, 55.00, '2019-09-17 20:41:01', '2019-09-17 20:41:01', NULL),
(570, 185, 6, 'Servicio de cortes', 40.00, 240.00, '2019-09-17 20:41:01', '2019-09-17 20:41:01', NULL),
(571, 186, 4, 'Panel angelus white gloss 4x9', 86.00, 344.00, '2019-09-17 20:47:09', '2019-09-17 20:47:09', NULL),
(572, 186, 4, 'Servicio de cortes', 40.00, 160.00, '2019-09-17 20:47:09', '2019-09-17 20:47:09', NULL),
(573, 187, 1, '1135488 Innotech white D - pack stand 470 MM', 18.20, 18.20, '2019-09-17 20:59:32', '2019-09-17 20:59:32', NULL),
(574, 187, 2, '1135490 Innotech white pot and pan 470 MM', 21.00, 42.00, '2019-09-17 20:59:32', '2019-09-17 20:59:32', NULL),
(575, 187, 3, '9046288 Inno slide under (18) 470 MM LH', 7.80, 23.40, '2019-09-17 20:59:32', '2019-09-17 20:59:32', NULL),
(576, 187, 3, '9046289 Inno slide under(18) 470 MM RH', 7.80, 23.40, '2019-09-17 20:59:32', '2019-09-17 20:59:32', NULL),
(577, 188, 3, 'Servicio de cortes', 60.00, 180.00, '2019-09-17 21:19:28', '2019-09-17 21:19:28', NULL),
(578, 189, 20, 'Handle L shape 75 MM brush H - JS 1020-075', 1.82, 36.40, '2019-09-17 21:29:38', '2019-09-17 21:29:38', NULL),
(579, 189, 50, 'Handle L shape 170 MM brush H - JS 1020-170', 2.95, 147.50, '2019-09-17 21:29:38', '2019-09-17 21:29:38', NULL),
(580, 190, 2, '833.72.865 Aluminum profile, for recess mount', 27.34, 54.68, '2019-09-17 21:41:34', '2019-09-17 21:41:34', NULL),
(581, 190, 1, 'BOX Screws 2 1/2 drywall box large 2500 PCS', 47.78, 47.78, '2019-09-17 21:41:34', '2019-09-17 21:41:34', NULL),
(582, 190, 40, 'Handle L Shape 170 MM brush H-JS 1020-170', 3.26, 130.40, '2019-09-17 21:41:34', '2019-09-17 21:41:34', NULL),
(583, 191, 4, 'Ply 1/2\" birch PF 2 side 4x8', 29.00, 116.00, '2019-09-20 12:32:12', '2019-09-20 12:32:12', NULL),
(584, 191, 1, 'Ply 1/4 lam grey 4x8', 18.00, 18.00, '2019-09-20 12:32:12', '2019-09-20 12:32:12', NULL),
(585, 191, 1, 'Double face tape 3/4 x 1/16 x 36 YD sto 3416', 11.48, 11.48, '2019-09-20 12:32:12', '2019-09-20 12:32:12', NULL),
(586, 192, 1, 'Box screws 1 drywall box 100 PCS', 1.82, 1.82, '2019-09-20 12:40:29', '2019-09-20 12:40:29', NULL),
(587, 193, 3, 'Ply 1/4 lam grey 4x8', 18.00, 54.00, '2019-09-20 12:50:12', '2019-09-20 12:50:12', NULL),
(588, 193, 3, 'Ply 3/4 lam grey 2 side 4x8', 39.50, 118.50, '2019-09-20 12:50:12', '2019-09-20 12:50:12', NULL),
(589, 193, 10, 'Ply 3/4 lam grey 1 side 4x8', 34.20, 342.00, '2019-09-20 12:50:12', '2019-09-20 12:50:12', NULL),
(590, 194, 2, 'PVC BI color white gloss brus / alumi (LG)', 115.00, 230.00, '2019-09-20 12:56:51', '2019-09-20 12:56:51', NULL),
(591, 194, 9, 'Panel angelus white gloss 4x9', 86.00, 774.00, '2019-09-20 12:56:51', '2019-09-20 12:56:51', NULL),
(592, 194, 9, 'Servicio de cortes', 40.00, 360.00, '2019-09-20 12:56:51', '2019-09-20 12:56:51', NULL),
(593, 195, 1, 'Contact cement 951 wilsonart', 65.50, 65.50, '2019-09-20 13:04:26', '2019-09-20 13:04:26', NULL),
(596, 196, 6, 'Ply 1/2\" birch PF 2 side 4x8', 29.00, 174.00, '2019-09-20 13:15:31', '2019-09-20 13:15:31', NULL),
(597, 196, 20, 'Ply 3/4\" birch PF 1 side 4x8', 29.50, 590.00, '2019-09-20 13:15:31', '2019-09-20 13:15:31', NULL),
(598, 197, 1, 'Ply 3/4\" birch 4x8 PF 2 side', 36.00, 36.00, '2019-09-20 13:21:02', '2019-09-20 13:21:02', NULL),
(599, 198, 2, 'Ply 3/4\" lam white 1 side 4x8', 34.00, 68.00, '2019-09-20 13:30:02', '2019-09-20 13:30:02', NULL),
(600, 198, 2, 'Ply 3/4\" lam white 2 side 4x8', 39.00, 78.00, '2019-09-20 13:30:02', '2019-09-20 13:30:02', NULL),
(601, 199, 1, 'JW288.6144 jowat glue granulada 44 LB white', 122.38, 122.38, '2019-09-20 13:37:11', '2019-09-20 13:37:11', NULL),
(603, 200, 1, 'Panel angelus roble renovales 4x9', 125.00, 125.00, '2019-09-20 13:43:56', '2019-09-20 13:43:56', NULL),
(604, 201, 30, 'Handle l shape 170MM brush H -JS 1020-170', 2.85, 85.50, '2019-09-20 13:50:30', '2019-09-20 13:50:30', NULL),
(605, 202, 10, 'Full ext soft close G- Slide 18', 8.50, 85.00, '2019-09-20 13:55:48', '2019-09-20 13:55:48', NULL),
(606, 203, 1, 'Contact cement 951 wilsonart 5G', 66.00, 66.00, '2019-09-20 14:01:19', '2019-09-20 14:01:19', NULL),
(607, 204, 8, 'Ply 1/2\" birch PF 2 side 4x8', 30.00, 240.00, '2019-09-20 14:06:11', '2019-09-20 14:06:11', NULL),
(608, 205, 1, 'EB Veneer maple nat . 7/8 x 500 no glue', 29.53, 29.53, '2019-09-20 14:10:53', '2019-09-20 14:10:53', NULL),
(609, 206, 1, 'HB 1/8 laricina backing 4x8', 28.83, 28.83, '2019-09-20 14:23:28', '2019-09-20 14:23:28', NULL),
(610, 206, 4, 'PVC BI color white gloss brus /alumi (LG)', 115.00, 460.00, '2019-09-20 14:23:28', '2019-09-20 14:23:28', NULL),
(611, 206, 6, 'Mel text 3/4 laricina siberia 4x8', 44.00, 264.00, '2019-09-20 14:23:28', '2019-09-20 14:23:28', NULL),
(612, 206, 1, 'PVC text laricina siberia 22x1', 70.00, 70.00, '2019-09-20 14:23:28', '2019-09-20 14:23:28', NULL),
(613, 207, 1, 'Lam 86551- 2090 Ebony star granite gloss F 4X8', 29.54, 29.54, '2019-09-20 14:33:19', '2019-09-20 14:33:19', NULL),
(614, 207, 20, 'Ply 3/4\" birch PF 1 side 4x8', 29.50, 590.00, '2019-09-20 14:33:19', '2019-09-20 14:33:19', NULL),
(615, 207, 10, 'Ply 1/4\" birch PF 1 side 4x8', 16.50, 165.00, '2019-09-20 14:33:19', '2019-09-20 14:33:19', NULL),
(616, 208, 1, 'Contact cement 951 wilsonart 5G', 66.00, 66.00, '2019-09-20 14:39:18', '2019-09-20 14:39:18', NULL),
(617, 208, 10, 'Panel angelus white gloss 4x9', 94.00, 940.00, '2019-09-20 14:39:18', '2019-09-20 14:39:18', NULL),
(618, 136, 60, 'SS12-0512 bar handle 5 1/2', 0.90, 54.00, '2019-09-20 14:45:15', '2019-09-20 14:45:15', NULL),
(619, 136, 100, 'SS12-0738 bar handle 7 3/8', 1.00, 100.00, '2019-09-20 14:45:15', '2019-09-20 14:45:15', NULL),
(620, 135, 20, 'Handle l shape 75MM brush H-JS 1020-075', 1.82, 36.40, '2019-09-20 14:47:12', '2019-09-20 14:47:12', NULL),
(621, 135, 12, 'Handle l shape 170MM brush H-js 1020-170', 2.85, 34.20, '2019-09-20 14:47:12', '2019-09-20 14:47:12', NULL),
(622, 209, 8, 'Panel angelus white gloss 4x9', 94.00, 752.00, '2019-09-23 14:04:03', '2019-09-23 14:04:03', NULL),
(623, 209, 4, 'Ply 3/4 lam grey 2 side 4x8', 39.00, 156.00, '2019-09-23 14:04:03', '2019-09-23 14:04:03', NULL),
(625, 210, 2, 'Ply 3/4\" lam white 2 side 4x8', 39.50, 79.00, '2019-09-23 14:22:52', '2019-09-23 14:22:52', NULL),
(626, 211, 2, 'MDF 3/4 WHITE 2 SIDE 4X8', 34.00, 68.00, '2019-09-23 14:27:51', '2019-09-23 14:27:51', NULL),
(627, 212, 1, 'Lam 1809 stainless steel 4x8 laminati', 50.75, 50.75, '2019-09-23 14:37:52', '2019-09-23 14:37:52', NULL),
(628, 213, 1, '28\" Kidney white lazy susan LD247228111', 32.00, 32.00, '2019-09-23 14:43:46', '2019-09-23 14:43:46', NULL),
(629, 214, 2, 'Lam text G87 cannella rustik rain 1/32 4x8', 70.00, 140.00, '2019-09-23 14:50:49', '2019-09-23 14:50:49', NULL),
(630, 214, 2, 'Mela text 3/4 cannella rustik rain G87 2S 5X8', 76.70, 153.40, '2019-09-23 14:50:49', '2019-09-23 14:50:49', NULL),
(631, 215, 5, 'Panel angelus white gloss 4x9', 94.00, 470.00, '2019-09-23 15:02:28', '2019-09-23 15:02:28', NULL),
(632, 215, 1, 'Ply 3/4\" birch 4x8 PF 2 side', 36.00, 36.00, '2019-09-23 15:02:28', '2019-09-23 15:02:28', NULL),
(633, 215, 2, 'Ply 3/4\" lam white 2 side 4x8', 39.50, 79.00, '2019-09-23 15:02:28', '2019-09-23 15:02:28', NULL),
(634, 216, 1, 'Caulking alex paint dap white (regular)', 1.82, 1.82, '2019-09-23 15:11:23', '2019-09-23 15:11:23', NULL),
(635, 216, 1, 'Box screws 1 1/4 drywall box  500 PCS', 7.80, 7.80, '2019-09-23 15:11:23', '2019-09-23 15:11:23', NULL),
(636, 216, 1, 'Fast cap 916 PVC white solid 25100', 1.48, 1.48, '2019-09-23 15:11:23', '2019-09-23 15:11:23', NULL),
(637, 217, 20, 'Ply 3/4\" birch PF 1 side 4x8', 29.50, 590.00, '2019-09-23 15:31:44', '2019-09-23 15:31:44', NULL),
(638, 217, 10, 'Ply 1/4\" birch PF 1 side 4x8', 16.50, 165.00, '2019-09-23 15:31:44', '2019-09-23 15:31:44', NULL),
(639, 218, 12, 'SY79370160CR', 7.75, 93.00, '2019-09-23 20:23:24', '2019-09-23 20:23:24', NULL),
(640, 219, 20, 'Ply 3/4\" birch PF 1 side 4x8', 29.50, 590.00, '2019-09-23 20:29:02', '2019-09-23 20:29:02', NULL),
(641, 220, 3, 'Lam HQL designer white wilsonart 3154 65 184', 13.41, 40.23, '2019-09-23 20:39:02', '2019-09-23 20:39:02', NULL),
(642, 221, 3, 'Ply 1/4 lam white 1 side 4x8', 24.00, 72.00, '2019-09-23 20:42:36', '2019-09-23 20:42:36', NULL),
(643, 222, 8, 'Panel angelus blanco gloss medida espec  4x8', 75.00, 600.00, '2019-09-23 20:48:39', '2019-09-23 20:48:39', NULL),
(644, 222, 2, 'Panel syncron olmo 003 R672212', 89.00, 178.00, '2019-09-23 20:48:39', '2019-09-23 20:48:39', NULL),
(645, 223, 1, '836.190.11 Chamfert bit CMT', 20.40, 20.40, '2019-09-23 21:05:26', '2019-09-23 21:05:26', NULL),
(646, 223, 58, 'Play 3/4\" birch PF 1 side 4x8', 31.00, 1798.00, '2019-09-23 21:05:26', '2019-09-23 21:05:26', NULL),
(647, 223, 5, 'Ply 1/2\" birch PF 2 side 4x8', 27.00, 135.00, '2019-09-23 21:05:26', '2019-09-23 21:05:26', NULL),
(648, 224, 1, 'MDF 3/4 cab . maple H1400 1 cara 5x8', 46.00, 46.00, '2019-09-23 21:10:59', '2019-09-23 21:10:59', NULL),
(649, 225, 2, 'Staple 18GA L17 1/4 X 1 1/2', 9.50, 19.00, '2019-09-23 21:17:08', '2019-09-23 21:17:08', NULL),
(650, 226, 4, 'Doors panel angelus antracita S/M', 10.50, 38.32, '2019-09-23 21:25:29', '2019-09-23 21:25:29', 45),
(651, 227, 6, '51193-150-CH Handle finger tip O/A1500MM CHRO', 2.95, 17.70, '2019-09-23 21:30:54', '2019-09-23 21:30:54', NULL),
(652, 228, 5, 'Lam HQL Designer white wilsonart 3154 65 184', 12.50, 62.50, '2019-09-23 21:36:21', '2019-09-23 21:36:21', NULL),
(653, 132, 1, '28\" Kidney white lazy susan LD247228111', 30.00, 30.00, '2019-10-08 00:55:32', '2019-10-08 00:55:32', NULL),
(654, 132, 2, 'Double face tape 3/4 x 1/16 x 36 YD sto3416', 11.00, 22.00, '2019-10-08 00:55:32', '2019-10-08 00:55:32', NULL),
(655, 229, 5, '51193-45-CH Handle finger tip O/A 45MM CHROME', 1.50, 7.50, '2019-10-08 12:01:22', '2019-10-08 12:01:22', NULL),
(656, 229, 1, '51193-75-CH Handle Finger tip O/A 75 MM CHROMO', 2.50, 2.50, '2019-10-08 12:01:22', '2019-10-08 12:01:22', NULL),
(657, 229, 4, 'Panel sincron Ida rustik 004 4x9 R712212', 89.00, 356.00, '2019-10-08 12:01:22', '2019-10-08 12:01:22', NULL),
(658, 230, 4, 'Staple 18 GA L17 1/4 X 1 1/2', 9.50, 38.00, '2019-10-08 12:38:32', '2019-10-08 12:38:32', NULL),
(659, 230, 1, 'Lam 4550 K 1 335 granite gloss 4x8 wilsonart', 21.76, 21.76, '2019-10-08 12:38:32', '2019-10-08 12:38:32', NULL),
(660, 230, 4, 'Lam HQL designer white wilsonart 3154 65 184', 13.41, 53.64, '2019-10-08 12:38:32', '2019-10-08 12:38:32', NULL),
(661, 230, 1, 'Lam 1222 pear wood 4x8 F laminati', 20.00, 20.00, '2019-10-08 12:38:32', '2019-10-08 12:38:32', NULL),
(662, 231, 18, 'Blumotion under mount slide 18', 15.80, 284.40, '2019-10-08 13:06:32', '2019-10-08 13:06:32', NULL),
(663, 231, 18, 'Blumotion clip right-left (par)', 1.20, 21.60, '2019-10-08 13:06:32', '2019-10-08 13:06:32', NULL),
(664, 231, 4, 'Ply 3/4\" birch PF 1 side 4x8', 30.50, 122.00, '2019-10-08 13:06:32', '2019-10-08 13:06:32', NULL),
(665, 231, 2, 'Ply 3/4 lam grey 2 side 4x8', 39.00, 78.00, '2019-10-08 13:06:32', '2019-10-08 13:06:32', NULL),
(666, 232, 6, 'Blumotion under mount slide 15', 17.80, 106.80, '2019-10-08 13:15:40', '2019-10-08 13:15:40', NULL),
(667, 232, 6, 'Blumotion clip right- left (PAR)', 1.20, 7.20, '2019-10-08 13:15:40', '2019-10-08 13:15:40', NULL),
(668, 232, 3, 'Ply 3/4\" birch PF 1 side 4x8', 30.50, 91.50, '2019-10-08 13:15:40', '2019-10-08 13:15:40', NULL),
(669, 233, 4, 'Hinge 135 pie cut clip-on', 1.48, 5.92, '2019-10-08 13:31:53', '2019-10-08 13:31:53', NULL),
(670, 233, 4, 'Hinge 180 clip-on', 1.99, 7.96, '2019-10-08 13:31:53', '2019-10-08 13:31:53', NULL),
(671, 233, 8, 'Plate 0MM adjustable', 0.42, 3.36, '2019-10-08 13:31:53', '2019-10-08 13:31:53', NULL),
(672, 234, 6, 'CSR -17 CR- 10 Wire shoe rail chrome 23', 3.63, 21.78, '2019-10-08 13:39:22', '2019-10-08 13:39:22', NULL),
(673, 235, 6, 'Mela 3/4 cordoba pine domestic 49 x 97', 37.25, 223.50, '2019-10-08 13:48:20', '2019-10-08 13:48:20', NULL),
(674, 235, 1, 'Ply 1/4\" maple natural 4x8', 21.84, 21.84, '2019-10-08 13:48:20', '2019-10-08 13:48:20', NULL),
(675, 236, 1, 'Full 10 soft close', 4.50, 4.50, '2019-10-08 13:56:56', '2019-10-08 13:56:56', NULL);
INSERT INTO `provider_bills_lines` (`id`, `provider_bills_id`, `qty`, `description`, `price_u`, `amount`, `created_at`, `updated_at`, `product_id`) VALUES
(676, 236, 4, 'Full ext 14\" soft close slide', 5.50, 22.00, '2019-10-08 13:56:56', '2019-10-08 13:56:56', NULL),
(677, 237, 1, '192.005.11 3/16 Downcut spiral bit CMT', 15.75, 15.75, '2019-10-08 14:05:13', '2019-10-08 14:05:13', NULL),
(678, 237, 1, '812.032.11 Straight bit CMT', 13.62, 13.62, '2019-10-08 14:05:13', '2019-10-08 14:05:13', NULL),
(679, 238, 40, 'SS12-0738 Bar handle 7 3/8', 1.00, 40.00, '2019-10-08 14:23:43', '2019-10-08 14:23:43', NULL),
(680, 238, 40, 'SS12-0912 Bar handle 9 1/2', 2.10, 84.00, '2019-10-08 14:23:43', '2019-10-08 14:23:43', NULL),
(681, 239, 17, 'BP520192195 Handle 192MM( 8/32 ) BRUSH NICKEL', 7.75, 131.75, '2019-10-08 14:46:45', '2019-10-08 14:46:45', NULL),
(682, 239, 13, 'BP520288195 Handle 288MM( 8/32) BRUSH NICKEL', 8.85, 115.05, '2019-10-08 14:46:46', '2019-10-08 14:46:46', NULL),
(683, 240, 1, 'Mica dove grey 4x8 1/32 super matte', 63.00, 63.00, '2019-10-08 15:05:02', '2019-10-08 15:05:02', NULL),
(684, 241, 1, 'Jowat black pellet 44 LB', 119.95, 119.95, '2019-10-08 15:12:44', '2019-10-08 15:12:44', NULL),
(685, 242, 5, '(1-6) Mica solar white 4x10 peel/coat', 34.00, 170.00, '2019-10-08 16:41:18', '2019-10-08 16:41:18', NULL),
(686, 243, 2, '1.0MM PVC High gloss acrylic sheet 4\'x8\' ( matches solar white)', 55.00, 110.00, '2019-10-08 17:04:19', '2019-10-08 17:04:19', NULL),
(687, 243, 5, 'Fastcap white (53 PC per sheet', 1.50, 7.50, '2019-10-08 17:04:19', '2019-10-08 17:04:19', NULL),
(688, 244, 4, 'Mica solar white 4x8 1/32 super matte', 60.00, 240.00, '2019-10-09 13:25:31', '2019-10-09 13:25:31', NULL),
(689, 245, 10, 'Hinge full overlay clip-on 110 no dowel', 0.90, 9.00, '2019-10-09 13:50:59', '2019-10-09 13:50:59', NULL),
(690, 245, 10, 'Plate-plate-plate-plate-plate-plate-plate-plate', 0.60, 6.00, '2019-10-09 13:50:59', '2019-10-09 13:50:59', NULL),
(691, 245, 4, '1.0 MM PVC High gloss acrylic sheet 4\'x8\' (Matches solar white)', 59.95, 239.80, '2019-10-09 13:50:59', '2019-10-09 13:50:59', NULL),
(692, 245, 1, 'Uni-color gloss solar white 5x600 FT (thin)', 27.50, 27.50, '2019-10-09 13:50:59', '2019-10-09 13:50:59', NULL),
(693, 245, 2, 'Uni-color gloss  solar white 1MM x 323\'', 45.00, 90.00, '2019-10-09 13:50:59', '2019-10-09 13:50:59', NULL),
(694, 245, 2, 'PVC Matte meister solar white 1MM x328 FT . super matte', 62.50, 125.00, '2019-10-09 13:50:59', '2019-10-09 13:50:59', NULL),
(695, 246, 5, '(1-6)- Mica solar white 4x10 peel/coat', 34.00, 170.00, '2019-10-09 14:46:07', '2019-10-09 14:46:07', NULL),
(696, 246, 1, 'Uni- color gloss solar white 5x600 FT( thin)', 27.50, 27.50, '2019-10-09 14:46:07', '2019-10-09 14:46:07', NULL),
(697, 246, 100, '110 Soft close full overlay hinge dowels /adjustable cam plate (100/ pcs box)', 0.99, 99.00, '2019-10-09 14:46:07', '2019-10-09 14:46:07', NULL),
(698, 247, 2, 'Uni-color gloss solar white .5 x 600 FT (thin)', 27.50, 55.00, '2019-10-29 12:31:13', '2019-10-29 12:31:13', NULL),
(699, 247, 1, 'Uni-color gloss solar white 1MM X 323\'', 45.00, 45.00, '2019-10-29 12:31:13', '2019-10-29 12:31:13', NULL),
(700, 247, 4, '1.0 MM PVC acrylic sheet 4\'x8\' super matte (matches solar white)', 58.95, 235.80, '2019-10-29 12:31:13', '2019-10-29 12:31:13', NULL),
(701, 247, 4, '1.0 MM PVC high gloss acrylic sheet 4\'x8\' ( matches solar white)', 58.95, 235.80, '2019-10-29 12:31:13', '2019-10-29 12:31:13', NULL),
(702, 248, 1, '(K-14) - Mica grey pattern 4x8 1/32 texture', 24.95, 24.95, '2019-10-29 12:46:47', '2019-10-29 12:46:47', NULL),
(703, 248, 1, 'PVC 49931 Aluminum 1 MM x 328 FT.', 48.00, 48.00, '2019-10-29 12:46:47', '2019-10-29 12:46:47', NULL),
(704, 248, 1, '(1-11) Mica white lily 4x8 1/32 gloss', 13.95, 13.95, '2019-10-29 12:46:47', '2019-10-29 12:46:47', NULL),
(705, 248, 1, 'HG Edgebanding white lilly gloss 1 MM X 328 FT', 49.95, 49.95, '2019-10-29 12:46:47', '2019-10-29 12:46:47', NULL),
(706, 248, 2, 'Uni- color gloss solar white 1 MM X 323\'', 45.00, 90.00, '2019-10-29 12:46:47', '2019-10-29 12:46:47', NULL),
(707, 249, 5, '(1-6) - Mica solar white 4x10 peel/coat', 34.00, 170.00, '2019-10-29 13:01:47', '2019-10-29 13:01:47', NULL),
(708, 249, 2, 'Uni-color gloss solar white .5x600 FT (thin)', 27.50, 55.00, '2019-10-29 13:01:47', '2019-10-29 13:01:47', NULL),
(709, 249, 1, 'Uni-color gloss solar white 1MM X 323\'', 45.00, 45.00, '2019-10-29 13:01:47', '2019-10-29 13:01:47', NULL),
(710, 249, 1, 'Veneer maple 4x8 10mil.', 32.95, 32.95, '2019-10-29 13:01:47', '2019-10-29 13:01:47', NULL),
(711, 249, 5, '1/2 Birch pre-finish 2 sides plywood EE', 35.50, 177.50, '2019-10-29 13:01:47', '2019-10-29 13:01:47', NULL),
(712, 250, 2, '15/16 PVC white lilly 1MM X 328 FT.', 34.95, 69.90, '2019-10-29 13:17:00', '2019-10-29 13:17:00', NULL),
(713, 250, 3, '(1-12) - Mica white lilly 4x8 1/32 texture', 13.95, 41.85, '2019-10-29 13:17:00', '2019-10-29 13:17:00', NULL),
(714, 250, 1, 'Mica dove grey 4x8 1/32 super matte', 60.00, 60.00, '2019-10-29 13:17:00', '2019-10-29 13:17:00', NULL),
(715, 250, 3, 'Mica solar white 4x8 1/32 super matte', 60.00, 180.00, '2019-10-29 13:17:00', '2019-10-29 13:17:00', NULL),
(716, 251, 2, '15/16 PVC white lilly 1MM X 328 FT.\nRef INV # 161733\nNo lo quiere, quiere solar white matt\nApply to invoice # 163178', 34.95, 69.90, '2019-10-29 13:26:43', '2019-10-29 13:26:43', NULL),
(717, 252, 2, 'PVC Matte meister solar white 1MM X 328 FT. super matte', 65.00, 130.00, '2019-10-29 13:46:26', '2019-10-29 13:46:26', NULL),
(718, 252, 1, '66MM (2-5/8) PVC  matte  meister solar white 1MM X 328 FT super matte', 120.00, 120.00, '2019-10-29 13:46:26', '2019-10-29 13:46:26', NULL),
(719, 252, 4, 'Mica solar white 4x8 1/32 super matte', 63.00, 252.00, '2019-10-29 13:46:26', '2019-10-29 13:46:26', NULL),
(720, 252, 1, '1.0MM PVC acrylic sheet 4\'x8\' super matte ( matches solar white )', 59.95, 59.95, '2019-10-29 13:46:26', '2019-10-29 13:46:26', NULL),
(721, 252, 0, 'Apply credit memo  163177 for $ 74.79  pay rest with debit 526.50', 0.00, 0.00, '2019-10-29 13:46:26', '2019-10-29 13:46:26', NULL),
(722, 253, 1, '35 QT Double waste container white-chrom', 41.31, 41.31, '2019-11-01 14:17:27', '2019-11-01 14:17:27', NULL),
(723, 253, 250, 'Clip 100 hinge ov dowel', 0.73, 182.50, '2019-11-01 14:17:27', '2019-11-01 14:17:27', NULL),
(724, 254, 1, 'MDF Maxxi matte white 4x9 3/4', 110.00, 110.00, '2019-11-01 14:28:58', '2019-11-01 14:28:58', NULL),
(725, 255, 6, 'Hardboard white 1/8 4x8', 8.50, 51.00, '2019-11-01 14:42:26', '2019-11-01 14:42:26', NULL),
(726, 255, 5, 'Plywood  birch prefinished 1s 1/4 4x8', 19.50, 97.50, '2019-11-01 14:42:26', '2019-11-01 14:42:26', NULL),
(727, 255, 10, 'Full extension soft close 18\"', 9.65, 96.50, '2019-11-01 14:42:26', '2019-11-01 14:42:26', NULL),
(728, 256, 1, '35 QT Single waste container white-chrom', 32.00, 32.00, '2019-11-01 14:58:26', '2019-11-01 14:58:26', NULL),
(729, 256, 15, 'Handle finger tip o/a 150 MM nickel', 2.54, 38.10, '2019-11-01 14:58:26', '2019-11-01 14:58:26', NULL),
(730, 256, 10, 'Handle finger tip o/a 45 MM nickel', 1.50, 15.00, '2019-11-01 14:58:26', '2019-11-01 14:58:26', NULL),
(731, 256, 3, 'Titebond caulk white 25 years', 1.49, 4.47, '2019-11-01 14:58:26', '2019-11-01 14:58:26', NULL),
(732, 257, 10, 'Handle finger tip o/a 75MM nickel', 2.00, 20.00, '2019-11-04 21:41:26', '2019-11-04 21:41:26', NULL),
(733, 258, 250, 'Clip 100 hinge , full ov dowel', 0.73, 182.50, '2019-11-04 21:57:07', '2019-11-04 21:57:07', NULL),
(734, 258, 1, 'Fastmill files 10\"', 5.19, 5.19, '2019-11-04 21:57:07', '2019-11-04 21:57:07', NULL),
(735, 258, 1, '28\" LD Kidney whi 2 tray set 18 x pallet', 28.00, 28.00, '2019-11-04 21:57:07', '2019-11-04 21:57:07', NULL),
(736, 259, 250, 'Clip 100 hinge \' full ov dowel', 0.73, 182.50, '2019-11-04 22:05:25', '2019-11-04 22:05:25', NULL),
(737, 260, 20, 'Plywood birch prefinished 1s 3/4 4x8 EE', 39.00, 780.00, '2019-11-04 22:14:19', '2019-11-04 22:14:19', NULL),
(738, 260, 1, 'Lam granite gloss 4x8 1/32', 18.50, 18.50, '2019-11-04 22:14:19', '2019-11-04 22:14:19', NULL),
(739, 261, 2, '1\" Drywall coarse ZP 300/ BX', 4.58, 9.16, '2019-11-04 22:35:03', '2019-11-04 22:35:03', NULL),
(740, 261, 2, 'Markwell silicone', 6.00, 12.00, '2019-11-04 22:35:03', '2019-11-04 22:35:03', NULL),
(741, 262, 30, 'Full extension soft close 18\"', 9.65, 289.50, '2019-11-04 22:45:48', '2019-11-04 22:45:48', NULL),
(742, 262, 1, '14\" Tip out tray ( 2 trays and 2 hinges )', 14.07, 14.07, '2019-11-04 22:45:48', '2019-11-04 22:45:48', NULL);

-- --------------------------------------------------------

--
-- Table structure for table `roles`
--

CREATE TABLE `roles` (
  `id` int UNSIGNED NOT NULL,
  `name` varchar(191) CHARACTER SET utf8mb4 COLLATE utf8mb4_unicode_ci NOT NULL,
  `display_name` varchar(191) CHARACTER SET utf8mb4 COLLATE utf8mb4_unicode_ci DEFAULT NULL,
  `description` varchar(191) CHARACTER SET utf8mb4 COLLATE utf8mb4_unicode_ci DEFAULT NULL,
  `created_at` timestamp NULL DEFAULT NULL,
  `updated_at` timestamp NULL DEFAULT NULL
) ENGINE=MyISAM DEFAULT CHARSET=utf8mb4 COLLATE=utf8mb4_unicode_ci;

--
-- Dumping data for table `roles`
--

INSERT INTO `roles` (`id`, `name`, `display_name`, `description`, `created_at`, `updated_at`) VALUES
(1, 'superAdmin', 'User Administrator', 'User is allowed to manage and edit other users', '2017-12-19 22:05:29', '2017-12-19 22:05:29'),
(2, 'admin', 'User Administrator', 'User is allowed to manage and edit other users', '2017-12-19 22:05:29', '2017-12-19 22:05:29'),
(3, 'user', 'User', 'User', '2017-12-19 22:05:29', '2017-12-19 22:05:29');

-- --------------------------------------------------------

--
-- Table structure for table `role_user`
--

CREATE TABLE `role_user` (
  `role_id` int UNSIGNED NOT NULL,
  `user_id` int UNSIGNED NOT NULL,
  `user_type` varchar(191) CHARACTER SET utf8mb4 COLLATE utf8mb4_unicode_ci NOT NULL
) ENGINE=MyISAM DEFAULT CHARSET=utf8mb4 COLLATE=utf8mb4_unicode_ci;

--
-- Dumping data for table `role_user`
--

INSERT INTO `role_user` (`role_id`, `user_id`, `user_type`) VALUES
(1, 1, 'App\\User'),
(2, 3, 'App\\User'),
(3, 4, 'App\\User');

-- --------------------------------------------------------

--
-- Table structure for table `services`
--

CREATE TABLE `services` (
  `id` int UNSIGNED NOT NULL,
  `name` varchar(191) CHARACTER SET utf8mb4 COLLATE utf8mb4_unicode_ci NOT NULL,
  `description` text CHARACTER SET utf8mb4 COLLATE utf8mb4_unicode_ci NOT NULL,
  `price` double(64,2) DEFAULT NULL,
  `available` tinyint(1) NOT NULL,
  `created_at` timestamp NULL DEFAULT NULL,
  `updated_at` timestamp NULL DEFAULT NULL
) ENGINE=InnoDB DEFAULT CHARSET=utf8mb4 COLLATE=utf8mb4_unicode_ci;

--
-- Dumping data for table `services`
--

INSERT INTO `services` (`id`, `name`, `description`, `price`, `available`, `created_at`, `updated_at`) VALUES
(11, 'Fabricacion de gabinetes con puertas de madera', '<div>&nbsp;&nbsp;&nbsp;&nbsp; Fabricacion e intalacion de gabinetes de plywood prefinish 3/4 con puertas de madera para pintar.</div><div>&nbsp;&nbsp;&nbsp; &nbsp; &nbsp; Incluye:</div><div>&nbsp;&nbsp; &nbsp; &nbsp;&nbsp;&nbsp; -El hardware tanto de puertas y gabetas es soft close regular</div><div>&nbsp;&nbsp;&nbsp; &nbsp; &nbsp;&nbsp; -Los tiradores de barritas</div><div><br></div><div><br></div><div>PD: si el plywood es de color blanco o gris para&nbsp; el interior de los gabinetes se&nbsp; cobrara 500 dolares al total del invoice<br></div><div><br></div>', NULL, 1, '2017-12-29 06:04:56', '2020-07-05 02:37:52'),
(12, 'Delivery Free', 'Entrega de gabinetes gratis', NULL, 1, '2017-12-29 10:30:30', '2017-12-29 10:30:30'),
(15, 'Fabrication de gabinetes con puertas cde acrilico', '<div>&nbsp;&nbsp;&nbsp;&nbsp; Fabricacion e instalacion de gabinetes de cosina de playwood prefinish 3/4 con puertas de acrilico blanco de brillo plane con pvc 2 tones.</div><div>&nbsp;&nbsp;&nbsp;&nbsp; Incluye:</div><div>&nbsp;&nbsp;&nbsp;&nbsp; -Todas las puertas y gabetas cierran suave (soft close)</div><div>&nbsp;&nbsp;&nbsp;&nbsp; -Las agarraderas seran de platina</div><div><br></div><div><br></div><div><br></div><div><br></div>', NULL, 1, '2017-12-31 21:38:07', '2022-09-16 16:35:53'),
(17, 'Items', 'Shelves de cristal', NULL, 1, '2018-01-03 08:12:13', '2018-01-03 08:12:13'),
(18, 'Items', 'Puerta de cristal clear', NULL, 1, '2018-01-03 08:13:21', '2018-01-03 08:13:21'),
(19, 'Items', 'Puerta de Cristal Frosty', NULL, 1, '2018-01-03 08:13:50', '2018-01-03 08:13:50'),
(20, 'Extra', 'Cobro  adicional', NULL, 1, '2018-01-03 08:16:30', '2018-01-03 08:16:30'),
(22, 'ADD', 'ADD', NULL, 1, '2018-01-18 22:06:07', '2018-01-18 22:06:07'),
(24, 'Instalacion', 'Instalacion', NULL, 1, '2018-01-21 21:03:05', '2018-01-21 21:03:05'),
(25, 'Venta', 'Venta', NULL, 1, '2018-01-21 21:05:48', '2018-01-21 21:05:48'),
(26, 'Puertas', 'Fabricacion de puertas de acrilico', NULL, 1, '2018-01-25 05:13:56', '2018-03-11 15:24:40'),
(27, 'Correderas', 'Venta de correderas soft clouse.', NULL, 1, '2018-01-25 05:14:48', '2018-03-11 15:24:12'),
(28, 'Closet Colores.', 'Fabricacion e instalacion de closets de color ( )<br>', NULL, 1, '2018-01-25 05:17:49', '2018-04-14 02:34:29'),
(29, 'Closet Blanco.', 'Fabricacion e instalacion de closets de melamina&nbsp; 3/4 de color (Blanco )<br>', NULL, 1, '2018-01-25 05:36:53', '2020-07-05 02:28:15'),
(30, 'Demolicion', 'Arrancar y botar&nbsp; los gabinetes viejos<br>', NULL, 1, '2018-10-29 02:49:49', '2018-10-29 02:49:49'),
(31, 'Counter Top', 'Fabricacion e instalacion del counter top <br>', NULL, 1, '2018-11-04 03:07:33', '2018-11-04 03:07:33'),
(32, 'Doors', 'Text', NULL, 1, '2018-11-23 15:32:40', '2018-11-23 15:32:40'),
(33, 'Kitchen furniture', '<div>&nbsp;&nbsp;&nbsp;&nbsp; Manufacturing and installation of 3/4 plywood kitchen cabinets with acrylic doors.</div><div>&nbsp;&nbsp;&nbsp;&nbsp; Including: <br></div><div>&nbsp;&nbsp;&nbsp;&nbsp;&nbsp; -All doors and drawers are push and soft close. <br></div><div>&nbsp;&nbsp;&nbsp;&nbsp;&nbsp; -The handles of the doors and drawers are of bars</div>', NULL, 1, '2019-06-14 18:04:30', '2019-06-14 18:21:00'),
(34, 'clinica', 'Fabricacion e instalacion de gabinetes de plywood prefinish en 3/4.<div><br></div><div>Incluye:</div><div>-Todas las puertas serian de acrilico, las de arriba blanco de brillo y las de abajo sincron Ice 2.</div><div>-Todos los tiradores de platina.</div><div>-Todas las gabetas y las puertas serian de sierre suave.</div><div>-Una tapa de formica con back splash de 4\'\' el color lo escojeria el cliente.</div><div>-El sink.</div>', NULL, 1, '2020-08-22 16:07:44', '2021-04-03 09:39:25'),
(35, 'Cocina con puertas de Melamina  (Syncron )', '<div>Fabricacion e intalacion de gabinetes de plywood prefinish 3/4 con puertas de Melamina texturizada&nbsp; todo como se muestra en los planos</div><div>&nbsp;&nbsp; Incluye:</div><div>&nbsp;&nbsp;&nbsp;&nbsp; -Todas las puertas y gabetas cierran suave&nbsp; ( soft close )</div><div>&nbsp;&nbsp;&nbsp;&nbsp; -Las agarraderas seran de barritas</div><div><br></div><div><br></div><div>PD: si el plywood que se usara para el interior de los gabinetes es o blanco o gris se le adicionara 900 $ al total del invoice<br></div>', NULL, 1, '2021-04-03 09:46:14', '2021-04-03 09:48:50'),
(36, 'Pantry', 'Fabricacion e instalacion de pantry de ply wood prefinish con las puertas en acrilico.<div><br></div><div>Incluye:</div><div>-Todas las puertas de cierre suave.</div><div>-Tiradores de barrita.</div>', NULL, 1, '2021-05-02 17:41:37', '2021-05-02 17:41:37'),
(37, 'Buro', 'Fabricacion e instalacion de un buro.<div>Incluye:</div><div>-Dos gabeteros.</div><div>-Tiradores de platina.</div><div>-Mesa con dos patas hasta el piso de formica carrara.</div><div>-Panel desde el piso hasta el techo, preparado para ponerle luces detras.</div>', NULL, 1, '2021-06-24 20:40:17', '2021-06-24 20:40:17'),
(38, 'Salones de cirugia.', 'Fabricacion e instalacion de gabinetes para la parte de arriba de la pared en los salones de cirugia.<div>Incluye:</div><div>-Todos los gabinetes serian de plywood prefinish, con las puertas de acrilico blanco de brillo.</div><div>-Todos los tiradores serian de platina.</div><div>-Serian a 30\'\' de altura.</div>', NULL, 1, '2021-09-30 12:50:33', '2021-09-30 12:50:33'),
(39, 'Front Desk.', 'Fabricacion e instalacion de un front desk, segun los planos de la diseñadora. Estructura y 2 o 3 puestos para sentarse&nbsp; (3800).<div>Incluye:</div><div>-Gabinetes en la parte de atras del front desk y un counter top (2170).</div><div>-Frame preparado para luces en la parte de atras (600).</div>', NULL, 1, '2021-10-09 14:35:43', '2021-10-09 14:35:43'),
(40, 'Closets con puertas de correderas.', 'Fabricacion e instalacion de closets de melamina blanca 3/4 con puertas de corredeas.<br>', NULL, 1, '2024-04-19 21:06:38', '2024-04-19 21:06:38'),
(41, 'Baño de plywood americano con puertas de acrilico.', '<div>Fabricaion e instalacion de gabinetes de baño de plywood americano con puertas de acrilico.</div><div>Incluye:</div><div>-Todas las puertas y gabetas de cierre suave.</div><div>-Gabetas de metal.<br></div>', NULL, 1, '2024-04-19 21:12:54', '2024-04-19 21:12:54'),
(42, 'Loundry', '<div>Fabricacion e instalacion de gabinetes de plywood americano con las puertas de acrilico.</div><div>Incluye:</div><div>-Todas las puertas y gabetas de cierre suave.</div><div>-Las gabetas seran de metal.<br></div>', NULL, 1, '2024-04-19 21:15:48', '2024-04-19 21:15:48'),
(43, 'Cosina de plywood americano', '<div>Fabricacion e instalacion de gabinetes de cosina de plywood americano 3/4 con las puertas de acrilico.</div><div>Incluye:</div><div>-Todas las puertas y gabetas de cierre suave.</div><div>-Gabetas de metal.<br></div>', NULL, 1, '2024-04-19 21:27:46', '2024-04-19 21:27:46'),
(44, 'avana dental', '<div>Fabricacion e instalacion de gabinetes de oficina de plywood prefinish 3/4 con puertas de melamina blanca chic soft 3 para dental.</div><div>Incluye:</div><div>-Todas las puertas y gabetas de cierre suave.</div><div>-Todas las agarraderas seran de platina.</div>', NULL, 1, '2025-03-11 12:20:43', '2025-03-11 12:20:43'),
(45, 'dental avana counter top', 'Fabricacion e instalacion de counter top con back splash de 4\'\' incluye el sink.', NULL, 1, '2025-03-11 12:24:59', '2025-03-11 12:24:59'),
(46, 'gabinetes del ambulatorio', 'Fabricacion e instalacion&nbsp; de gabinetes, de melamina blanca por dentro, con las puertas en melamina o MDF laminado en acrilico, segun escojan.<div>Incluye:</div><div>-Tiradores de platina o de barrita segun escojan, estos serian en brosh nikel.</div><div>-Todas las correderas y bisagras seran de las importadas de cierre suave.</div>', NULL, 1, '2025-06-23 18:53:51', '2025-06-23 18:53:51'),
(47, 'Counter top ambulatorio de miramar.', 'Fabricacion e instalacion de los counter top de acrilic solid surface, el color sera escojido por ustedes y existen dos compañia que&nbsp; lo producen, que serian de la marca durasein o neogen.<div>No incluye el material.</div><div>No incluye el sinck, recomendado por encima.</div>', NULL, 1, '2025-06-23 19:14:00', '2025-06-23 19:14:00');

-- --------------------------------------------------------

--
-- Table structure for table `settings`
--

CREATE TABLE `settings` (
  `id` int UNSIGNED NOT NULL,
  `var` varchar(191) CHARACTER SET utf8mb4 COLLATE utf8mb4_unicode_ci NOT NULL,
  `value` text CHARACTER SET utf8mb4 COLLATE utf8mb4_unicode_ci NOT NULL,
  `created_at` timestamp NULL DEFAULT NULL,
  `updated_at` timestamp NULL DEFAULT NULL
) ENGINE=InnoDB DEFAULT CHARSET=utf8mb4 COLLATE=utf8mb4_unicode_ci;

--
-- Dumping data for table `settings`
--

INSERT INTO `settings` (`id`, `var`, `value`, `created_at`, `updated_at`) VALUES
(1, 'invoice_number', '552', NULL, '2025-06-23 22:05:45'),
(2, 'discount', '0', NULL, NULL),
(3, 'tax', '7', NULL, NULL),
(4, 'invoice_text', 'A deposit of 50% of the total invoice amount is required to initiate the project. An additional 30% will be due upon delivery and commencement of installation. The remaining 20% balance is to be paid upon the completion of the work, marking the project as fully paid. Please note that timely payments are essential for the continuity and successful completion of the project.\r\n\r\nBy proceeding with the order, you acknowledge and agree to these payment terms.', NULL, NULL),
(5, 'company_name', 'Gabinet&Closet Design\'s R&R', NULL, NULL),
(6, 'company_adress', '14180 SW 143 CT # 404', NULL, NULL),
(7, 'company_city', 'Miami', NULL, NULL),
(8, 'company_state', 'FL', NULL, NULL),
(9, 'company_zip', '33186', NULL, NULL),
(10, 'company_person', '', NULL, NULL),
(11, 'company_email', 'gabinetcloset@designsrr.com', NULL, NULL),
(12, 'company_phone', '786 715 9757; 786 422 2659', NULL, NULL),
(13, 'invoice_text1', 'We do not accept changes to or cancellations of orders once they have been placed. This is because orders go into production almost immediately after they are received and due to the automation of our system, we incur expense anytime we must interact with a confirmed order. For these reasons, we do not allow changes or cancellations. Please read and re-read your orders before submitting them.', NULL, NULL),
(14, 'inch_gabinet_price', '1', NULL, NULL),
(15, 'inch_cover_price', '1', NULL, NULL),
(16, 'inch_closet_price', '1', NULL, NULL),
(17, 'inch_door_price', '1', NULL, NULL),
(18, 'company_name_1', 'RODRIGUEZ MASTER CARPENTRY LLC', NULL, NULL),
(19, 'company_adress_1', '13690 sw 55 Ln 33175', NULL, NULL),
(20, 'company_city_1', 'Miami', NULL, NULL),
(21, 'company_state_1', 'FL', NULL, NULL),
(22, 'company_phone_1', '7864222659', NULL, NULL),
(23, 'company_zip_1', '33186', NULL, NULL),
(24, 'company_email_1', 'gabinetcloset@designsrr.com', NULL, NULL),
(25, 'company_person_1', '', NULL, NULL);

-- --------------------------------------------------------

--
-- Table structure for table `workers`
--

CREATE TABLE `workers` (
  `id` int UNSIGNED NOT NULL,
  `name` varchar(191) CHARACTER SET utf8mb4 COLLATE utf8mb4_unicode_ci NOT NULL,
  `email` varchar(191) CHARACTER SET utf8mb4 COLLATE utf8mb4_unicode_ci DEFAULT NULL,
  `phone_number` varchar(191) CHARACTER SET utf8mb4 COLLATE utf8mb4_unicode_ci DEFAULT NULL,
  `adress` varchar(191) CHARACTER SET utf8mb4 COLLATE utf8mb4_unicode_ci NOT NULL,
  `ocupation` varchar(191) CHARACTER SET utf8mb4 COLLATE utf8mb4_unicode_ci NOT NULL,
  `payment_type_id` int UNSIGNED NOT NULL,
  `salary` double(64,2) NOT NULL DEFAULT '0.00',
  `created_at` timestamp NULL DEFAULT NULL,
  `updated_at` timestamp NULL DEFAULT NULL
) ENGINE=InnoDB DEFAULT CHARSET=utf8mb4 COLLATE=utf8mb4_unicode_ci;

--
-- Dumping data for table `workers`
--

INSERT INTO `workers` (`id`, `name`, `email`, `phone_number`, `adress`, `ocupation`, `payment_type_id`, `salary`, `created_at`, `updated_at`) VALUES
(4, 'ADRIAN', NULL, NULL, 'ENTRAR AQUI', 'CORTADOR', 2, 17.27, '2017-12-29 06:54:18', '2018-01-06 05:00:26'),
(5, 'ERNESTO', NULL, NULL, 'ENTRAR AQUI', 'MARQUIAMEN', 2, 13.00, '2017-12-29 06:54:45', '2017-12-29 06:54:45'),
(6, 'RICHARD', 'rnodarser090521@yahoo.com', '7866084763', '7263 W 24TH AVEN', 'CARPINTERO', 2, 10.00, '2017-12-30 05:47:59', '2019-09-09 12:53:09'),
(7, 'Raxel Rodriguez', NULL, NULL, '14700 sw 72 st', 'Dueño', 2, 1.00, '2019-06-25 23:41:23', '2019-06-26 00:07:08'),
(8, 'Raul Rodriguez', NULL, NULL, '14250 sw 66 st', 'Dueño', 2, 1.00, '2019-06-26 00:06:42', '2019-06-26 00:06:42'),
(9, 'Tester', 'tester@gmail.com', '7861111111', '1200 nw 25st', 'CORTADOR', 2, 1.00, '2019-09-09 21:38:18', '2019-09-09 21:38:18'),
(10, 'Andro', 'androbaster@yahoo.com', '7865016271', '12244 sw 130 st', 'GRANITERO', 2, 13.00, '2019-09-09 21:38:24', '2019-09-26 23:47:48'),
(11, 'Darie Haro', NULL, '7869087346', '15455 sw 75 circle lane', 'CARPINTERO', 2, 1.00, '2019-09-23 11:50:16', '2019-09-23 12:01:48'),
(12, 'Jose Baca', NULL, NULL, '5690 sw 130 ave', 'CARPINTERO', 2, 0.00, '2019-09-23 12:32:26', '2019-09-23 12:32:26'),
(13, 'Gustabo Martinez', NULL, NULL, 'Jfkjcjcc', 'CARPINTERO', 2, 15.00, '2021-02-12 03:30:46', '2022-06-20 00:26:36');

-- --------------------------------------------------------

--
-- Table structure for table `work_reports`
--

CREATE TABLE `work_reports` (
  `id` int UNSIGNED NOT NULL,
  `worker_id` int UNSIGNED NOT NULL,
  `date` date NOT NULL,
  `type` varchar(50) CHARACTER SET utf8mb4 COLLATE utf8mb4_unicode_ci DEFAULT 'hours',
  `gabinet` int NOT NULL DEFAULT '0',
  `gabinet_price` double NOT NULL DEFAULT '1',
  `cover` int NOT NULL DEFAULT '0',
  `cover_price` double NOT NULL DEFAULT '1',
  `closet` int NOT NULL DEFAULT '0',
  `closet_price` double NOT NULL DEFAULT '1',
  `door` int NOT NULL DEFAULT '0',
  `door_price` double NOT NULL DEFAULT '1',
  `hours` int UNSIGNED NOT NULL,
  `total` double(64,2) NOT NULL,
  `status` varchar(191) CHARACTER SET utf8mb4 COLLATE utf8mb4_unicode_ci NOT NULL,
  `created_at` timestamp NULL DEFAULT NULL,
  `updated_at` timestamp NULL DEFAULT NULL,
  `date_paid` date DEFAULT NULL,
  `price` double(64,2) NOT NULL,
  `invoice_id` int DEFAULT NULL,
  `description` text CHARACTER SET utf8mb4 COLLATE utf8mb4_unicode_ci
) ENGINE=InnoDB DEFAULT CHARSET=utf8mb4 COLLATE=utf8mb4_unicode_ci;

--
-- Dumping data for table `work_reports`
--

INSERT INTO `work_reports` (`id`, `worker_id`, `date`, `type`, `gabinet`, `gabinet_price`, `cover`, `cover_price`, `closet`, `closet_price`, `door`, `door_price`, `hours`, `total`, `status`, `created_at`, `updated_at`, `date_paid`, `price`, `invoice_id`, `description`) VALUES
(22, 6, '2017-12-18', 'hours', 0, 1, 0, 1, 0, 1, 0, 1, 10, 100.00, 'Paid', '2017-12-30 05:50:21', '2017-12-31 00:17:03', '2017-12-30', 10.00, NULL, NULL),
(23, 6, '2017-12-19', 'hours', 0, 1, 0, 1, 0, 1, 0, 1, 10, 100.00, 'Paid', '2017-12-30 05:50:43', '2017-12-31 00:17:03', '2017-12-30', 10.00, NULL, NULL),
(24, 6, '2017-12-20', 'hours', 0, 1, 0, 1, 0, 1, 0, 1, 10, 100.00, 'Paid', '2017-12-30 05:51:01', '2017-12-31 00:17:03', '2017-12-30', 10.00, NULL, NULL),
(25, 6, '2017-12-21', 'hours', 0, 1, 0, 1, 0, 1, 0, 1, 10, 100.00, 'Paid', '2017-12-30 05:51:36', '2017-12-31 00:17:03', '2017-12-30', 10.00, NULL, NULL),
(26, 6, '2017-12-22', 'hours', 0, 1, 0, 1, 0, 1, 0, 1, 10, 100.00, 'Paid', '2017-12-30 05:51:48', '2017-12-31 00:17:03', '2017-12-30', 10.00, NULL, NULL),
(27, 6, '2017-12-26', 'hours', 0, 1, 0, 1, 0, 1, 0, 1, 10, 100.00, 'Paid', '2017-12-30 05:52:26', '2017-12-31 00:17:03', '2017-12-30', 10.00, NULL, NULL),
(28, 6, '2017-12-27', 'hours', 0, 1, 0, 1, 0, 1, 0, 1, 10, 100.00, 'Paid', '2017-12-30 05:52:39', '2017-12-31 00:17:03', '2017-12-30', 10.00, NULL, NULL),
(29, 6, '2017-12-28', 'hours', 0, 1, 0, 1, 0, 1, 0, 1, 10, 100.00, 'Paid', '2017-12-30 05:52:56', '2017-12-31 00:17:03', '2017-12-30', 10.00, NULL, NULL),
(30, 6, '2017-12-29', 'hours', 0, 1, 0, 1, 0, 1, 0, 1, 10, 100.00, 'Paid', '2017-12-30 05:53:12', '2017-12-31 00:17:03', '2017-12-30', 10.00, NULL, NULL),
(31, 6, '2017-12-30', 'hours', 0, 1, 0, 1, 0, 1, 0, 1, 10, 100.00, 'Paid', '2017-12-31 00:16:32', '2017-12-31 00:17:03', '2017-12-30', 10.00, NULL, NULL),
(34, 5, '2018-01-01', 'hours', 0, 1, 0, 1, 0, 1, 0, 1, 8, 104.00, 'Paid', '2018-01-06 02:33:04', '2018-01-06 21:02:05', '2018-01-06', 13.00, NULL, NULL),
(35, 5, '2018-01-03', 'hours', 0, 1, 0, 1, 0, 1, 0, 1, 4, 52.00, 'Paid', '2018-01-06 02:33:24', '2018-01-06 21:02:05', '2018-01-06', 13.00, NULL, NULL),
(36, 5, '2018-01-04', 'hours', 0, 1, 0, 1, 0, 1, 0, 1, 8, 104.00, 'Paid', '2018-01-06 02:33:40', '2018-01-06 21:02:05', '2018-01-06', 13.00, NULL, NULL),
(37, 5, '2018-01-05', 'hours', 0, 1, 0, 1, 0, 1, 0, 1, 8, 104.00, 'Paid', '2018-01-06 02:33:54', '2018-01-06 21:02:05', '2018-01-06', 13.00, NULL, NULL),
(46, 4, '2018-01-01', 'hours', 0, 1, 0, 1, 0, 1, 0, 1, 10, 172.70, 'Paid', '2018-01-06 05:09:28', '2018-01-10 04:32:39', '2018-01-09', 17.27, NULL, NULL),
(47, 4, '2018-01-02', 'hours', 0, 1, 0, 1, 0, 1, 0, 1, 10, 172.70, 'Paid', '2018-01-06 05:09:41', '2018-01-10 04:32:39', '2018-01-09', 17.27, NULL, NULL),
(48, 4, '2018-01-03', 'hours', 0, 1, 0, 1, 0, 1, 0, 1, 10, 172.70, 'Paid', '2018-01-06 05:09:48', '2018-01-10 04:32:39', '2018-01-09', 17.27, NULL, NULL),
(49, 4, '2018-01-04', 'hours', 0, 1, 0, 1, 0, 1, 0, 1, 10, 172.70, 'Paid', '2018-01-06 05:09:54', '2018-01-10 04:32:39', '2018-01-09', 17.27, NULL, NULL),
(50, 4, '2018-01-05', 'hours', 0, 1, 0, 1, 0, 1, 0, 1, 10, 172.70, 'Paid', '2018-01-06 05:10:01', '2018-01-10 04:32:39', '2018-01-09', 17.27, NULL, NULL),
(51, 4, '2018-01-06', 'hours', 0, 1, 0, 1, 0, 1, 0, 1, 5, 86.35, 'Paid', '2018-01-06 05:10:13', '2018-01-10 04:32:39', '2018-01-09', 17.27, NULL, NULL),
(52, 5, '2018-01-06', 'hours', 0, 1, 0, 1, 0, 1, 0, 1, 5, 65.00, 'Paid', '2018-01-06 20:56:04', '2018-01-06 21:02:05', '2018-01-06', 13.00, NULL, NULL),
(53, 6, '2018-01-01', 'hours', 0, 1, 0, 1, 0, 1, 0, 1, 10, 100.00, 'Paid', '2018-01-10 04:34:32', '2018-01-10 04:36:49', '2018-01-09', 10.00, NULL, NULL),
(54, 6, '2018-01-02', 'hours', 0, 1, 0, 1, 0, 1, 0, 1, 10, 100.00, 'Paid', '2018-01-10 04:35:49', '2018-01-10 04:36:49', '2018-01-09', 10.00, NULL, NULL),
(55, 6, '2018-01-04', 'hours', 0, 1, 0, 1, 0, 1, 0, 1, 10, 100.00, 'Paid', '2018-01-10 04:36:04', '2018-01-10 04:36:49', '2018-01-09', 10.00, NULL, NULL),
(56, 6, '2018-01-05', 'hours', 0, 1, 0, 1, 0, 1, 0, 1, 10, 100.00, 'Paid', '2018-01-10 04:36:16', '2018-01-10 04:36:49', '2018-01-09', 10.00, NULL, NULL),
(57, 6, '2018-01-06', 'hours', 0, 1, 0, 1, 0, 1, 0, 1, 10, 100.00, 'Paid', '2018-01-10 04:36:30', '2018-01-10 04:36:49', '2018-01-09', 10.00, NULL, NULL),
(58, 6, '2018-01-08', 'hours', 0, 1, 0, 1, 0, 1, 0, 1, 10, 100.00, 'Paid', '2018-01-25 07:06:00', '2018-02-01 02:15:11', '2018-01-31', 10.00, NULL, NULL),
(59, 6, '2018-01-09', 'hours', 0, 1, 0, 1, 0, 1, 0, 1, 10, 100.00, 'Paid', '2018-01-25 07:06:13', '2018-02-01 02:15:11', '2018-01-31', 10.00, NULL, NULL),
(60, 6, '2018-01-10', 'hours', 0, 1, 0, 1, 0, 1, 0, 1, 10, 100.00, 'Paid', '2018-01-25 07:06:26', '2018-02-01 02:15:11', '2018-01-31', 10.00, NULL, NULL),
(61, 6, '2018-01-12', 'hours', 0, 1, 0, 1, 0, 1, 0, 1, 10, 100.00, 'Paid', '2018-01-25 07:06:38', '2018-02-01 02:15:11', '2018-01-31', 10.00, NULL, NULL),
(62, 6, '2018-01-13', 'hours', 0, 1, 0, 1, 0, 1, 0, 1, 10, 100.00, 'Paid', '2018-01-25 07:06:49', '2018-02-01 02:15:11', '2018-01-31', 10.00, NULL, NULL),
(63, 6, '2018-01-15', 'hours', 0, 1, 0, 1, 0, 1, 0, 1, 10, 100.00, 'Paid', '2018-01-25 07:07:05', '2018-02-01 02:15:11', '2018-01-31', 10.00, NULL, NULL),
(64, 6, '2018-01-16', 'hours', 0, 1, 0, 1, 0, 1, 0, 1, 10, 100.00, 'Paid', '2018-01-25 07:07:16', '2018-02-01 02:15:11', '2018-01-31', 10.00, NULL, NULL),
(65, 6, '2018-01-17', 'hours', 0, 1, 0, 1, 0, 1, 0, 1, 10, 100.00, 'Paid', '2018-01-25 07:07:29', '2018-02-01 02:15:11', '2018-01-31', 10.00, NULL, NULL),
(66, 6, '2018-01-18', 'hours', 0, 1, 0, 1, 0, 1, 0, 1, 10, 100.00, 'Paid', '2018-01-25 07:07:41', '2018-02-01 02:15:11', '2018-01-31', 10.00, NULL, NULL),
(67, 6, '2018-01-19', 'hours', 0, 1, 0, 1, 0, 1, 0, 1, 10, 100.00, 'Paid', '2018-01-25 07:07:52', '2018-02-01 02:15:11', '2018-01-31', 10.00, NULL, NULL),
(70, 4, '2018-01-13', 'hours', 0, 1, 0, 1, 0, 1, 0, 1, 55, 949.85, 'Paid', '2018-01-31 08:02:34', '2018-01-31 08:03:17', '2018-01-31', 17.27, NULL, NULL),
(71, 4, '2018-01-19', 'hours', 0, 1, 0, 1, 0, 1, 0, 1, 50, 863.50, 'Paid', '2018-01-31 08:03:57', '2018-01-31 08:10:45', '2018-01-31', 17.27, NULL, NULL),
(72, 4, '2018-01-26', 'hours', 0, 1, 0, 1, 0, 1, 0, 1, 55, 949.85, 'Paid', '2018-01-31 08:04:28', '2018-01-31 08:10:45', '2018-01-31', 17.27, NULL, NULL),
(73, 5, '2018-01-13', 'hours', 0, 1, 0, 1, 0, 1, 0, 1, 47, 611.00, 'Paid', '2018-01-31 08:07:52', '2018-01-31 08:10:35', '2018-01-31', 13.00, NULL, NULL),
(74, 5, '2018-01-19', 'hours', 0, 1, 0, 1, 0, 1, 0, 1, 42, 546.00, 'Paid', '2018-01-31 08:08:45', '2018-01-31 08:10:35', '2018-01-31', 13.00, NULL, NULL),
(75, 5, '2018-01-26', 'hours', 0, 1, 0, 1, 0, 1, 0, 1, 50, 650.00, 'Paid', '2018-01-31 08:10:12', '2018-01-31 08:10:35', '2018-01-31', 13.00, NULL, NULL),
(76, 6, '2018-01-27', 'hours', 0, 1, 0, 1, 0, 1, 0, 1, 60, 600.00, 'Paid', '2018-01-31 08:16:17', '2018-01-31 08:20:44', '2018-01-31', 10.00, NULL, NULL),
(77, 4, '2018-02-02', 'hours', 0, 1, 0, 1, 0, 1, 0, 1, 55, 949.85, 'Paid', '2018-02-03 02:48:32', '2018-02-03 02:49:43', '2018-02-02', 17.27, NULL, NULL),
(78, 5, '2018-02-02', 'hours', 0, 1, 0, 1, 0, 1, 0, 1, 53, 689.00, 'Paid', '2018-02-03 02:49:11', '2018-02-03 02:49:38', '2018-02-02', 13.00, NULL, NULL),
(79, 6, '2018-02-02', 'hours', 0, 1, 0, 1, 0, 1, 0, 1, 50, 500.00, 'Paid', '2018-02-13 02:39:46', '2018-02-13 02:40:11', '2018-02-12', 10.00, NULL, NULL),
(80, 6, '2018-02-09', 'hours', 0, 1, 0, 1, 0, 1, 0, 1, 50, 500.00, 'Paid', '2018-02-13 02:42:03', '2018-02-13 02:42:45', '2018-02-12', 10.00, NULL, NULL),
(81, 4, '2018-02-09', 'hours', 0, 1, 0, 1, 0, 1, 0, 1, 55, 949.85, 'Paid', '2018-02-13 02:43:58', '2018-02-13 02:45:09', '2018-02-12', 17.27, NULL, NULL),
(82, 7, '2019-06-20', 'hours', 0, 1, 0, 1, 0, 1, 0, 1, 1000, 1000.00, 'UnPaid', '2019-06-26 00:01:23', '2019-06-26 00:01:23', NULL, 1.00, NULL, NULL),
(83, 6, '2019-09-25', 'adjust', 100, 1, 0, 1, 0, 1, 0, 1, 0, 100.00, 'UnPaid', '2019-09-09 13:01:47', '2019-09-09 13:01:47', NULL, 10.00, 4, 'Test'),
(84, 10, '2019-09-13', 'adjust', 50, 1, 10, 1, 10, 1, 10, 1, 0, 80.00, 'Paid', '2019-09-09 21:47:20', '2019-09-18 19:31:47', '2019-09-18', 13.00, 15, 'dfdfdfdfdf'),
(85, 10, '2019-09-12', 'adjust', 10, 1, 25, 1, 30, 1, 35, 1, 0, 100.00, 'Paid', '2019-09-18 20:11:42', '2019-09-19 01:42:05', '2019-09-18', 13.00, 8, 'prueba1'),
(86, 10, '2019-09-18', 'adjust', 50, 2, 10, 2, 20, 1, 10, 1, 0, 150.00, 'UnPaid', '2019-09-19 01:44:11', '2019-09-19 14:13:00', '2019-09-18', 13.00, 2, 'ghghghghghg'),
(88, 11, '2019-09-23', 'adjust', 0, 1, 0, 1, 40, 11, 15, 1, 0, 455.00, 'Paid', '2019-09-23 12:02:58', '2019-09-30 11:55:20', '2019-09-30', 1.00, 213, 'Fabricacion de closets blanco.'),
(89, 11, '2019-09-23', 'adjust', 0, 1, 0, 1, 7, 11, 76, 1, 0, 153.00, 'Paid', '2019-09-23 12:05:19', '2019-09-30 11:55:20', '2019-09-30', 1.00, NULL, NULL),
(90, 11, '2019-09-23', 'adjust', 0, 1, 0, 1, 0, 1, 50, 1, 0, 50.00, 'Paid', '2019-09-23 12:06:51', '2019-09-23 12:40:44', '2019-09-23', 1.00, 205, 'olmo 03'),
(91, 11, '2019-09-23', 'adjust', 0, 1, 0, 1, 0, 0, 74, 1, 0, 74.00, 'Paid', '2019-09-23 12:08:01', '2019-09-30 11:55:20', '2019-09-30', 1.00, 211, 'robe blanco de brillo y clinica.'),
(92, 11, '2019-09-23', 'adjust', 0, 1, 0, 1, 0, 1, 30, 1, 0, 30.00, 'Paid', '2019-09-23 12:11:01', '2019-09-30 11:55:20', '2019-09-30', 1.00, 211, 'canela rustic.'),
(93, 11, '2019-09-23', 'adjust', 0, 1, 0, 1, 0, 1, 15, 1, 0, 15.00, 'Paid', '2019-09-23 12:14:22', '2019-09-30 11:55:20', '2019-09-30', 1.00, NULL, 'Ace 04'),
(94, 12, '2019-09-16', 'adjust', 204, 1, 0, 1, 0, 1, 0, 1, 0, 204.00, 'Paid', '2019-09-23 12:35:12', '2019-09-30 11:55:00', '2019-09-30', 0.00, 184, NULL),
(95, 12, '2019-09-16', 'adjust', 225, 1, 63, 0.5, 0, 1, 0, 1, 0, 256.50, 'Paid', '2019-09-23 12:38:30', '2019-09-30 11:55:00', '2019-09-30', 0.00, 208, NULL),
(96, 12, '2019-09-23', 'adjust', 696, 1, 0, 1, 0, 1, 0, 1, 0, 696.00, 'Paid', '2019-09-23 12:40:06', '2019-09-30 11:55:00', '2019-09-30', 0.00, NULL, NULL),
(98, 12, '2019-09-30', 'adjust', 752, 1, 0, 1, 0, 1, 0, 1, 0, 752.00, 'Paid', '2019-09-30 11:56:57', '2019-10-11 13:31:44', '2019-10-11', 0.00, 205, 'Cosina de Ricardo. (gris por dentro).'),
(99, 12, '2019-09-30', 'adjust', 62, 1, 0, 1, 0, 1, 0, 1, 0, 62.00, 'Paid', '2019-09-30 11:58:02', '2019-10-11 13:31:44', '2019-10-11', 0.00, 209, 'Baño de Carlitos.'),
(100, 12, '2019-09-30', 'adjust', 307, 1, 0, 1, 0, 1, 0, 1, 0, 306.75, 'Paid', '2019-09-30 12:00:01', '2019-10-11 13:31:44', '2019-10-11', 0.00, 205, 'Baños de Ricardo.'),
(101, 12, '2019-09-30', 'adjust', 414, 1, 0, 1, 0, 1, 0, 1, 0, 414.00, 'Paid', '2019-09-30 12:00:46', '2019-10-11 13:31:44', '2019-10-11', 0.00, 211, 'Cosina de Robe.'),
(102, 12, '2019-10-11', 'adjust', 296, 1, 0, 1, 0, 1, 0, 1, 0, 295.50, 'Paid', '2019-10-11 13:34:50', '2019-10-11 13:39:33', '2019-10-11', 0.00, NULL, 'Fabricacion de los baños y el loundry de rene callo del 385.'),
(103, 12, '2019-10-11', 'adjust', 541, 1, 0, 1, 0, 1, 0, 1, 0, 540.75, 'Paid', '2019-10-11 13:36:11', '2019-10-11 13:39:33', '2019-10-11', 0.00, 155, 'cosina fernando pallares.'),
(104, 12, '2019-10-11', 'adjust', 602, 1, 0, 1, 0, 1, 0, 1, 0, 601.75, 'Paid', '2019-10-11 13:37:37', '2019-10-11 13:39:33', '2019-10-11', 0.00, 212, 'cosina de karla'),
(105, 11, '2019-10-11', 'adjust', 0, 1, 0, 1, 71, 11, 0, 1, 0, 777.70, 'Paid', '2019-10-11 13:50:06', '2019-10-11 14:46:48', '2019-10-11', 1.00, NULL, 'fabricacion de los closets de kabco.'),
(106, 11, '2019-10-11', 'adjust', 0, 1, 0, 1, 19, 11, 0, 1, 0, 206.25, 'Paid', '2019-10-11 13:53:26', '2019-10-11 14:46:48', '2019-10-11', 1.00, 215, 'closet de eduardo vega.'),
(107, 11, '2019-10-11', 'adjust', 0, 1, 0, 1, 7, 11, 0, 1, 0, 80.30, 'Paid', '2019-10-11 13:56:00', '2019-10-11 14:46:48', '2019-10-11', 1.00, NULL, 'Gabetero de 21 diosvany 11 de los callos y dos de 27.25 de diosvany.'),
(108, 11, '2019-10-11', 'adjust', 0, 1, 0, 1, 0, 1, 47, 1, 0, 46.70, 'Paid', '2019-10-11 13:58:58', '2019-10-11 14:46:48', '2019-10-11', 1.00, 155, 'puertas antrasita de fernando pallares.'),
(109, 11, '2019-10-11', 'adjust', 0, 1, 0, 1, 0, 1, 90, 1, 0, 90.00, 'Paid', '2019-10-11 14:02:35', '2019-10-11 14:46:48', '2019-10-11', 1.00, 205, 'puertas de los baños de ricardo.'),
(110, 11, '2019-10-14', 'adjust', 73, 1, 0, 1, 0, 1, 27, 1, 0, 100.00, 'Paid', '2019-10-11 14:47:48', '2019-10-30 22:04:58', '2019-10-30', 1.00, NULL, 'LETICIA.'),
(111, 10, '2019-10-18', 'adjust', 0, 1, 3, 1, 0, 1, 0, 1, 0, 3.00, 'UnPaid', '2019-10-18 15:24:07', '2019-10-18 15:24:07', NULL, 13.00, NULL, 'sinks'),
(112, 12, '2019-10-22', 'adjust', 76, 1, 0, 1, 0, 1, 0, 1, 0, 76.00, 'Paid', '2019-10-22 14:06:08', '2019-10-22 14:17:52', '2019-10-22', 0.00, 158, 'bar de rene'),
(113, 12, '2019-10-22', 'adjust', 585, 1, 0, 1, 0, 1, 0, 1, 0, 585.25, 'Paid', '2019-10-22 14:11:31', '2019-10-22 14:17:52', '2019-10-22', 0.00, NULL, 'cosina de andro 10/22/2019 (wengle).'),
(114, 12, '2019-10-22', 'adjust', 514, 1, 0, 1, 0, 1, 0, 1, 0, 514.00, 'Paid', '2019-10-22 14:17:01', '2019-10-22 14:17:52', '2019-10-22', 0.00, 194, 'cosina jorje electricista.'),
(115, 11, '2019-10-22', 'adjust', 0, 1, 0, 1, 0, 1, 53, 1, 0, 52.50, 'Paid', '2019-10-22 14:38:28', '2019-10-30 22:04:58', '2019-10-30', 1.00, 212, 'finish panel y paneles de las luces de karla.'),
(116, 11, '2019-10-22', 'adjust', 0, 1, 0, 1, 45, 11, 0, 1, 0, 490.60, 'Paid', '2019-10-22 14:51:37', '2019-10-30 22:04:58', '2019-10-30', 1.00, 210, 'closets alicia.'),
(117, 11, '2019-10-31', 'adjust', 112, 1, 0, 1, 0, 1, 31, 1, 0, 142.50, 'Paid', '2019-10-30 21:54:39', '2019-10-30 22:04:58', '2019-10-30', 1.00, NULL, NULL),
(118, 11, '2019-10-31', 'adjust', 31, 1, 0, 1, 0, 1, 0, 1, 0, 31.00, 'Paid', '2019-10-30 21:55:29', '2019-10-30 22:04:58', '2019-10-30', 1.00, NULL, 'baño'),
(119, 11, '2019-10-31', 'adjust', 0, 1, 0, 1, 5, 11, 0, 1, 0, 55.00, 'Paid', '2019-10-30 22:00:05', '2019-10-30 22:04:58', '2019-10-30', 1.00, 215, 'closet'),
(120, 11, '2019-10-31', 'adjust', 337, 1, 0, 1, 0, 1, 0, 1, 0, 337.00, 'Paid', '2019-10-30 22:03:22', '2019-10-30 22:04:58', '2019-10-30', 1.00, 222, 'cosina del hijo'),
(121, 13, '2021-02-07', 'hours', 0, 1, 0, 1, 0, 1, 0, 1, 9, 108.00, 'UnPaid', '2021-02-12 03:36:00', '2021-02-12 03:36:00', NULL, 12.00, NULL, NULL),
(122, 13, '2021-02-08', 'hours', 0, 1, 0, 1, 0, 1, 0, 1, 10, 120.00, 'UnPaid', '2021-02-12 03:40:00', '2021-02-12 03:40:00', NULL, 12.00, NULL, NULL),
(123, 13, '2021-02-09', 'hours', 0, 1, 0, 1, 0, 1, 0, 1, 10, 120.00, 'UnPaid', '2021-02-12 03:41:02', '2021-02-12 03:41:02', NULL, 12.00, NULL, NULL),
(124, 13, '2021-02-10', 'hours', 0, 1, 0, 1, 0, 1, 0, 1, 10, 120.00, 'UnPaid', '2021-02-12 03:41:38', '2021-02-12 03:46:41', NULL, 12.00, NULL, NULL),
(125, 13, '2021-02-11', 'hours', 0, 1, 0, 1, 0, 1, 0, 1, 10, 120.00, 'UnPaid', '2021-02-12 03:43:59', '2021-02-12 03:46:29', NULL, 12.00, NULL, NULL),
(126, 13, '2021-09-18', 'adjust', 900, 1, 0, 1, 0, 1, 0, 1, 0, 900.00, 'UnPaid', '2021-09-20 00:29:48', '2021-09-20 00:32:47', NULL, 12.00, NULL, 'Septiembre Semana (13-18 )'),
(127, 12, '2021-09-18', 'adjust', 1084, 1, 694, 0.5, 0, 1, 0, 1, 0, 1431.00, 'UnPaid', '2021-09-20 00:36:14', '2021-09-20 00:36:14', NULL, 0.00, NULL, NULL),
(128, 13, '2022-06-06', 'hours', 0, 1, 0, 1, 0, 1, 0, 1, 10, 114.96, 'UnPaid', '2022-06-20 00:25:28', '2022-06-20 00:25:28', NULL, 12.00, NULL, NULL);

--
-- Indexes for dumped tables
--

--
-- Indexes for table `clients`
--
ALTER TABLE `clients`
  ADD PRIMARY KEY (`id`),
  ADD KEY `clients_invoice_id_foreign` (`invoice_id`);

--
-- Indexes for table `clients_o`
--
ALTER TABLE `clients_o`
  ADD PRIMARY KEY (`id`);

--
-- Indexes for table `emails`
--
ALTER TABLE `emails`
  ADD PRIMARY KEY (`id`);

--
-- Indexes for table `events`
--
ALTER TABLE `events`
  ADD PRIMARY KEY (`id`);

--
-- Indexes for table `expenses`
--
ALTER TABLE `expenses`
  ADD PRIMARY KEY (`id`);

--
-- Indexes for table `images`
--
ALTER TABLE `images`
  ADD PRIMARY KEY (`id`);

--
-- Indexes for table `invoices`
--
ALTER TABLE `invoices`
  ADD PRIMARY KEY (`id`);

--
-- Indexes for table `invoice_historys`
--
ALTER TABLE `invoice_historys`
  ADD PRIMARY KEY (`id`);

--
-- Indexes for table `invoice_payments`
--
ALTER TABLE `invoice_payments`
  ADD PRIMARY KEY (`id`),
  ADD KEY `invoice_payments_invoice_id_foreign` (`invoice_id`);

--
-- Indexes for table `invoice_products`
--
ALTER TABLE `invoice_products`
  ADD PRIMARY KEY (`id`),
  ADD KEY `invoice_products_invoice_id_foreign` (`invoice_id`);

--
-- Indexes for table `invoice_services`
--
ALTER TABLE `invoice_services`
  ADD PRIMARY KEY (`id`),
  ADD KEY `invoice_services_invoice_id_foreign` (`invoice_id`);

--
-- Indexes for table `migrations`
--
ALTER TABLE `migrations`
  ADD PRIMARY KEY (`id`);

--
-- Indexes for table `payment_methods`
--
ALTER TABLE `payment_methods`
  ADD PRIMARY KEY (`id`);

--
-- Indexes for table `payment_types`
--
ALTER TABLE `payment_types`
  ADD PRIMARY KEY (`id`);

--
-- Indexes for table `permissions`
--
ALTER TABLE `permissions`
  ADD PRIMARY KEY (`id`),
  ADD UNIQUE KEY `permissions_name_unique` (`name`);

--
-- Indexes for table `permission_role`
--
ALTER TABLE `permission_role`
  ADD PRIMARY KEY (`permission_id`,`role_id`),
  ADD KEY `permission_role_role_id_foreign` (`role_id`);

--
-- Indexes for table `permission_user`
--
ALTER TABLE `permission_user`
  ADD PRIMARY KEY (`user_id`,`permission_id`,`user_type`),
  ADD KEY `permission_user_permission_id_foreign` (`permission_id`);

--
-- Indexes for table `products`
--
ALTER TABLE `products`
  ADD PRIMARY KEY (`id`),
  ADD KEY `products_provider_id_foreign` (`provider_id`);

--
-- Indexes for table `providers`
--
ALTER TABLE `providers`
  ADD PRIMARY KEY (`id`),
  ADD UNIQUE KEY `providers_email_unique` (`email`);

--
-- Indexes for table `provider_bills`
--
ALTER TABLE `provider_bills`
  ADD PRIMARY KEY (`id`),
  ADD KEY `provider_bills_provider_id_foreign` (`provider_id`),
  ADD KEY `provider_bills_payment_methods_id_foreign` (`payment_methods_id`);

--
-- Indexes for table `provider_bills_lines`
--
ALTER TABLE `provider_bills_lines`
  ADD PRIMARY KEY (`id`),
  ADD KEY `provider_bills_lines_provider_bills_id_foreign` (`provider_bills_id`);

--
-- Indexes for table `roles`
--
ALTER TABLE `roles`
  ADD PRIMARY KEY (`id`),
  ADD UNIQUE KEY `roles_name_unique` (`name`);

--
-- Indexes for table `role_user`
--
ALTER TABLE `role_user`
  ADD PRIMARY KEY (`user_id`,`role_id`,`user_type`),
  ADD KEY `role_user_role_id_foreign` (`role_id`);

--
-- Indexes for table `services`
--
ALTER TABLE `services`
  ADD PRIMARY KEY (`id`);

--
-- Indexes for table `settings`
--
ALTER TABLE `settings`
  ADD PRIMARY KEY (`id`),
  ADD UNIQUE KEY `settings_var_unique` (`var`);

--
-- Indexes for table `workers`
--
ALTER TABLE `workers`
  ADD PRIMARY KEY (`id`),
  ADD UNIQUE KEY `workers_email_unique` (`email`),
  ADD KEY `workers_payment_type_id_foreign` (`payment_type_id`);

--
-- Indexes for table `work_reports`
--
ALTER TABLE `work_reports`
  ADD PRIMARY KEY (`id`),
  ADD KEY `work_reports_worker_id_foreign` (`worker_id`);

--
-- AUTO_INCREMENT for dumped tables
--

--
-- AUTO_INCREMENT for table `clients`
--
ALTER TABLE `clients`
  MODIFY `id` int UNSIGNED NOT NULL AUTO_INCREMENT, AUTO_INCREMENT=878;

--
-- AUTO_INCREMENT for table `clients_o`
--
ALTER TABLE `clients_o`
  MODIFY `id` int UNSIGNED NOT NULL AUTO_INCREMENT, AUTO_INCREMENT=477;

--
-- AUTO_INCREMENT for table `emails`
--
ALTER TABLE `emails`
  MODIFY `id` int UNSIGNED NOT NULL AUTO_INCREMENT, AUTO_INCREMENT=376;

--
-- AUTO_INCREMENT for table `events`
--
ALTER TABLE `events`
  MODIFY `id` int UNSIGNED NOT NULL AUTO_INCREMENT, AUTO_INCREMENT=41;

--
-- AUTO_INCREMENT for table `expenses`
--
ALTER TABLE `expenses`
  MODIFY `id` int UNSIGNED NOT NULL AUTO_INCREMENT, AUTO_INCREMENT=28;

--
-- AUTO_INCREMENT for table `images`
--
ALTER TABLE `images`
  MODIFY `id` int UNSIGNED NOT NULL AUTO_INCREMENT, AUTO_INCREMENT=1287;

--
-- AUTO_INCREMENT for table `invoices`
--
ALTER TABLE `invoices`
  MODIFY `id` int UNSIGNED NOT NULL AUTO_INCREMENT, AUTO_INCREMENT=880;

--
-- AUTO_INCREMENT for table `invoice_historys`
--
ALTER TABLE `invoice_historys`
  MODIFY `id` int UNSIGNED NOT NULL AUTO_INCREMENT, AUTO_INCREMENT=2881;

--
-- AUTO_INCREMENT for table `invoice_payments`
--
ALTER TABLE `invoice_payments`
  MODIFY `id` int UNSIGNED NOT NULL AUTO_INCREMENT, AUTO_INCREMENT=1837;

--
-- AUTO_INCREMENT for table `invoice_products`
--
ALTER TABLE `invoice_products`
  MODIFY `id` int UNSIGNED NOT NULL AUTO_INCREMENT, AUTO_INCREMENT=8;

--
-- AUTO_INCREMENT for table `invoice_services`
--
ALTER TABLE `invoice_services`
  MODIFY `id` int UNSIGNED NOT NULL AUTO_INCREMENT, AUTO_INCREMENT=12798;

--
-- AUTO_INCREMENT for table `migrations`
--
ALTER TABLE `migrations`
  MODIFY `id` int UNSIGNED NOT NULL AUTO_INCREMENT, AUTO_INCREMENT=20;

--
-- AUTO_INCREMENT for table `payment_methods`
--
ALTER TABLE `payment_methods`
  MODIFY `id` int UNSIGNED NOT NULL AUTO_INCREMENT, AUTO_INCREMENT=5;

--
-- AUTO_INCREMENT for table `payment_types`
--
ALTER TABLE `payment_types`
  MODIFY `id` int UNSIGNED NOT NULL AUTO_INCREMENT, AUTO_INCREMENT=3;

--
-- AUTO_INCREMENT for table `permissions`
--
ALTER TABLE `permissions`
  MODIFY `id` int UNSIGNED NOT NULL AUTO_INCREMENT;

--
-- AUTO_INCREMENT for table `products`
--
ALTER TABLE `products`
  MODIFY `id` int UNSIGNED NOT NULL AUTO_INCREMENT, AUTO_INCREMENT=46;

--
-- AUTO_INCREMENT for table `providers`
--
ALTER TABLE `providers`
  MODIFY `id` int UNSIGNED NOT NULL AUTO_INCREMENT, AUTO_INCREMENT=17;

--
-- AUTO_INCREMENT for table `provider_bills`
--
ALTER TABLE `provider_bills`
  MODIFY `id` int UNSIGNED NOT NULL AUTO_INCREMENT, AUTO_INCREMENT=263;

--
-- AUTO_INCREMENT for table `provider_bills_lines`
--
ALTER TABLE `provider_bills_lines`
  MODIFY `id` int UNSIGNED NOT NULL AUTO_INCREMENT, AUTO_INCREMENT=743;

--
-- AUTO_INCREMENT for table `roles`
--
ALTER TABLE `roles`
  MODIFY `id` int UNSIGNED NOT NULL AUTO_INCREMENT, AUTO_INCREMENT=4;

--
-- AUTO_INCREMENT for table `services`
--
ALTER TABLE `services`
  MODIFY `id` int UNSIGNED NOT NULL AUTO_INCREMENT, AUTO_INCREMENT=48;

--
-- AUTO_INCREMENT for table `settings`
--
ALTER TABLE `settings`
  MODIFY `id` int UNSIGNED NOT NULL AUTO_INCREMENT, AUTO_INCREMENT=26;

--
-- AUTO_INCREMENT for table `workers`
--
ALTER TABLE `workers`
  MODIFY `id` int UNSIGNED NOT NULL AUTO_INCREMENT, AUTO_INCREMENT=14;

--
-- AUTO_INCREMENT for table `work_reports`
--
ALTER TABLE `work_reports`
  MODIFY `id` int UNSIGNED NOT NULL AUTO_INCREMENT, AUTO_INCREMENT=129;

--
-- Constraints for dumped tables
--

--
-- Constraints for table `clients`
--
ALTER TABLE `clients`
  ADD CONSTRAINT `clients_invoice_id_foreign` FOREIGN KEY (`invoice_id`) REFERENCES `invoices` (`id`) ON DELETE RESTRICT ON UPDATE RESTRICT;

--
-- Constraints for table `invoice_payments`
--
ALTER TABLE `invoice_payments`
  ADD CONSTRAINT `invoice_payments_invoice_id_foreign` FOREIGN KEY (`invoice_id`) REFERENCES `invoices` (`id`) ON DELETE RESTRICT ON UPDATE RESTRICT;

--
-- Constraints for table `invoice_products`
--
ALTER TABLE `invoice_products`
  ADD CONSTRAINT `invoice_products_invoice_id_foreign` FOREIGN KEY (`invoice_id`) REFERENCES `invoices` (`id`) ON DELETE RESTRICT ON UPDATE RESTRICT;

--
-- Constraints for table `invoice_services`
--
ALTER TABLE `invoice_services`
  ADD CONSTRAINT `invoice_services_invoice_id_foreign` FOREIGN KEY (`invoice_id`) REFERENCES `invoices` (`id`) ON DELETE RESTRICT ON UPDATE RESTRICT;

--
-- Constraints for table `products`
--
ALTER TABLE `products`
  ADD CONSTRAINT `products_provider_id_foreign` FOREIGN KEY (`provider_id`) REFERENCES `providers` (`id`) ON DELETE RESTRICT ON UPDATE RESTRICT;

--
-- Constraints for table `provider_bills`
--
ALTER TABLE `provider_bills`
  ADD CONSTRAINT `provider_bills_payment_methods_id_foreign` FOREIGN KEY (`payment_methods_id`) REFERENCES `payment_methods` (`id`) ON DELETE RESTRICT ON UPDATE RESTRICT,
  ADD CONSTRAINT `provider_bills_provider_id_foreign` FOREIGN KEY (`provider_id`) REFERENCES `providers` (`id`) ON DELETE RESTRICT ON UPDATE RESTRICT;

--
-- Constraints for table `provider_bills_lines`
--
ALTER TABLE `provider_bills_lines`
  ADD CONSTRAINT `provider_bills_lines_provider_bills_id_foreign` FOREIGN KEY (`provider_bills_id`) REFERENCES `provider_bills` (`id`) ON DELETE RESTRICT ON UPDATE RESTRICT;

--
-- Constraints for table `workers`
--
ALTER TABLE `workers`
  ADD CONSTRAINT `workers_payment_type_id_foreign` FOREIGN KEY (`payment_type_id`) REFERENCES `payment_types` (`id`) ON DELETE RESTRICT ON UPDATE RESTRICT;

--
-- Constraints for table `work_reports`
--
ALTER TABLE `work_reports`
  ADD CONSTRAINT `work_reports_worker_id_foreign` FOREIGN KEY (`worker_id`) REFERENCES `workers` (`id`) ON DELETE RESTRICT ON UPDATE RESTRICT;
COMMIT;

